-- http://www.phpmyadmin.net
--




--
-- Database: `oc_outline`
--

-- --------------------------------------------------------

--
-- Table structure for table `oc_address`
--

CREATE TABLE `oc_address` (
  `address_id` int(11) NOT NULL,
  `customer_id` int(11) NOT NULL,
  `firstname` varchar(32) NOT NULL,
  `lastname` varchar(32) NOT NULL,
  `company` varchar(40) NOT NULL,
  `address_1` varchar(128) NOT NULL,
  `address_2` varchar(128) NOT NULL,
  `city` varchar(128) NOT NULL,
  `postcode` varchar(10) NOT NULL,
  `country_id` int(11) NOT NULL DEFAULT '0',
  `zone_id` int(11) NOT NULL DEFAULT '0',
  `custom_field` text NOT NULL
) ENGINE=MyISAM DEFAULT CHARSET=utf8;

-- --------------------------------------------------------

--
-- Table structure for table `oc_api`
--

CREATE TABLE `oc_api` (
  `api_id` int(11) NOT NULL,
  `username` varchar(64) NOT NULL,
  `key` text NOT NULL,
  `status` tinyint(1) NOT NULL,
  `date_added` datetime NOT NULL,
  `date_modified` datetime NOT NULL
) ENGINE=MyISAM DEFAULT CHARSET=utf8;

--
-- Dumping data for table `oc_api`
--

INSERT INTO `oc_api` (`api_id`, `username`, `key`, `status`, `date_added`, `date_modified`) VALUES
(1, 'Default', '2MO4q9MfHswsfZffaru1kmLDK82v6rVq4fdU96ddiscC2VHTYgEXpLOavW0xvMzwDGKa10m8oVOciPpYTHxIFUamSZ74qQhrIST3caO2cKL9LEbw3aYvTxsNcPmof8sql4Qs0VqW104OHlsLZ9dWiNt7X9vXJGQKHYcDnxtczpnWiEz57hsCnY3Cjp31P2KNJoatneCEo2EHl9GutCbSRP7J11FWiDiYWOhi9zrsooA1D4H3ZqpS2R1khAFUnchl', 1, '2017-08-09 08:06:18', '2017-08-09 08:06:18'),
(2, 'Default', 'erkAlYyYZgyKxp2r1nayRw3rLXdLSCeljYHh5cG9pLviqXagtjslnbASIoWxiRgCZjasGMxsRskLlVbvfPtIXrTsiBY8QE2Zaw2HYtdCtDGkGn2zogARxrwuH1jtUg4YhSL86tejLnxkFo3YN95UkBfXSvY0r1zCD203qXSyYnlR7tq6OXmfljWmpuZgI1YeRaYigDrsuekK4OJkDf2iaM5BxRRsqxcucN3oX3GYvVdkEbKTGqNd6cyqfmUFN96e', 1, '2017-08-21 09:24:44', '2017-08-21 09:24:44');

-- --------------------------------------------------------

--
-- Table structure for table `oc_api_ip`
--

CREATE TABLE `oc_api_ip` (
  `api_ip_id` int(11) NOT NULL,
  `api_id` int(11) NOT NULL,
  `ip` varchar(40) NOT NULL
) ENGINE=MyISAM DEFAULT CHARSET=utf8;

-- --------------------------------------------------------

--
-- Table structure for table `oc_api_session`
--

CREATE TABLE `oc_api_session` (
  `api_session_id` int(11) NOT NULL,
  `api_id` int(11) NOT NULL,
  `session_id` varchar(32) NOT NULL,
  `ip` varchar(40) NOT NULL,
  `date_added` datetime NOT NULL,
  `date_modified` datetime NOT NULL
) ENGINE=MyISAM DEFAULT CHARSET=utf8;

-- --------------------------------------------------------

--
-- Table structure for table `oc_article`
--

CREATE TABLE `oc_article` (
  `article_id` int(11) NOT NULL,
  `sort_order` int(11) NOT NULL DEFAULT '0',
  `status` tinyint(1) NOT NULL DEFAULT '0',
  `date_added` datetime NOT NULL,
  `date_modified` datetime NOT NULL,
  `image` varchar(255) DEFAULT NULL,
  `author` varchar(100) DEFAULT NULL
) ENGINE=InnoDB DEFAULT CHARSET=utf8;

--
-- Dumping data for table `oc_article`
--

INSERT INTO `oc_article` (`article_id`, `sort_order`, `status`, `date_added`, `date_modified`, `image`, `author`) VALUES
(1, 1, 1, '2017-08-09 14:10:54', '2017-09-05 21:36:19', 'catalog/blog/blog1.jpg', 'Plazathemes'),
(2, 1, 1, '2017-08-09 14:11:00', '2017-09-05 21:36:47', 'catalog/blog/blog2.jpg', 'Plazathemes'),
(3, 1, 1, '2017-08-09 14:11:05', '2017-09-05 21:37:34', 'catalog/blog/blog3.jpg', 'Plazathemes'),
(4, 1, 1, '2017-08-09 14:11:05', '2017-09-05 21:38:22', 'catalog/blog/blog1.jpg', 'Plazathemes');

-- --------------------------------------------------------

--
-- Table structure for table `oc_article_description`
--

CREATE TABLE `oc_article_description` (
  `article_id` int(11) NOT NULL,
  `language_id` int(11) NOT NULL,
  `name` varchar(255) NOT NULL,
  `description` text NOT NULL,
  `intro_text` text NOT NULL,
  `meta_title` varchar(255) NOT NULL,
  `meta_description` varchar(255) NOT NULL,
  `meta_keyword` varchar(255) NOT NULL
) ENGINE=InnoDB DEFAULT CHARSET=utf8;

--
-- Dumping data for table `oc_article_description`
--

INSERT INTO `oc_article_description` (`article_id`, `language_id`, `name`, `description`, `intro_text`, `meta_title`, `meta_description`, `meta_keyword`) VALUES
(1, 1, 'Aypi non habent claritatem  insitam', '&lt;p&gt;&amp;nbsp;&amp;nbsp;&amp;nbsp;&amp;nbsp;Aypi non habent claritatem&amp;nbsp; insitam. Aypi non habent claritatem&amp;nbsp; insitam. Aypi non habent claritatem&amp;nbsp; insitam.Aypi non habent claritatem&amp;nbsp; insitam. Aypi non habent claritatem&amp;nbsp; insitam. Aypi non habent claritatem&amp;nbsp; insitam.Aypi non habent claritatem&amp;nbsp; insitam. Aypi non habent claritatem&amp;nbsp; insitam. Aypi non habent claritatem&amp;nbsp; insitam.Aypi non habent claritatem&amp;nbsp; insitam. Aypi non habent claritatem&amp;nbsp; insitam. Aypi non habent claritatem&amp;nbsp; insitam.Aypi non habent claritatem&amp;nbsp; insitam. Aypi non habent claritatem&amp;nbsp; insitam. Aypi non habent claritatem&amp;nbsp; insitam.&lt;/p&gt;&lt;p&gt;&amp;nbsp;&amp;nbsp;&amp;nbsp;&amp;nbsp;Aypi non habent claritatem&amp;nbsp; insitam. Aypi non habent claritatem&amp;nbsp; insitam. Aypi non habent claritatem&amp;nbsp; insitam.Aypi non habent claritatem&amp;nbsp; insitam. Aypi non habent claritatem&amp;nbsp; insitam. Aypi non habent claritatem&amp;nbsp; insitam.Aypi non habent claritatem&amp;nbsp; insitam. Aypi non habent claritatem&amp;nbsp; insitam. Aypi non habent claritatem&amp;nbsp; insitam.Aypi non habent claritatem&amp;nbsp; insitam. Aypi non habent claritatem&amp;nbsp; insitam. Aypi non habent claritatem&amp;nbsp; insitam.Aypi non habent claritatem&amp;nbsp; insitam. Aypi non habent claritatem&amp;nbsp; insitam. Aypi non habent claritatem&amp;nbsp; insitam.&lt;/p&gt;&lt;p&gt;&amp;nbsp;&amp;nbsp;&amp;nbsp;&amp;nbsp;Aypi non habent claritatem&amp;nbsp; insitam. Aypi non habent claritatem&amp;nbsp; insitam. Aypi non habent claritatem&amp;nbsp; insitam.Aypi non habent claritatem&amp;nbsp; insitam. Aypi non habent claritatem&amp;nbsp; insitam. Aypi non habent claritatem&amp;nbsp; insitam.Aypi non habent claritatem&amp;nbsp; insitam. Aypi non habent claritatem&amp;nbsp; insitam. Aypi non habent claritatem&amp;nbsp; insitam.Aypi non habent claritatem&amp;nbsp; insitam. Aypi non habent claritatem&amp;nbsp; insitam. Aypi non habent claritatem&amp;nbsp; insitam.Aypi non habent claritatem&amp;nbsp; insitam. Aypi non habent claritatem&amp;nbsp; insitam. Aypi non habent claritatem&amp;nbsp; insitam.&lt;br&gt;&lt;/p&gt;', 'Duis autem vel eum iriure dolor in hendrerit in vulputate velit esse molestie consequat, vel illum dolore eu feugiat nulla facilisis.', 'Aypi non habent claritatem  insitam', '', ''),
(1, 2, 'Aypi non habent claritatem  insitam.', '&lt;p&gt;&amp;nbsp;&amp;nbsp;&amp;nbsp;&amp;nbsp;Aypi non habent claritatem&amp;nbsp; insitam. Aypi non habent claritatem&amp;nbsp; insitam. Aypi non habent claritatem&amp;nbsp; insitam.Aypi non habent claritatem&amp;nbsp; insitam. Aypi non habent claritatem&amp;nbsp; insitam. Aypi non habent claritatem&amp;nbsp; insitam.Aypi non habent claritatem&amp;nbsp; insitam. Aypi non habent claritatem&amp;nbsp; insitam. Aypi non habent claritatem&amp;nbsp; insitam.Aypi non habent claritatem&amp;nbsp; insitam. Aypi non habent claritatem&amp;nbsp; insitam. Aypi non habent claritatem&amp;nbsp; insitam.Aypi non habent claritatem&amp;nbsp; insitam. Aypi non habent claritatem&amp;nbsp; insitam. Aypi non habent claritatem&amp;nbsp; insitam.&lt;/p&gt;&lt;p&gt;&amp;nbsp;&amp;nbsp;&amp;nbsp;&amp;nbsp;Aypi non habent claritatem&amp;nbsp; insitam. Aypi non habent claritatem&amp;nbsp; insitam. Aypi non habent claritatem&amp;nbsp; insitam.Aypi non habent claritatem&amp;nbsp; insitam. Aypi non habent claritatem&amp;nbsp; insitam. Aypi non habent claritatem&amp;nbsp; insitam.Aypi non habent claritatem&amp;nbsp; insitam. Aypi non habent claritatem&amp;nbsp; insitam. Aypi non habent claritatem&amp;nbsp; insitam.Aypi non habent claritatem&amp;nbsp; insitam. Aypi non habent claritatem&amp;nbsp; insitam. Aypi non habent claritatem&amp;nbsp; insitam.Aypi non habent claritatem&amp;nbsp; insitam. Aypi non habent claritatem&amp;nbsp; insitam. Aypi non habent claritatem&amp;nbsp; insitam.&lt;/p&gt;&lt;p&gt;&amp;nbsp;&amp;nbsp;&amp;nbsp;&amp;nbsp;Aypi non habent claritatem&amp;nbsp; insitam. Aypi non habent claritatem&amp;nbsp; insitam. Aypi non habent claritatem&amp;nbsp; insitam.Aypi non habent claritatem&amp;nbsp; insitam. Aypi non habent claritatem&amp;nbsp; insitam. Aypi non habent claritatem&amp;nbsp; insitam.Aypi non habent claritatem&amp;nbsp; insitam. Aypi non habent claritatem&amp;nbsp; insitam. Aypi non habent claritatem&amp;nbsp; insitam.Aypi non habent claritatem&amp;nbsp; insitam. Aypi non habent claritatem&amp;nbsp; insitam. Aypi non habent claritatem&amp;nbsp; insitam.Aypi non habent claritatem&amp;nbsp; insitam. Aypi non habent claritatem&amp;nbsp; insitam. Aypi non habent claritatem&amp;nbsp; insitam.&lt;br&gt;&lt;/p&gt;', 'Duis autem vel eum iriure dolor in hendrerit in vulputate velit esse molestie consequat, vel illum dolore eu feugiat nulla facilisis.', 'Aypi non habent claritatem  insitam', '', ''),
(2, 1, 'Bypi non habent claritatem  insitam', '&lt;p&gt;&amp;nbsp;&amp;nbsp;&amp;nbsp;&amp;nbsp;Aypi non habent claritatem&amp;nbsp; insitam. Aypi non habent claritatem&amp;nbsp; insitam. Aypi non habent claritatem&amp;nbsp; insitam.Aypi non habent claritatem&amp;nbsp; insitam. Aypi non habent claritatem&amp;nbsp; insitam. Aypi non habent claritatem&amp;nbsp; insitam.Aypi non habent claritatem&amp;nbsp; insitam. Aypi non habent claritatem&amp;nbsp; insitam. Aypi non habent claritatem&amp;nbsp; insitam.Aypi non habent claritatem&amp;nbsp; insitam. Aypi non habent claritatem&amp;nbsp; insitam. Aypi non habent claritatem&amp;nbsp; insitam.Aypi non habent claritatem&amp;nbsp; insitam. Aypi non habent claritatem&amp;nbsp; insitam. Aypi non habent claritatem&amp;nbsp; insitam.&lt;/p&gt;&lt;p&gt;&amp;nbsp;&amp;nbsp;&amp;nbsp;&amp;nbsp;Aypi non habent claritatem&amp;nbsp; insitam. Aypi non habent claritatem&amp;nbsp; insitam. Aypi non habent claritatem&amp;nbsp; insitam.Aypi non habent claritatem&amp;nbsp; insitam. Aypi non habent claritatem&amp;nbsp; insitam. Aypi non habent claritatem&amp;nbsp; insitam.Aypi non habent claritatem&amp;nbsp; insitam. Aypi non habent claritatem&amp;nbsp; insitam. Aypi non habent claritatem&amp;nbsp; insitam.Aypi non habent claritatem&amp;nbsp; insitam. Aypi non habent claritatem&amp;nbsp; insitam. Aypi non habent claritatem&amp;nbsp; insitam.Aypi non habent claritatem&amp;nbsp; insitam. Aypi non habent claritatem&amp;nbsp; insitam. Aypi non habent claritatem&amp;nbsp; insitam.&lt;/p&gt;&lt;p&gt;&amp;nbsp;&amp;nbsp;&amp;nbsp;&amp;nbsp;Aypi non habent claritatem&amp;nbsp; insitam. Aypi non habent claritatem&amp;nbsp; insitam. Aypi non habent claritatem&amp;nbsp; insitam.Aypi non habent claritatem&amp;nbsp; insitam. Aypi non habent claritatem&amp;nbsp; insitam. Aypi non habent claritatem&amp;nbsp; insitam.Aypi non habent claritatem&amp;nbsp; insitam. Aypi non habent claritatem&amp;nbsp; insitam. Aypi non habent claritatem&amp;nbsp; insitam.Aypi non habent claritatem&amp;nbsp; insitam. Aypi non habent claritatem&amp;nbsp; insitam. Aypi non habent claritatem&amp;nbsp; insitam.Aypi non habent claritatem&amp;nbsp; insitam. Aypi non habent claritatem&amp;nbsp; insitam. Aypi non habent claritatem&amp;nbsp; insitam.&lt;br&gt;&lt;/p&gt;', 'Duis autem vel eum iriure dolor in hendrerit in vulputate velit esse molestie consequat, vel illum dolore eu feugiat nulla facilisis.', 'Bypi non habent claritatem  insitam', '', ''),
(2, 2, 'Bypi non habent claritatem  insitam.', '&lt;p&gt;&amp;nbsp;&amp;nbsp;&amp;nbsp;&amp;nbsp;Aypi non habent claritatem&amp;nbsp; insitam. Aypi non habent claritatem&amp;nbsp; insitam. Aypi non habent claritatem&amp;nbsp; insitam.Aypi non habent claritatem&amp;nbsp; insitam. Aypi non habent claritatem&amp;nbsp; insitam. Aypi non habent claritatem&amp;nbsp; insitam.Aypi non habent claritatem&amp;nbsp; insitam. Aypi non habent claritatem&amp;nbsp; insitam. Aypi non habent claritatem&amp;nbsp; insitam.Aypi non habent claritatem&amp;nbsp; insitam. Aypi non habent claritatem&amp;nbsp; insitam. Aypi non habent claritatem&amp;nbsp; insitam.Aypi non habent claritatem&amp;nbsp; insitam. Aypi non habent claritatem&amp;nbsp; insitam. Aypi non habent claritatem&amp;nbsp; insitam.&lt;/p&gt;&lt;p&gt;&amp;nbsp;&amp;nbsp;&amp;nbsp;&amp;nbsp;Aypi non habent claritatem&amp;nbsp; insitam. Aypi non habent claritatem&amp;nbsp; insitam. Aypi non habent claritatem&amp;nbsp; insitam.Aypi non habent claritatem&amp;nbsp; insitam. Aypi non habent claritatem&amp;nbsp; insitam. Aypi non habent claritatem&amp;nbsp; insitam.Aypi non habent claritatem&amp;nbsp; insitam. Aypi non habent claritatem&amp;nbsp; insitam. Aypi non habent claritatem&amp;nbsp; insitam.Aypi non habent claritatem&amp;nbsp; insitam. Aypi non habent claritatem&amp;nbsp; insitam. Aypi non habent claritatem&amp;nbsp; insitam.Aypi non habent claritatem&amp;nbsp; insitam. Aypi non habent claritatem&amp;nbsp; insitam. Aypi non habent claritatem&amp;nbsp; insitam.&lt;/p&gt;&lt;p&gt;&amp;nbsp;&amp;nbsp;&amp;nbsp;&amp;nbsp;Aypi non habent claritatem&amp;nbsp; insitam. Aypi non habent claritatem&amp;nbsp; insitam. Aypi non habent claritatem&amp;nbsp; insitam.Aypi non habent claritatem&amp;nbsp; insitam. Aypi non habent claritatem&amp;nbsp; insitam. Aypi non habent claritatem&amp;nbsp; insitam.Aypi non habent claritatem&amp;nbsp; insitam. Aypi non habent claritatem&amp;nbsp; insitam. Aypi non habent claritatem&amp;nbsp; insitam.Aypi non habent claritatem&amp;nbsp; insitam. Aypi non habent claritatem&amp;nbsp; insitam. Aypi non habent claritatem&amp;nbsp; insitam.Aypi non habent claritatem&amp;nbsp; insitam. Aypi non habent claritatem&amp;nbsp; insitam. Aypi non habent claritatem&amp;nbsp; insitam.&lt;br&gt;&lt;/p&gt;', 'Duis autem vel eum iriure dolor in hendrerit in vulputate velit esse molestie consequat, vel illum dolore eu feugiat nulla facilisis.', 'Bypi non habent claritatem  insitam', '', ''),
(3, 1, 'Cypi non habent claritatem  insitam', '&lt;p&gt;&amp;nbsp;&amp;nbsp;&amp;nbsp;&amp;nbsp;Aypi non habent claritatem&amp;nbsp; insitam. Aypi non habent claritatem&amp;nbsp; insitam. Aypi non habent claritatem&amp;nbsp; insitam.Aypi non habent claritatem&amp;nbsp; insitam. Aypi non habent claritatem&amp;nbsp; insitam. Aypi non habent claritatem&amp;nbsp; insitam.Aypi non habent claritatem&amp;nbsp; insitam. Aypi non habent claritatem&amp;nbsp; insitam. Aypi non habent claritatem&amp;nbsp; insitam.Aypi non habent claritatem&amp;nbsp; insitam. Aypi non habent claritatem&amp;nbsp; insitam. Aypi non habent claritatem&amp;nbsp; insitam.Aypi non habent claritatem&amp;nbsp; insitam. Aypi non habent claritatem&amp;nbsp; insitam. Aypi non habent claritatem&amp;nbsp; insitam.&lt;/p&gt;&lt;p&gt;&amp;nbsp;&amp;nbsp;&amp;nbsp;&amp;nbsp;Aypi non habent claritatem&amp;nbsp; insitam. Aypi non habent claritatem&amp;nbsp; insitam. Aypi non habent claritatem&amp;nbsp; insitam.Aypi non habent claritatem&amp;nbsp; insitam. Aypi non habent claritatem&amp;nbsp; insitam. Aypi non habent claritatem&amp;nbsp; insitam.Aypi non habent claritatem&amp;nbsp; insitam. Aypi non habent claritatem&amp;nbsp; insitam. Aypi non habent claritatem&amp;nbsp; insitam.Aypi non habent claritatem&amp;nbsp; insitam. Aypi non habent claritatem&amp;nbsp; insitam. Aypi non habent claritatem&amp;nbsp; insitam.Aypi non habent claritatem&amp;nbsp; insitam. Aypi non habent claritatem&amp;nbsp; insitam. Aypi non habent claritatem&amp;nbsp; insitam.&lt;/p&gt;&lt;p&gt;&amp;nbsp;&amp;nbsp;&amp;nbsp;&amp;nbsp;Aypi non habent claritatem&amp;nbsp; insitam. Aypi non habent claritatem&amp;nbsp; insitam. Aypi non habent claritatem&amp;nbsp; insitam.Aypi non habent claritatem&amp;nbsp; insitam. Aypi non habent claritatem&amp;nbsp; insitam. Aypi non habent claritatem&amp;nbsp; insitam.Aypi non habent claritatem&amp;nbsp; insitam. Aypi non habent claritatem&amp;nbsp; insitam. Aypi non habent claritatem&amp;nbsp; insitam.Aypi non habent claritatem&amp;nbsp; insitam. Aypi non habent claritatem&amp;nbsp; insitam. Aypi non habent claritatem&amp;nbsp; insitam.Aypi non habent claritatem&amp;nbsp; insitam. Aypi non habent claritatem&amp;nbsp; insitam. Aypi non habent claritatem&amp;nbsp; insitam.&lt;br&gt;&lt;/p&gt;', 'Duis autem vel eum iriure dolor in hendrerit in vulputate velit esse molestie consequat, vel illum dolore eu feugiat nulla facilisis.', 'Cypi non habent claritatem  insitam', '', ''),
(3, 2, 'Cypi non habent claritatem  insitam', '&lt;p&gt;&amp;nbsp;&amp;nbsp;&amp;nbsp;&amp;nbsp;Aypi non habent claritatem&amp;nbsp; insitam. Aypi non habent claritatem&amp;nbsp; insitam. Aypi non habent claritatem&amp;nbsp; insitam.Aypi non habent claritatem&amp;nbsp; insitam. Aypi non habent claritatem&amp;nbsp; insitam. Aypi non habent claritatem&amp;nbsp; insitam.Aypi non habent claritatem&amp;nbsp; insitam. Aypi non habent claritatem&amp;nbsp; insitam. Aypi non habent claritatem&amp;nbsp; insitam.Aypi non habent claritatem&amp;nbsp; insitam. Aypi non habent claritatem&amp;nbsp; insitam. Aypi non habent claritatem&amp;nbsp; insitam.Aypi non habent claritatem&amp;nbsp; insitam. Aypi non habent claritatem&amp;nbsp; insitam. Aypi non habent claritatem&amp;nbsp; insitam.&lt;/p&gt;&lt;p&gt;&amp;nbsp;&amp;nbsp;&amp;nbsp;&amp;nbsp;Aypi non habent claritatem&amp;nbsp; insitam. Aypi non habent claritatem&amp;nbsp; insitam. Aypi non habent claritatem&amp;nbsp; insitam.Aypi non habent claritatem&amp;nbsp; insitam. Aypi non habent claritatem&amp;nbsp; insitam. Aypi non habent claritatem&amp;nbsp; insitam.Aypi non habent claritatem&amp;nbsp; insitam. Aypi non habent claritatem&amp;nbsp; insitam. Aypi non habent claritatem&amp;nbsp; insitam.Aypi non habent claritatem&amp;nbsp; insitam. Aypi non habent claritatem&amp;nbsp; insitam. Aypi non habent claritatem&amp;nbsp; insitam.Aypi non habent claritatem&amp;nbsp; insitam. Aypi non habent claritatem&amp;nbsp; insitam. Aypi non habent claritatem&amp;nbsp; insitam.&lt;/p&gt;&lt;p&gt;&amp;nbsp;&amp;nbsp;&amp;nbsp;&amp;nbsp;Aypi non habent claritatem&amp;nbsp; insitam. Aypi non habent claritatem&amp;nbsp; insitam. Aypi non habent claritatem&amp;nbsp; insitam.Aypi non habent claritatem&amp;nbsp; insitam. Aypi non habent claritatem&amp;nbsp; insitam. Aypi non habent claritatem&amp;nbsp; insitam.Aypi non habent claritatem&amp;nbsp; insitam. Aypi non habent claritatem&amp;nbsp; insitam. Aypi non habent claritatem&amp;nbsp; insitam.Aypi non habent claritatem&amp;nbsp; insitam. Aypi non habent claritatem&amp;nbsp; insitam. Aypi non habent claritatem&amp;nbsp; insitam.Aypi non habent claritatem&amp;nbsp; insitam. Aypi non habent claritatem&amp;nbsp; insitam. Aypi non habent claritatem&amp;nbsp; insitam.&lt;br&gt;&lt;/p&gt;', 'Duis autem vel eum iriure dolor in hendrerit in vulputate velit esse molestie consequat, vel illum dolore eu feugiat nulla facilisis.', 'Cypi non habent claritatem  insitam', '', ''),
(4, 1, 'Dypi non habent claritatem  insitam', '&lt;p&gt;&amp;nbsp;&amp;nbsp;&amp;nbsp;&amp;nbsp;Aypi non habent claritatem&amp;nbsp; insitam. Aypi non habent claritatem&amp;nbsp; insitam. Aypi non habent claritatem&amp;nbsp; insitam.Aypi non habent claritatem&amp;nbsp; insitam. Aypi non habent claritatem&amp;nbsp; insitam. Aypi non habent claritatem&amp;nbsp; insitam.Aypi non habent claritatem&amp;nbsp; insitam. Aypi non habent claritatem&amp;nbsp; insitam. Aypi non habent claritatem&amp;nbsp; insitam.Aypi non habent claritatem&amp;nbsp; insitam. Aypi non habent claritatem&amp;nbsp; insitam. Aypi non habent claritatem&amp;nbsp; insitam.Aypi non habent claritatem&amp;nbsp; insitam. Aypi non habent claritatem&amp;nbsp; insitam. Aypi non habent claritatem&amp;nbsp; insitam.&lt;/p&gt;&lt;p&gt;&amp;nbsp;&amp;nbsp;&amp;nbsp;&amp;nbsp;Aypi non habent claritatem&amp;nbsp; insitam. Aypi non habent claritatem&amp;nbsp; insitam. Aypi non habent claritatem&amp;nbsp; insitam.Aypi non habent claritatem&amp;nbsp; insitam. Aypi non habent claritatem&amp;nbsp; insitam. Aypi non habent claritatem&amp;nbsp; insitam.Aypi non habent claritatem&amp;nbsp; insitam. Aypi non habent claritatem&amp;nbsp; insitam. Aypi non habent claritatem&amp;nbsp; insitam.Aypi non habent claritatem&amp;nbsp; insitam. Aypi non habent claritatem&amp;nbsp; insitam. Aypi non habent claritatem&amp;nbsp; insitam.Aypi non habent claritatem&amp;nbsp; insitam. Aypi non habent claritatem&amp;nbsp; insitam. Aypi non habent claritatem&amp;nbsp; insitam.&lt;/p&gt;&lt;p&gt;&amp;nbsp;&amp;nbsp;&amp;nbsp;&amp;nbsp;Aypi non habent claritatem&amp;nbsp; insitam. Aypi non habent claritatem&amp;nbsp; insitam. Aypi non habent claritatem&amp;nbsp; insitam.Aypi non habent claritatem&amp;nbsp; insitam. Aypi non habent claritatem&amp;nbsp; insitam. Aypi non habent claritatem&amp;nbsp; insitam.Aypi non habent claritatem&amp;nbsp; insitam. Aypi non habent claritatem&amp;nbsp; insitam. Aypi non habent claritatem&amp;nbsp; insitam.Aypi non habent claritatem&amp;nbsp; insitam. Aypi non habent claritatem&amp;nbsp; insitam. Aypi non habent claritatem&amp;nbsp; insitam.Aypi non habent claritatem&amp;nbsp; insitam. Aypi non habent claritatem&amp;nbsp; insitam. Aypi non habent claritatem&amp;nbsp; insitam.&lt;br&gt;&lt;/p&gt;', 'Duis autem vel eum iriure dolor in hendrerit in vulputate velit esse molestie consequat, vel illum dolore eu feugiat nulla facilisis.', 'Dypi non habent claritatem  insitam', '', ''),
(4, 2, 'Dypi non habent claritatem  insitam', '&lt;p&gt;&amp;nbsp;&amp;nbsp;&amp;nbsp;&amp;nbsp;Aypi non habent claritatem&amp;nbsp; insitam. Aypi non habent claritatem&amp;nbsp; insitam. Aypi non habent claritatem&amp;nbsp; insitam.Aypi non habent claritatem&amp;nbsp; insitam. Aypi non habent claritatem&amp;nbsp; insitam. Aypi non habent claritatem&amp;nbsp; insitam.Aypi non habent claritatem&amp;nbsp; insitam. Aypi non habent claritatem&amp;nbsp; insitam. Aypi non habent claritatem&amp;nbsp; insitam.Aypi non habent claritatem&amp;nbsp; insitam. Aypi non habent claritatem&amp;nbsp; insitam. Aypi non habent claritatem&amp;nbsp; insitam.Aypi non habent claritatem&amp;nbsp; insitam. Aypi non habent claritatem&amp;nbsp; insitam. Aypi non habent claritatem&amp;nbsp; insitam.&lt;/p&gt;&lt;p&gt;&amp;nbsp;&amp;nbsp;&amp;nbsp;&amp;nbsp;Aypi non habent claritatem&amp;nbsp; insitam. Aypi non habent claritatem&amp;nbsp; insitam. Aypi non habent claritatem&amp;nbsp; insitam.Aypi non habent claritatem&amp;nbsp; insitam. Aypi non habent claritatem&amp;nbsp; insitam. Aypi non habent claritatem&amp;nbsp; insitam.Aypi non habent claritatem&amp;nbsp; insitam. Aypi non habent claritatem&amp;nbsp; insitam. Aypi non habent claritatem&amp;nbsp; insitam.Aypi non habent claritatem&amp;nbsp; insitam. Aypi non habent claritatem&amp;nbsp; insitam. Aypi non habent claritatem&amp;nbsp; insitam.Aypi non habent claritatem&amp;nbsp; insitam. Aypi non habent claritatem&amp;nbsp; insitam. Aypi non habent claritatem&amp;nbsp; insitam.&lt;/p&gt;&lt;p&gt;&amp;nbsp;&amp;nbsp;&amp;nbsp;&amp;nbsp;Aypi non habent claritatem&amp;nbsp; insitam. Aypi non habent claritatem&amp;nbsp; insitam. Aypi non habent claritatem&amp;nbsp; insitam.Aypi non habent claritatem&amp;nbsp; insitam. Aypi non habent claritatem&amp;nbsp; insitam. Aypi non habent claritatem&amp;nbsp; insitam.Aypi non habent claritatem&amp;nbsp; insitam. Aypi non habent claritatem&amp;nbsp; insitam. Aypi non habent claritatem&amp;nbsp; insitam.Aypi non habent claritatem&amp;nbsp; insitam. Aypi non habent claritatem&amp;nbsp; insitam. Aypi non habent claritatem&amp;nbsp; insitam.Aypi non habent claritatem&amp;nbsp; insitam. Aypi non habent claritatem&amp;nbsp; insitam. Aypi non habent claritatem&amp;nbsp; insitam.&lt;br&gt;&lt;/p&gt;', 'Duis autem vel eum iriure dolor in hendrerit in vulputate velit esse molestie consequat, vel illum dolore eu feugiat nulla facilisis.', 'Dypi non habent claritatem  insitam', '', '');

-- --------------------------------------------------------

--
-- Table structure for table `oc_article_list`
--

CREATE TABLE `oc_article_list` (
  `article_list_id` int(11) NOT NULL,
  `name` varchar(255) NOT NULL,
  `status` tinyint(1) NOT NULL DEFAULT '0'
) ENGINE=InnoDB DEFAULT CHARSET=utf8;

--
-- Dumping data for table `oc_article_list`
--

INSERT INTO `oc_article_list` (`article_list_id`, `name`, `status`) VALUES
(1, 'Blog', 1);

-- --------------------------------------------------------

--
-- Table structure for table `oc_article_to_list`
--

CREATE TABLE `oc_article_to_list` (
  `article_list_id` int(11) NOT NULL,
  `article_id` int(11) NOT NULL
) ENGINE=InnoDB DEFAULT CHARSET=utf8;

--
-- Dumping data for table `oc_article_to_list`
--

INSERT INTO `oc_article_to_list` (`article_list_id`, `article_id`) VALUES
(1, 1),
(1, 2),
(1, 3),
(1, 4);

-- --------------------------------------------------------

--
-- Table structure for table `oc_article_to_store`
--

CREATE TABLE `oc_article_to_store` (
  `article_id` int(11) NOT NULL,
  `store_id` int(11) NOT NULL
) ENGINE=InnoDB DEFAULT CHARSET=utf8;

--
-- Dumping data for table `oc_article_to_store`
--

INSERT INTO `oc_article_to_store` (`article_id`, `store_id`) VALUES
(1, 0),
(1, 5),
(1, 1),
(1, 2),
(1, 3),
(1, 4),
(2, 0),
(2, 5),
(2, 1),
(2, 2),
(2, 3),
(2, 4),
(3, 0),
(3, 5),
(3, 1),
(3, 2),
(3, 3),
(3, 4),
(4, 0),
(4, 5),
(4, 1),
(4, 2),
(4, 3),
(4, 4);

-- --------------------------------------------------------

--
-- Table structure for table `oc_attribute`
--

CREATE TABLE `oc_attribute` (
  `attribute_id` int(11) NOT NULL,
  `attribute_group_id` int(11) NOT NULL,
  `sort_order` int(3) NOT NULL
) ENGINE=MyISAM DEFAULT CHARSET=utf8;

--
-- Dumping data for table `oc_attribute`
--

INSERT INTO `oc_attribute` (`attribute_id`, `attribute_group_id`, `sort_order`) VALUES
(1, 6, 1),
(2, 6, 5),
(3, 6, 3),
(4, 3, 1),
(5, 3, 2),
(6, 3, 3),
(7, 3, 4),
(8, 3, 5),
(9, 3, 6),
(10, 3, 7),
(11, 3, 8);

-- --------------------------------------------------------

--
-- Table structure for table `oc_attribute_description`
--

CREATE TABLE `oc_attribute_description` (
  `attribute_id` int(11) NOT NULL,
  `language_id` int(11) NOT NULL,
  `name` varchar(64) NOT NULL
) ENGINE=MyISAM DEFAULT CHARSET=utf8;

--
-- Dumping data for table `oc_attribute_description`
--

INSERT INTO `oc_attribute_description` (`attribute_id`, `language_id`, `name`) VALUES
(1, 1, 'Description'),
(2, 1, 'No. of Cores'),
(4, 1, 'test 1'),
(5, 1, 'test 2'),
(6, 1, 'test 3'),
(7, 1, 'test 4'),
(8, 1, 'test 5'),
(9, 1, 'test 6'),
(10, 1, 'test 7'),
(11, 1, 'test 8'),
(3, 1, 'Clockspeed'),
(1, 2, 'Description'),
(2, 2, 'No. of Cores'),
(4, 2, 'test 1'),
(5, 2, 'test 2'),
(6, 2, 'test 3'),
(7, 2, 'test 4'),
(8, 2, 'test 5'),
(9, 2, 'test 6'),
(10, 2, 'test 7'),
(11, 2, 'test 8'),
(3, 2, 'Clockspeed');

-- --------------------------------------------------------

--
-- Table structure for table `oc_attribute_group`
--

CREATE TABLE `oc_attribute_group` (
  `attribute_group_id` int(11) NOT NULL,
  `sort_order` int(3) NOT NULL
) ENGINE=MyISAM DEFAULT CHARSET=utf8;

--
-- Dumping data for table `oc_attribute_group`
--

INSERT INTO `oc_attribute_group` (`attribute_group_id`, `sort_order`) VALUES
(3, 2),
(4, 1),
(5, 3),
(6, 4);

-- --------------------------------------------------------

--
-- Table structure for table `oc_attribute_group_description`
--

CREATE TABLE `oc_attribute_group_description` (
  `attribute_group_id` int(11) NOT NULL,
  `language_id` int(11) NOT NULL,
  `name` varchar(64) NOT NULL
) ENGINE=MyISAM DEFAULT CHARSET=utf8;

--
-- Dumping data for table `oc_attribute_group_description`
--

INSERT INTO `oc_attribute_group_description` (`attribute_group_id`, `language_id`, `name`) VALUES
(3, 1, 'Memory'),
(4, 1, 'Technical'),
(5, 1, 'Motherboard'),
(6, 1, 'Processor'),
(3, 2, 'Memory'),
(4, 2, 'Technical'),
(5, 2, 'Motherboard'),
(6, 2, 'Processor');

-- --------------------------------------------------------

--
-- Table structure for table `oc_banner`
--

CREATE TABLE `oc_banner` (
  `banner_id` int(11) NOT NULL,
  `name` varchar(64) NOT NULL,
  `status` tinyint(1) NOT NULL
) ENGINE=MyISAM DEFAULT CHARSET=utf8;

--
-- Dumping data for table `oc_banner`
--

INSERT INTO `oc_banner` (`banner_id`, `name`, `status`) VALUES
(6, 'HP Products', 1),
(7, 'Home Page Slideshow', 1),
(8, 'Manufacturers', 1),
(9, 'Brand Slider', 1),
(10, 'Brand Slider2', 1);

-- --------------------------------------------------------

--
-- Table structure for table `oc_banner_image`
--

CREATE TABLE `oc_banner_image` (
  `banner_image_id` int(11) NOT NULL,
  `banner_id` int(11) NOT NULL,
  `language_id` int(11) NOT NULL,
  `title` varchar(64) NOT NULL,
  `link` varchar(255) NOT NULL,
  `image` varchar(255) NOT NULL,
  `sort_order` int(3) NOT NULL DEFAULT '0'
) ENGINE=MyISAM DEFAULT CHARSET=utf8;

--
-- Dumping data for table `oc_banner_image`
--

INSERT INTO `oc_banner_image` (`banner_image_id`, `banner_id`, `language_id`, `title`, `link`, `image`, `sort_order`) VALUES
(79, 7, 1, 'iPhone 6', 'index.php?route=product/product&amp;path=57&amp;product_id=49', 'catalog/demo/banners/iPhone6.jpg', 0),
(87, 6, 1, 'HP Banner', 'index.php?route=product/manufacturer/info&amp;manufacturer_id=7', 'catalog/demo/compaq_presario.jpg', 0),
(94, 8, 1, 'NFL', '', 'catalog/demo/manufacturer/nfl.png', 0),
(95, 8, 1, 'RedBull', '', 'catalog/demo/manufacturer/redbull.png', 0),
(96, 8, 1, 'Sony', '', 'catalog/demo/manufacturer/sony.png', 0),
(91, 8, 1, 'Coca Cola', '', 'catalog/demo/manufacturer/cocacola.png', 0),
(92, 8, 1, 'Burger King', '', 'catalog/demo/manufacturer/burgerking.png', 0),
(93, 8, 1, 'Canon', '', 'catalog/demo/manufacturer/canon.png', 0),
(88, 8, 1, 'Harley Davidson', '', 'catalog/demo/manufacturer/harley.png', 0),
(89, 8, 1, 'Dell', '', 'catalog/demo/manufacturer/dell.png', 0),
(90, 8, 1, 'Disney', '', 'catalog/demo/manufacturer/disney.png', 0),
(80, 7, 1, 'MacBookAir', '', 'catalog/demo/banners/MacBookAir.jpg', 0),
(97, 8, 1, 'Starbucks', '', 'catalog/demo/manufacturer/starbucks.png', 0),
(98, 8, 1, 'Nintendo', '', 'catalog/demo/manufacturer/nintendo.png', 0),
(99, 7, 2, 'iPhone 6', 'index.php?route=product/product&amp;path=57&amp;product_id=49', 'catalog/demo/banners/iPhone6.jpg', 0),
(100, 6, 2, 'HP Banner', 'index.php?route=product/manufacturer/info&amp;manufacturer_id=7', 'catalog/demo/compaq_presario.jpg', 0),
(101, 8, 2, 'NFL', '', 'catalog/demo/manufacturer/nfl.png', 0),
(102, 8, 2, 'RedBull', '', 'catalog/demo/manufacturer/redbull.png', 0),
(103, 8, 2, 'Sony', '', 'catalog/demo/manufacturer/sony.png', 0),
(104, 8, 2, 'Coca Cola', '', 'catalog/demo/manufacturer/cocacola.png', 0),
(105, 8, 2, 'Burger King', '', 'catalog/demo/manufacturer/burgerking.png', 0),
(106, 8, 2, 'Canon', '', 'catalog/demo/manufacturer/canon.png', 0),
(107, 8, 2, 'Harley Davidson', '', 'catalog/demo/manufacturer/harley.png', 0),
(108, 8, 2, 'Dell', '', 'catalog/demo/manufacturer/dell.png', 0),
(109, 8, 2, 'Disney', '', 'catalog/demo/manufacturer/disney.png', 0),
(110, 7, 2, 'MacBookAir', '', 'catalog/demo/banners/MacBookAir.jpg', 0),
(111, 8, 2, 'Starbucks', '', 'catalog/demo/manufacturer/starbucks.png', 0),
(112, 8, 2, 'Nintendo', '', 'catalog/demo/manufacturer/nintendo.png', 0),
(150, 9, 1, 'Brand', '#', 'catalog/brand/1.jpg', 0),
(149, 9, 1, 'Brand1', '#', 'catalog/brand/3.jpg', 0),
(148, 9, 1, 'Brand2', '#', 'catalog/brand/4.jpg', 0),
(147, 9, 1, 'Brand3', '#', 'catalog/brand/5.jpg', 0),
(146, 9, 1, 'Brand4', '#', 'catalog/brand/6.jpg', 0),
(145, 9, 1, 'Brand5', '#', 'catalog/brand/7.jpg', 0),
(120, 10, 1, 'Brand', '#', 'catalog/brand/9.jpg', 0),
(121, 10, 1, 'Brand1', '#', 'catalog/brand/10.jpg', 0),
(122, 10, 1, 'Brand2', '#', 'catalog/brand/11.jpg', 0),
(123, 10, 1, 'Brand3', '#', 'catalog/brand/12.jpg', 0),
(124, 10, 1, 'Brand4', '#', 'catalog/brand/13.jpg', 0),
(125, 10, 1, 'Brand5', '#', 'catalog/brand/14.jpg', 0),
(126, 10, 1, 'Brand6', '#', 'catalog/brand/11.jpg', 0),
(127, 10, 1, 'Brand7', '#', 'catalog/brand/12.jpg', 0),
(128, 10, 2, 'Brand', '#', 'catalog/brand/9.jpg', 0),
(129, 10, 2, 'Brand1', '#', 'catalog/brand/10.jpg', 0),
(130, 10, 2, 'Brand2', '#', 'catalog/brand/11.jpg', 0),
(131, 10, 2, 'Brand3', '#', 'catalog/brand/12.jpg', 0),
(132, 10, 2, 'Brand4', '#', 'catalog/brand/13.jpg', 0),
(133, 10, 2, 'Brand5', '#', 'catalog/brand/14.jpg', 0),
(134, 10, 2, 'Brand6', '#', 'catalog/brand/13.jpg', 0),
(135, 10, 2, 'Brand7', '#', 'catalog/brand/10.jpg', 0),
(151, 9, 1, 'Brand7', '#', 'catalog/brand/3.jpg', 0),
(144, 9, 1, 'Brand6', '#', 'catalog/brand/8.jpg', 0),
(152, 9, 2, 'Brand', '#', 'catalog/brand/1.jpg', 0),
(153, 9, 2, 'Brand1', '#', 'catalog/brand/3.jpg', 0),
(154, 9, 2, 'Brand2', '#', 'catalog/brand/4.jpg', 0),
(155, 9, 2, 'Brand3', '#', 'catalog/brand/5.jpg', 0),
(156, 9, 2, 'Brand4', '#', 'catalog/brand/6.jpg', 0),
(157, 9, 2, 'Brand5', '#', 'catalog/brand/7.jpg', 0),
(158, 9, 2, 'Brand6', '#', 'catalog/brand/8.jpg', 0),
(159, 9, 2, 'Brand7', '#', 'catalog/brand/4.jpg', 0);

-- --------------------------------------------------------

--
-- Table structure for table `oc_cart`
--

CREATE TABLE `oc_cart` (
  `cart_id` int(11) UNSIGNED NOT NULL,
  `api_id` int(11) NOT NULL,
  `customer_id` int(11) NOT NULL,
  `session_id` varchar(32) NOT NULL,
  `product_id` int(11) NOT NULL,
  `recurring_id` int(11) NOT NULL,
  `option` text NOT NULL,
  `quantity` int(5) NOT NULL,
  `date_added` datetime NOT NULL
) ENGINE=InnoDB DEFAULT CHARSET=utf8;

--
-- Dumping data for table `oc_cart`
--

INSERT INTO `oc_cart` (`cart_id`, `api_id`, `customer_id`, `session_id`, `product_id`, `recurring_id`, `option`, `quantity`, `date_added`) VALUES
(8, 0, 1, '6f7f6d683e6a979e4919803e41', 28, 0, '[]', 1, '2017-09-08 14:56:48');

-- --------------------------------------------------------

--
-- Table structure for table `oc_category`
--

CREATE TABLE `oc_category` (
  `category_id` int(11) NOT NULL,
  `image` varchar(255) DEFAULT NULL,
  `parent_id` int(11) NOT NULL DEFAULT '0',
  `top` tinyint(1) NOT NULL,
  `column` int(3) NOT NULL,
  `sort_order` int(3) NOT NULL DEFAULT '0',
  `status` tinyint(1) NOT NULL,
  `date_added` datetime NOT NULL,
  `date_modified` datetime NOT NULL,
  `thumbnail_image` varchar(255) DEFAULT NULL,
  `homethumb_image` varchar(255) DEFAULT NULL,
  `featured` tinyint(1) DEFAULT '0'
) ENGINE=MyISAM DEFAULT CHARSET=utf8;

--
-- Dumping data for table `oc_category`
--

INSERT INTO `oc_category` (`category_id`, `image`, `parent_id`, `top`, `column`, `sort_order`, `status`, `date_added`, `date_modified`, `thumbnail_image`, `homethumb_image`, `featured`) VALUES
(76, '', 17, 0, 1, 0, 1, '2017-08-25 09:24:11', '2017-08-25 09:24:11', NULL, NULL, 0),
(75, '', 17, 0, 1, 0, 1, '2017-08-25 09:23:46', '2017-08-25 09:23:46', NULL, NULL, 0),
(73, '', 17, 0, 1, 0, 1, '2017-08-25 09:22:36', '2017-08-25 09:22:36', NULL, NULL, 0),
(24, 'catalog/cmsblock/img-category.jpg', 0, 1, 1, 1, 1, '2009-01-20 02:36:26', '2017-08-26 09:08:51', NULL, NULL, 0),
(17, '', 24, 1, 1, 2, 1, '2009-01-03 21:08:57', '2017-08-21 16:44:32', NULL, NULL, 0),
(80, '', 59, 0, 1, 0, 1, '2017-08-25 09:26:34', '2017-08-25 09:26:34', NULL, NULL, 0),
(74, '', 17, 0, 1, 0, 1, '2017-08-25 09:23:10', '2017-08-25 09:23:10', NULL, NULL, 0),
(79, '', 59, 0, 1, 0, 1, '2017-08-25 09:25:51', '2017-08-25 09:25:51', NULL, NULL, 0),
(78, '', 59, 0, 1, 0, 1, '2017-08-25 09:25:18', '2017-08-25 09:25:18', NULL, NULL, 0),
(77, '', 59, 0, 1, 0, 1, '2017-08-25 09:24:52', '2017-08-25 09:24:52', NULL, NULL, 0),
(59, '', 24, 0, 1, 0, 1, '2017-08-21 16:45:43', '2017-08-21 16:45:43', NULL, NULL, 0),
(60, '', 24, 0, 1, 0, 1, '2017-08-21 16:46:47', '2017-08-21 16:46:47', NULL, NULL, 0),
(71, '', 70, 0, 1, 0, 1, '2017-08-21 17:09:15', '2017-08-21 17:09:15', NULL, NULL, 0),
(70, '', 0, 0, 1, 0, 1, '2017-08-21 17:08:00', '2017-08-21 17:08:00', NULL, NULL, 0),
(69, '', 66, 0, 1, 0, 1, '2017-08-21 17:05:57', '2017-08-21 17:05:57', NULL, NULL, 0),
(68, '', 66, 0, 1, 0, 1, '2017-08-21 16:59:59', '2017-08-21 16:59:59', NULL, NULL, 0),
(67, '', 66, 0, 1, 0, 1, '2017-08-21 16:58:03', '2017-08-21 16:58:03', NULL, NULL, 0),
(72, '', 70, 0, 1, 0, 1, '2017-08-21 17:11:45', '2017-08-21 17:11:45', NULL, NULL, 0),
(66, '', 0, 0, 1, 0, 1, '2017-08-21 16:56:52', '2017-08-21 16:56:52', NULL, NULL, 0),
(65, '', 57, 0, 1, 0, 1, '2017-08-21 16:55:42', '2017-08-21 16:55:42', NULL, NULL, 0),
(64, '', 57, 0, 1, 0, 1, '2017-08-21 16:53:03', '2017-08-21 16:53:40', NULL, NULL, 0),
(63, '', 57, 0, 1, 0, 1, '2017-08-21 16:51:37', '2017-08-21 16:51:37', NULL, NULL, 0),
(62, '', 57, 0, 1, 0, 1, '2017-08-21 16:50:12', '2017-08-21 16:50:12', NULL, NULL, 0),
(61, '', 24, 0, 1, 0, 1, '2017-08-21 16:48:22', '2017-08-21 16:48:22', NULL, NULL, 0),
(57, '', 0, 1, 1, 3, 1, '2011-04-26 08:53:16', '2017-08-21 16:48:46', NULL, NULL, 0),
(82, '', 60, 0, 1, 0, 1, '2017-08-25 09:29:40', '2017-08-25 09:29:40', NULL, NULL, 0),
(83, '', 60, 0, 1, 0, 1, '2017-08-25 09:30:12', '2017-08-25 09:30:12', NULL, NULL, 0),
(84, '', 60, 0, 1, 0, 1, '2017-08-25 09:30:36', '2017-08-25 09:30:36', NULL, NULL, 0),
(85, '', 60, 0, 1, 0, 1, '2017-08-25 09:31:09', '2017-08-25 09:31:09', NULL, NULL, 0),
(86, '', 61, 0, 1, 0, 1, '2017-08-25 09:31:57', '2017-08-25 09:31:57', NULL, NULL, 0),
(87, '', 61, 0, 1, 0, 1, '2017-08-25 09:32:26', '2017-08-25 09:32:26', NULL, NULL, 0),
(88, '', 61, 0, 1, 0, 1, '2017-08-25 09:32:56', '2017-08-25 09:32:56', NULL, NULL, 0),
(89, '', 61, 0, 1, 0, 1, '2017-08-25 09:33:19', '2017-08-25 09:33:19', NULL, NULL, 0);

-- --------------------------------------------------------

--
-- Table structure for table `oc_category_description`
--

CREATE TABLE `oc_category_description` (
  `category_id` int(11) NOT NULL,
  `language_id` int(11) NOT NULL,
  `name` varchar(255) NOT NULL,
  `description` text NOT NULL,
  `meta_title` varchar(255) NOT NULL,
  `meta_description` varchar(255) NOT NULL,
  `meta_keyword` varchar(255) NOT NULL
) ENGINE=MyISAM DEFAULT CHARSET=utf8;

--
-- Dumping data for table `oc_category_description`
--

INSERT INTO `oc_category_description` (`category_id`, `language_id`, `name`, `description`, `meta_title`, `meta_description`, `meta_keyword`) VALUES
(78, 2, 'Day', '', 'Day', '', ''),
(77, 1, 'Cocktail', '', 'Cocktail', '', ''),
(77, 2, 'Cocktail', '', 'Cocktail', '', ''),
(78, 1, 'Day', '', 'Day', '', ''),
(17, 2, 'Chairs &amp; Chaises', '', 'Chairs &amp; Chaises', '', ''),
(24, 1, 'Living Room', '', 'Living Room', '', ''),
(59, 1, 'Loveseats', '', 'Loveseats', '', ''),
(59, 2, 'Loveseats', '', 'Loveseats', '', ''),
(60, 1, 'Sectionals', '', 'Sectionals', '', ''),
(60, 2, 'Sectionals', '', 'Sectionals', '', ''),
(61, 1, 'Sofas', '', 'Sofas', '', ''),
(61, 2, 'Sofas', '', 'Sofas', '', ''),
(76, 2, 'Small Leathers', '', 'Small Leathers', '', ''),
(17, 1, 'Chairs &amp; Chaises', '', 'Chairs &amp; Chaises', '', ''),
(24, 2, 'Living Room', '', 'Living Room', '', ''),
(57, 1, 'Dining Room', '', 'Dining Room', '', ''),
(57, 2, 'Dining Room', '', 'Dining Room', '', ''),
(62, 1, 'Benches', '', 'Benches', '', ''),
(62, 2, 'Benches', '', 'Benches', '', ''),
(63, 1, 'Chairs', '', 'Chairs', '', ''),
(63, 2, 'Chairs', '', 'Chairs', '', ''),
(76, 1, 'Small Leathers', '', 'Small Leathers', '', ''),
(64, 1, 'Dining Sets', '', 'Dining Sets', '', ''),
(64, 2, 'Dining Sets', '', 'Dining Sets', '', ''),
(65, 1, 'Dining Tables', '', 'Dining Tables', '', ''),
(65, 2, 'Dining Tables', '', 'Dining Tables', '', ''),
(66, 1, 'Bedroom', '', 'Bedroom', '', ''),
(66, 2, 'Bedroom', '', 'Bedroom', '', ''),
(67, 1, 'Daybeds &amp; Futons', '', 'Daybeds &amp; Futons', '', ''),
(67, 2, 'Daybeds &amp; Futons', '', 'Daybeds &amp; Futons', '', ''),
(68, 1, 'Full Beds', '', 'Full Beds', '', ''),
(68, 2, 'Full Beds', '', 'Full Beds', '', ''),
(69, 1, 'King Beds', '', 'King Beds', '', ''),
(69, 2, 'King Beds', '', 'King Beds', '', ''),
(70, 1, 'Home Office', '', 'Home Office', '', ''),
(70, 2, 'Home Office', '', 'Home Office', '', ''),
(71, 1, 'Chairs', '', 'Chairs', '', ''),
(71, 2, 'Chairs', '', 'Chairs', '', ''),
(72, 1, 'Desks', '', 'Desks', '', ''),
(72, 2, 'Desks', '', 'Desks', '', ''),
(73, 1, 'Bras', '', 'Bras', '', ''),
(73, 2, 'Bras', '', 'Bras', '', ''),
(74, 1, 'Lifestyle', '', 'Lifestyle', '', ''),
(74, 2, 'Lifestyle', '', 'Lifestyle', '', ''),
(75, 1, 'Scarves', '', 'Scarves', '', ''),
(75, 2, 'Scarves', '', 'Scarves', '', ''),
(79, 1, 'Evening', '', 'Evening', '', ''),
(79, 2, 'Evening', '', 'Evening', '', ''),
(80, 1, 'Sweaters', '', 'Sweaters', '', ''),
(80, 2, 'Sweaters', '', 'Sweaters', '', ''),
(82, 1, 'Briefs', '', 'Briefs', '', ''),
(82, 2, 'Briefs', '', 'Briefs', '', ''),
(83, 1, 'Camis', '', 'Camis', '', ''),
(83, 2, 'Camis', '', 'Camis', '', ''),
(84, 1, 'Nightwears', '', 'Nightwears', '', ''),
(84, 2, 'Nightwears', '', 'Nightwears', '', ''),
(85, 1, 'Shapewear', '', 'Shapewear', '', ''),
(85, 2, 'Shapewear', '', 'Shapewear', '', ''),
(86, 1, 'Cables', '', 'Cables', '', ''),
(86, 2, 'Cables', '', 'Cables', '', ''),
(87, 1, 'Holders &amp; Stands', '', 'Holders &amp; Stands', '', ''),
(87, 2, 'Holders &amp; Stands', '', 'Holders &amp; Stands', '', ''),
(88, 1, 'Screen Protectors', '', 'Screen Protectors', '', ''),
(88, 2, 'Screen Protectors', '', 'Screen Protectors', '', ''),
(89, 1, 'Storage', '', 'Storage', '', ''),
(89, 2, 'Storage', '', 'Storage', '', '');

-- --------------------------------------------------------

--
-- Table structure for table `oc_category_filter`
--

CREATE TABLE `oc_category_filter` (
  `category_id` int(11) NOT NULL,
  `filter_id` int(11) NOT NULL
) ENGINE=MyISAM DEFAULT CHARSET=utf8;

--
-- Dumping data for table `oc_category_filter`
--

INSERT INTO `oc_category_filter` (`category_id`, `filter_id`) VALUES
(17, 1),
(17, 2),
(17, 3),
(17, 4),
(17, 5),
(17, 6),
(17, 7),
(17, 8),
(17, 9),
(17, 10),
(17, 11),
(17, 12),
(17, 13),
(17, 14),
(24, 1),
(24, 2),
(24, 3),
(24, 4),
(24, 5),
(24, 6),
(24, 7),
(24, 8),
(24, 10),
(24, 11),
(24, 12),
(24, 13),
(24, 14),
(57, 1),
(57, 2),
(57, 3),
(57, 4),
(57, 5),
(57, 6),
(57, 7),
(57, 8),
(57, 9),
(57, 10),
(57, 11),
(57, 12),
(57, 13),
(57, 14),
(59, 1),
(59, 2),
(59, 3),
(59, 4),
(59, 5),
(59, 6),
(59, 7),
(59, 8),
(59, 10),
(59, 11),
(59, 12),
(59, 13),
(59, 14),
(60, 1),
(60, 2),
(60, 3),
(60, 4),
(60, 5),
(60, 6),
(60, 7),
(60, 8),
(60, 10),
(60, 11),
(60, 12),
(60, 13),
(60, 14),
(61, 1),
(61, 2),
(61, 3),
(61, 4),
(61, 5),
(61, 6),
(61, 7),
(61, 8),
(61, 10),
(61, 11),
(61, 12),
(61, 13),
(61, 14),
(62, 1),
(62, 2),
(62, 3),
(62, 4),
(62, 5),
(62, 6),
(62, 7),
(62, 8),
(62, 10),
(62, 11),
(62, 12),
(62, 13),
(62, 14),
(63, 1),
(63, 2),
(63, 3),
(63, 4),
(63, 5),
(63, 6),
(63, 7),
(63, 8),
(63, 10),
(63, 11),
(63, 12),
(63, 13),
(63, 14),
(64, 1),
(64, 2),
(64, 3),
(64, 4),
(64, 5),
(64, 6),
(64, 7),
(64, 8),
(64, 10),
(64, 11),
(64, 12),
(64, 13),
(64, 14),
(65, 1),
(65, 2),
(65, 3),
(65, 4),
(65, 5),
(65, 6),
(65, 7),
(65, 8),
(65, 10),
(65, 11),
(65, 12),
(65, 13),
(65, 14),
(66, 1),
(66, 2),
(66, 3),
(66, 4),
(66, 5),
(66, 6),
(66, 7),
(66, 8),
(66, 10),
(66, 11),
(66, 12),
(66, 13),
(66, 14),
(67, 1),
(67, 2),
(67, 3),
(67, 4),
(67, 5),
(67, 6),
(67, 7),
(67, 8),
(67, 10),
(67, 11),
(67, 12),
(67, 13),
(67, 14),
(68, 1),
(68, 2),
(68, 3),
(68, 4),
(68, 5),
(68, 6),
(68, 7),
(68, 8),
(68, 10),
(68, 11),
(68, 12),
(68, 13),
(68, 14),
(69, 1),
(69, 2),
(69, 3),
(69, 4),
(69, 5),
(69, 6),
(69, 7),
(69, 8),
(69, 10),
(69, 12),
(69, 13),
(69, 14),
(70, 1),
(70, 2),
(70, 3),
(70, 4),
(70, 5),
(70, 6),
(70, 7),
(70, 8),
(70, 10),
(70, 11),
(70, 12),
(70, 13),
(70, 14),
(71, 1),
(71, 2),
(71, 3),
(71, 4),
(71, 5),
(71, 6),
(71, 7),
(71, 8),
(71, 10),
(71, 11),
(71, 12),
(71, 13),
(71, 14),
(72, 1),
(72, 2),
(72, 3),
(72, 4),
(72, 5),
(72, 6),
(72, 7),
(72, 8),
(72, 10),
(72, 11),
(72, 12),
(72, 13),
(72, 14);

-- --------------------------------------------------------

--
-- Table structure for table `oc_category_path`
--

CREATE TABLE `oc_category_path` (
  `category_id` int(11) NOT NULL,
  `path_id` int(11) NOT NULL,
  `level` int(11) NOT NULL
) ENGINE=MyISAM DEFAULT CHARSET=utf8;

--
-- Dumping data for table `oc_category_path`
--

INSERT INTO `oc_category_path` (`category_id`, `path_id`, `level`) VALUES
(86, 24, 0),
(85, 85, 2),
(85, 60, 1),
(85, 24, 0),
(84, 84, 2),
(84, 60, 1),
(84, 24, 0),
(83, 83, 2),
(83, 60, 1),
(83, 24, 0),
(82, 82, 2),
(82, 60, 1),
(82, 24, 0),
(80, 80, 2),
(80, 59, 1),
(80, 24, 0),
(79, 79, 2),
(79, 59, 1),
(79, 24, 0),
(24, 24, 0),
(78, 78, 2),
(78, 59, 1),
(78, 24, 0),
(77, 77, 2),
(77, 59, 1),
(17, 17, 1),
(86, 61, 1),
(77, 24, 0),
(76, 76, 2),
(76, 17, 1),
(76, 24, 0),
(75, 75, 2),
(75, 17, 1),
(75, 24, 0),
(74, 74, 2),
(74, 17, 1),
(74, 24, 0),
(73, 73, 2),
(73, 17, 1),
(73, 24, 0),
(72, 72, 1),
(72, 70, 0),
(71, 71, 1),
(71, 70, 0),
(70, 70, 0),
(69, 69, 1),
(69, 66, 0),
(68, 68, 1),
(68, 66, 0),
(67, 67, 1),
(67, 66, 0),
(66, 66, 0),
(65, 65, 1),
(65, 57, 0),
(64, 64, 1),
(64, 57, 0),
(63, 63, 1),
(63, 57, 0),
(62, 62, 1),
(62, 57, 0),
(61, 61, 1),
(61, 24, 0),
(60, 60, 1),
(60, 24, 0),
(59, 59, 1),
(59, 24, 0),
(17, 24, 0),
(57, 57, 0),
(86, 86, 2),
(87, 24, 0),
(87, 61, 1),
(87, 87, 2),
(88, 24, 0),
(88, 61, 1),
(88, 88, 2),
(89, 24, 0),
(89, 61, 1),
(89, 89, 2);

-- --------------------------------------------------------

--
-- Table structure for table `oc_category_to_layout`
--

CREATE TABLE `oc_category_to_layout` (
  `category_id` int(11) NOT NULL,
  `store_id` int(11) NOT NULL,
  `layout_id` int(11) NOT NULL
) ENGINE=MyISAM DEFAULT CHARSET=utf8;

--
-- Dumping data for table `oc_category_to_layout`
--

INSERT INTO `oc_category_to_layout` (`category_id`, `store_id`, `layout_id`) VALUES
(24, 1, 0),
(24, 5, 0),
(24, 4, 0),
(24, 3, 0),
(24, 2, 0),
(24, 0, 0),
(17, 0, 0),
(17, 1, 0),
(17, 2, 0),
(17, 3, 0),
(17, 4, 0),
(17, 5, 0),
(59, 0, 0),
(59, 1, 0),
(59, 2, 0),
(59, 3, 0),
(59, 4, 0),
(59, 5, 0),
(60, 0, 0),
(60, 1, 0),
(60, 2, 0),
(60, 3, 0),
(60, 4, 0),
(60, 5, 0),
(61, 0, 0),
(61, 1, 0),
(61, 2, 0),
(61, 3, 0),
(61, 4, 0),
(61, 5, 0),
(57, 0, 0),
(57, 1, 0),
(57, 2, 0),
(57, 3, 0),
(57, 4, 0),
(57, 5, 0),
(62, 0, 0),
(62, 1, 0),
(62, 2, 0),
(62, 3, 0),
(62, 4, 0),
(62, 5, 0),
(63, 0, 0),
(63, 1, 0),
(63, 2, 0),
(63, 3, 0),
(63, 4, 0),
(63, 5, 0),
(64, 5, 0),
(64, 4, 0),
(64, 3, 0),
(64, 2, 0),
(64, 1, 0),
(64, 0, 0),
(65, 0, 0),
(65, 1, 0),
(65, 2, 0),
(65, 3, 0),
(65, 4, 0),
(65, 5, 0),
(66, 0, 0),
(66, 1, 0),
(66, 2, 0),
(66, 3, 0),
(66, 4, 0),
(66, 5, 0),
(67, 0, 0),
(67, 1, 0),
(67, 2, 0),
(67, 3, 0),
(67, 4, 0),
(67, 5, 0),
(68, 0, 0),
(68, 1, 0),
(68, 2, 0),
(68, 3, 0),
(68, 4, 0),
(68, 5, 0),
(69, 0, 0),
(69, 1, 0),
(69, 2, 0),
(69, 3, 0),
(69, 4, 0),
(69, 5, 0),
(70, 0, 0),
(70, 1, 0),
(70, 2, 0),
(70, 3, 0),
(70, 4, 0),
(70, 5, 0),
(71, 0, 0),
(71, 1, 0),
(71, 2, 0),
(71, 3, 0),
(71, 4, 0),
(71, 5, 0),
(72, 0, 0),
(72, 1, 0),
(72, 2, 0),
(72, 3, 0),
(72, 4, 0),
(72, 5, 0),
(73, 0, 0),
(73, 2, 0),
(73, 3, 0),
(73, 4, 0),
(73, 5, 0),
(73, 1, 0),
(74, 0, 0),
(74, 2, 0),
(74, 3, 0),
(74, 4, 0),
(74, 5, 0),
(74, 1, 0),
(75, 0, 0),
(75, 2, 0),
(75, 3, 0),
(75, 4, 0),
(75, 5, 0),
(75, 1, 0),
(76, 0, 0),
(76, 2, 0),
(76, 3, 0),
(76, 4, 0),
(76, 5, 0),
(76, 1, 0),
(77, 0, 0),
(77, 2, 0),
(77, 3, 0),
(77, 4, 0),
(77, 5, 0),
(77, 1, 0),
(78, 0, 0),
(78, 2, 0),
(78, 3, 0),
(78, 4, 0),
(78, 5, 0),
(78, 1, 0),
(79, 0, 0),
(79, 2, 0),
(79, 3, 0),
(79, 4, 0),
(79, 5, 0),
(79, 1, 0),
(80, 0, 0),
(80, 2, 0),
(80, 3, 0),
(80, 4, 0),
(80, 5, 0),
(80, 1, 0),
(82, 0, 0),
(82, 2, 0),
(82, 3, 0),
(82, 4, 0),
(82, 5, 0),
(82, 1, 0),
(83, 0, 0),
(83, 2, 0),
(83, 3, 0),
(83, 4, 0),
(83, 5, 0),
(83, 1, 0),
(84, 0, 0),
(84, 2, 0),
(84, 3, 0),
(84, 4, 0),
(84, 5, 0),
(84, 1, 0),
(85, 0, 0),
(85, 2, 0),
(85, 3, 0),
(85, 4, 0),
(85, 5, 0),
(85, 1, 0),
(86, 0, 0),
(86, 2, 0),
(86, 3, 0),
(86, 4, 0),
(86, 5, 0),
(86, 1, 0),
(87, 0, 0),
(87, 2, 0),
(87, 3, 0),
(87, 4, 0),
(87, 5, 0),
(87, 1, 0),
(88, 0, 0),
(88, 2, 0),
(88, 3, 0),
(88, 4, 0),
(88, 5, 0),
(88, 1, 0),
(89, 0, 0),
(89, 2, 0),
(89, 3, 0),
(89, 4, 0),
(89, 5, 0),
(89, 1, 0);

-- --------------------------------------------------------

--
-- Table structure for table `oc_category_to_store`
--

CREATE TABLE `oc_category_to_store` (
  `category_id` int(11) NOT NULL,
  `store_id` int(11) NOT NULL
) ENGINE=MyISAM DEFAULT CHARSET=utf8;

--
-- Dumping data for table `oc_category_to_store`
--

INSERT INTO `oc_category_to_store` (`category_id`, `store_id`) VALUES
(17, 0),
(17, 1),
(17, 2),
(17, 3),
(17, 4),
(17, 5),
(24, 0),
(24, 1),
(24, 2),
(24, 3),
(24, 4),
(24, 5),
(57, 0),
(57, 1),
(57, 2),
(57, 3),
(57, 4),
(57, 5),
(59, 0),
(59, 1),
(59, 2),
(59, 3),
(59, 4),
(59, 5),
(60, 0),
(60, 1),
(60, 2),
(60, 3),
(60, 4),
(60, 5),
(61, 0),
(61, 1),
(61, 2),
(61, 3),
(61, 4),
(61, 5),
(62, 0),
(62, 1),
(62, 2),
(62, 3),
(62, 4),
(62, 5),
(63, 0),
(63, 1),
(63, 2),
(63, 3),
(63, 4),
(63, 5),
(64, 0),
(64, 1),
(64, 2),
(64, 3),
(64, 4),
(64, 5),
(65, 0),
(65, 1),
(65, 2),
(65, 3),
(65, 4),
(65, 5),
(66, 0),
(66, 1),
(66, 2),
(66, 3),
(66, 4),
(66, 5),
(67, 0),
(67, 1),
(67, 2),
(67, 3),
(67, 4),
(67, 5),
(68, 0),
(68, 1),
(68, 2),
(68, 3),
(68, 4),
(68, 5),
(69, 0),
(69, 1),
(69, 2),
(69, 3),
(69, 4),
(69, 5),
(70, 0),
(70, 1),
(70, 2),
(70, 3),
(70, 4),
(70, 5),
(71, 0),
(71, 1),
(71, 2),
(71, 3),
(71, 4),
(71, 5),
(72, 0),
(72, 1),
(72, 2),
(72, 3),
(72, 4),
(72, 5),
(73, 0),
(73, 1),
(73, 2),
(73, 3),
(73, 4),
(73, 5),
(74, 0),
(74, 1),
(74, 2),
(74, 3),
(74, 4),
(74, 5),
(75, 0),
(75, 1),
(75, 2),
(75, 3),
(75, 4),
(75, 5),
(76, 0),
(76, 1),
(76, 2),
(76, 3),
(76, 4),
(76, 5),
(77, 0),
(77, 1),
(77, 2),
(77, 3),
(77, 4),
(77, 5),
(78, 0),
(78, 1),
(78, 2),
(78, 3),
(78, 4),
(78, 5),
(79, 0),
(79, 1),
(79, 2),
(79, 3),
(79, 4),
(79, 5),
(80, 0),
(80, 1),
(80, 2),
(80, 3),
(80, 4),
(80, 5),
(82, 0),
(82, 1),
(82, 2),
(82, 3),
(82, 4),
(82, 5),
(83, 0),
(83, 1),
(83, 2),
(83, 3),
(83, 4),
(83, 5),
(84, 0),
(84, 1),
(84, 2),
(84, 3),
(84, 4),
(84, 5),
(85, 0),
(85, 1),
(85, 2),
(85, 3),
(85, 4),
(85, 5),
(86, 0),
(86, 1),
(86, 2),
(86, 3),
(86, 4),
(86, 5),
(87, 0),
(87, 1),
(87, 2),
(87, 3),
(87, 4),
(87, 5),
(88, 0),
(88, 1),
(88, 2),
(88, 3),
(88, 4),
(88, 5),
(89, 0),
(89, 1),
(89, 2),
(89, 3),
(89, 4),
(89, 5);

-- --------------------------------------------------------

--
-- Table structure for table `oc_cmsblock`
--

CREATE TABLE `oc_cmsblock` (
  `cmsblock_id` int(11) NOT NULL,
  `status` tinyint(1) NOT NULL,
  `sort_order` tinyint(1) DEFAULT NULL,
  `identify` varchar(255) DEFAULT NULL,
  `link` varchar(255) DEFAULT NULL,
  `type` tinyint(1) DEFAULT NULL,
  `banner_store` varchar(255) DEFAULT '0'
) ENGINE=MyISAM DEFAULT CHARSET=utf8;

--
-- Dumping data for table `oc_cmsblock`
--

INSERT INTO `oc_cmsblock` (`cmsblock_id`, `status`, `sort_order`, `identify`, `link`, `type`, `banner_store`) VALUES
(19, 1, 0, 'banner_bottom', '', 1, '0'),
(20, 1, 0, 'banner_static_home1', '', 1, '0'),
(21, 1, 0, 'banner_cennter_home1', '', 1, '0'),
(22, 1, 0, '', '', 1, '0'),
(23, 1, 0, '', '', 1, '2,3,4,5,1,0'),
(24, 1, 0, '', '', 1, '0'),
(25, 1, 0, '', 'index.php?route=blog/blog', 0, '1,2,3,4,5,0'),
(26, 1, 0, 'banner_cennter1_home1', '', 1, '0'),
(27, 1, 0, 'banner_static_home2', '', 1, '1,0'),
(28, 1, 0, 'banner_static1_home2', '', 1, '1,0'),
(29, 1, 0, 'banner_static2_home2', '', 1, '1,0'),
(30, 1, 0, 'banner_static_home3', '', 1, '2,0'),
(31, 1, 0, 'banner_static1_home3', '', 1, '2,0'),
(32, 1, 0, 'banner_static2_home3', '', 1, '2,0'),
(33, 1, 0, 'banner_static3_home3', '', 1, '2,0'),
(34, 1, 0, 'banner_static4_home3', '', 1, '2,0'),
(35, 1, 0, 'banner_static5_home3', '', 1, '2,0'),
(36, 1, 0, 'banner_static_home5', '', 1, '4,0'),
(37, 1, 0, 'banner_cennter_home5', '', 1, '4,0'),
(38, 1, 0, 'banner_static_home6', '', 1, '5,0'),
(39, 1, 0, 'banner_cennter_home6', '', 1, '5,0'),
(40, 1, 0, 'banner_left', '', 1, '1,2,3,4,5,0');

-- --------------------------------------------------------

--
-- Table structure for table `oc_cmsblock_description`
--

CREATE TABLE `oc_cmsblock_description` (
  `cmsblock_des_id` int(11) NOT NULL,
  `language_id` int(11) NOT NULL,
  `cmsblock_id` int(11) NOT NULL,
  `title` varchar(64) NOT NULL,
  `sub_title` varchar(64) DEFAULT NULL,
  `description` text
) ENGINE=MyISAM DEFAULT CHARSET=utf8;

--
-- Dumping data for table `oc_cmsblock_description`
--

INSERT INTO `oc_cmsblock_description` (`cmsblock_des_id`, `language_id`, `cmsblock_id`, `title`, `sub_title`, `description`) VALUES
(147, 2, 27, 'Banner Static Home2', NULL, '&lt;div class=&quot;banner-static&quot;&gt;\r\n	&lt;div class=&quot;row&quot;&gt;\r\n		&lt;div class=&quot;col-md-6 col-sm-6 col-sms-12&quot;&gt;\r\n			&lt;div class=&quot;col col&quot;&gt;\r\n				&lt;a href=&quot;#&quot;&gt;&lt;img src=&quot;image/catalog/cmsblock/block-home2.jpg&quot; alt=&quot;image&quot;&gt;&lt;/a&gt;\r\n			&lt;/div&gt;\r\n		&lt;/div&gt;\r\n		&lt;div class=&quot;col-md-6 col-sm-6 col-sms-12&quot;&gt;\r\n			&lt;div class=&quot;col col1&quot;&gt;\r\n				&lt;h2&gt;CHAIRS &amp;amp; SOFAS.&lt;/h2&gt;\r\n				&lt;p&gt;Mirum est notare quam littera gothica, quam nunc putamus parum claram, anteposuerit litterarum formas humanitatis per seacula.&lt;/p&gt;\r\n				&lt;ul&gt;\r\n					&lt;li&gt;\r\n						&lt;span&gt;Claritas est etiam processus dynamicus.&lt;/span&gt;\r\n					&lt;/li&gt;\r\n					&lt;li&gt;\r\n						&lt;span&gt;Claritas est etiam processus dynamicus.&lt;/span&gt;\r\n					&lt;/li&gt;\r\n					&lt;li&gt;\r\n						&lt;span&gt;Claritas est etiam processus dynamicus.&lt;/span&gt;\r\n					&lt;/li&gt;\r\n				&lt;/ul&gt;\r\n				&lt;a href=&quot;#&quot;&gt;Shop now&lt;/a&gt;\r\n			&lt;/div&gt;\r\n		&lt;/div&gt;\r\n	&lt;/div&gt;\r\n&lt;/div&gt;'),
(141, 2, 26, '  Banner Center1 Home1', NULL, '&lt;div class=&quot;banner-center1&quot;&gt;\r\n	&lt;div class=&quot;container&quot;&gt;\r\n		&lt;div class=&quot;row&quot;&gt;\r\n			&lt;div class=&quot; col-xs-12 col-sm-12 col-md-4 col-lg-4&quot;&gt;\r\n				&lt;div class=&quot;col col1&quot;&gt;\r\n					&lt;div class=&quot;img&quot;&gt;\r\n						&lt;img src=&quot;image/catalog/cmsblock/block3-home1.png&quot; alt=&quot;banner 2&quot;&gt;\r\n					&lt;/div&gt;\r\n					&lt;div class=&quot;content-banner&quot;&gt;\r\n					&lt;h3&gt;Free Shipping&lt;/h3&gt;\r\n					&lt;p&gt;Free shipping on all order over $99.00&lt;/p&gt;\r\n					&lt;/div&gt;\r\n				&lt;/div&gt;\r\n			&lt;/div&gt;\r\n			&lt;div class=&quot; col-xs-12 col-sm-12 col-md-4 col-lg-4&quot;&gt;\r\n				&lt;div class=&quot;col col2&quot;&gt;\r\n					&lt;div class=&quot;img&quot;&gt;\r\n						&lt;img src=&quot;image/catalog/cmsblock/block4-home1.png&quot; alt=&quot;banner 2&quot;&gt;\r\n					&lt;/div&gt;\r\n					&lt;div class=&quot;content-banner&quot;&gt;\r\n					&lt;h3&gt;Online Support 24/7&lt;/h3&gt;\r\n					&lt;p&gt;We are here to make your day. Let’s talk !&lt;/p&gt;\r\n					&lt;/div&gt;\r\n				&lt;/div&gt;\r\n			&lt;/div&gt;\r\n			&lt;div class=&quot; col-xs-12 col-sm-12 col-md-4 col-lg-4&quot;&gt;\r\n				&lt;div class=&quot;col col3&quot;&gt;\r\n					&lt;div class=&quot;img&quot;&gt;\r\n						&lt;img src=&quot;image/catalog/cmsblock/block5-home1.png&quot; alt=&quot;banner 2&quot;&gt;\r\n					&lt;/div&gt;\r\n					&lt;div class=&quot;content-banner&quot;&gt;\r\n					&lt;h3&gt;Money Back Guarantee!&lt;/h3&gt;\r\n					&lt;p&gt;We free 30 days 100% money back &amp;amp; return&lt;/p&gt;\r\n					&lt;/div&gt;\r\n				&lt;/div&gt;\r\n			&lt;/div&gt;\r\n		&lt;/div&gt;\r\n	&lt;/div&gt;\r\n&lt;/div&gt;'),
(140, 1, 26, '  Banner Center1 Home1', NULL, '&lt;div class=&quot;banner-center1&quot;&gt;\r\n	&lt;div class=&quot;container&quot;&gt;\r\n		&lt;div class=&quot;row&quot;&gt;\r\n			&lt;div class=&quot; col-xs-12 col-sm-12 col-md-4 col-lg-4&quot;&gt;\r\n				&lt;div class=&quot;col col1&quot;&gt;\r\n					&lt;div class=&quot;img&quot;&gt;\r\n						&lt;img src=&quot;image/catalog/cmsblock/block3-home1.png&quot; alt=&quot;banner 2&quot;&gt;\r\n					&lt;/div&gt;\r\n					&lt;div class=&quot;content-banner&quot;&gt;\r\n					&lt;h3&gt;Free Shipping&lt;/h3&gt;\r\n					&lt;p&gt;Free shipping on all order over $99.00&lt;/p&gt;\r\n					&lt;/div&gt;\r\n				&lt;/div&gt;\r\n			&lt;/div&gt;\r\n			&lt;div class=&quot; col-xs-12 col-sm-12 col-md-4 col-lg-4&quot;&gt;\r\n				&lt;div class=&quot;col col2&quot;&gt;\r\n					&lt;div class=&quot;img&quot;&gt;\r\n						&lt;img src=&quot;image/catalog/cmsblock/block4-home1.png&quot; alt=&quot;banner 2&quot;&gt;\r\n					&lt;/div&gt;\r\n					&lt;div class=&quot;content-banner&quot;&gt;\r\n					&lt;h3&gt;Online Support 24/7&lt;/h3&gt;\r\n					&lt;p&gt;We are here to make your day. Let’s talk !&lt;/p&gt;\r\n					&lt;/div&gt;\r\n				&lt;/div&gt;\r\n			&lt;/div&gt;\r\n			&lt;div class=&quot; col-xs-12 col-sm-12 col-md-4 col-lg-4&quot;&gt;\r\n				&lt;div class=&quot;col col3&quot;&gt;\r\n					&lt;div class=&quot;img&quot;&gt;\r\n						&lt;img src=&quot;image/catalog/cmsblock/block5-home1.png&quot; alt=&quot;banner 2&quot;&gt;\r\n					&lt;/div&gt;\r\n					&lt;div class=&quot;content-banner&quot;&gt;\r\n					&lt;h3&gt;Money Back Guarantee!&lt;/h3&gt;\r\n					&lt;p&gt;We free 30 days 100% money back &amp;amp; return&lt;/p&gt;\r\n					&lt;/div&gt;\r\n				&lt;/div&gt;\r\n			&lt;/div&gt;\r\n		&lt;/div&gt;\r\n	&lt;/div&gt;\r\n&lt;/div&gt;'),
(132, 1, 22, '  Logo Footer', NULL, '																				&lt;div class=&quot;logo-footer&quot;&gt;&lt;img src=&quot;image/catalog/logo.png&quot; alt=&quot;logo footer&quot;&gt;&lt;/div&gt;																						'),
(154, 1, 23, '   Social Footer  ', NULL, '										  &lt;div class=&quot;social-footer&quot;&gt;\r\n	&lt;ul&gt;\r\n		&lt;li&gt;&lt;a href=&quot;https://www.facebook.com/PlazaThemes1/&quot;&gt;&lt;i class=&quot;fa fa-facebook&quot;&gt;&lt;/i&gt;&lt;/a&gt;&lt;/li&gt;\r\n		&lt;li&gt;&lt;a href=&quot;https://twitter.com/plazathemes&quot;&gt;&lt;i class=&quot;fa fa-twitter&quot;&gt;&lt;/i&gt;&lt;/a&gt;&lt;/li&gt;\r\n		&lt;li&gt;&lt;a href=&quot;#&quot;&gt;&lt;i class=&quot;fa fa-rss&quot;&gt;&lt;/i&gt;&lt;/a&gt;&lt;/li&gt;\r\n		&lt;li&gt;&lt;a href=&quot;https://plus.google.com/+PlazaThemesMagento&quot;&gt;&lt;i class=&quot;fa fa-google-plus&quot;&gt;&lt;/i&gt;&lt;/a&gt;&lt;/li&gt;\r\n		&lt;li&gt;&lt;a href=&quot;https://www.linkedin.com/company/plazathemes&quot;&gt;&lt;i class=&quot;fa fa-linkedin&quot;&gt;&lt;/i&gt;&lt;/a&gt;&lt;/li&gt;\r\n	&lt;/ul&gt;\r\n&lt;/div&gt; 									'),
(146, 1, 27, 'Banner Static Home2', NULL, '&lt;div class=&quot;banner-static&quot;&gt;\r\n	&lt;div class=&quot;row&quot;&gt;\r\n		&lt;div class=&quot;col-md-6 col-sm-6 col-sms-12&quot;&gt;\r\n			&lt;div class=&quot;col col&quot;&gt;\r\n				&lt;a href=&quot;#&quot;&gt;&lt;img src=&quot;image/catalog/cmsblock/block-home2.jpg&quot; alt=&quot;image&quot;&gt;&lt;/a&gt;\r\n			&lt;/div&gt;\r\n		&lt;/div&gt;\r\n		&lt;div class=&quot;col-md-6 col-sm-6 col-sms-12&quot;&gt;\r\n			&lt;div class=&quot;col col1&quot;&gt;\r\n				&lt;h2&gt;CHAIRS &amp;amp; SOFAS.&lt;/h2&gt;\r\n				&lt;p&gt;Mirum est notare quam littera gothica, quam nunc putamus parum claram, anteposuerit litterarum formas humanitatis per seacula.&lt;/p&gt;\r\n				&lt;ul&gt;\r\n					&lt;li&gt;\r\n						&lt;span&gt;Claritas est etiam processus dynamicus.&lt;/span&gt;\r\n					&lt;/li&gt;\r\n					&lt;li&gt;\r\n						&lt;span&gt;Claritas est etiam processus dynamicus.&lt;/span&gt;\r\n					&lt;/li&gt;\r\n					&lt;li&gt;\r\n						&lt;span&gt;Claritas est etiam processus dynamicus.&lt;/span&gt;\r\n					&lt;/li&gt;\r\n				&lt;/ul&gt;\r\n				&lt;a href=&quot;#&quot;&gt;Shop now&lt;/a&gt;\r\n			&lt;/div&gt;\r\n		&lt;/div&gt;\r\n	&lt;/div&gt;\r\n&lt;/div&gt;'),
(134, 1, 24, '  Static About', NULL, '																																								&lt;div class=&quot;static-about&quot;&gt;&lt;h3&gt;Who Are We&lt;/h3&gt;\r\n&lt;h1&gt;Welcome To Mimosa&lt;/h1&gt;\r\n&lt;img src=&quot;image/catalog/cmsblock/bg-title-aboutus.png&quot; alt=&quot;bg title&quot;&gt;\r\n&lt;p&gt;Duis autem vel eum iriure dolor in hendrerit in vulputate velit esse molestie consequat, vel illum \r\ndolore eu feugiat nulla facilisis at vero eros et accumsan et iusto odio dignissim qui blandit praesent luptatum zzril delenit augue duis dolore te feugait nulla facilisi.&lt;/p&gt;\r\n&lt;h4&gt;John Doe - &lt;span&gt;CEO Mimosa&lt;span&gt;&lt;/span&gt;&lt;/span&gt;&lt;/h4&gt;									&lt;/div&gt;																											'),
(135, 1, 25, '  Blog', NULL, '										  									'),
(142, 1, 19, 'Banner Bottom', NULL, '&lt;div class=&quot;banner-bottom&quot;&gt;\r\n	&lt;div class=&quot;logo-footer&quot;&gt;\r\n		&lt;img src=&quot;image/catalog/cmsblock/logo.png&quot; alt=&quot;banner 2&quot;&gt;\r\n	&lt;/div&gt;\r\n	&lt;div class=&quot;link-footer&quot;&gt;\r\n		&lt;ul&gt;\r\n			&lt;li&gt;&lt;a href=&quot;#&quot;&gt;Home&lt;/a&gt;&lt;/li&gt;\r\n			&lt;li&gt;&lt;a href=&quot;#&quot;&gt;Products&lt;/a&gt;&lt;/li&gt;\r\n			&lt;li&gt;&lt;a href=&quot;#&quot;&gt;Policies&lt;/a&gt;&lt;/li&gt;\r\n			&lt;li&gt;&lt;a href=&quot;#&quot;&gt;About Us&lt;/a&gt;&lt;/li&gt;\r\n			&lt;li&gt;&lt;a href=&quot;#&quot;&gt;Contact&lt;/a&gt;&lt;/li&gt;\r\n		&lt;/ul&gt;\r\n	&lt;/div&gt;\r\n&lt;/div&gt;'),
(143, 2, 19, 'Banner Bottom', NULL, '&lt;div class=&quot;banner-bottom&quot;&gt;\r\n	&lt;div class=&quot;logo-footer&quot;&gt;\r\n		&lt;img src=&quot;image/catalog/cmsblock/logo.png&quot; alt=&quot;banner 2&quot;&gt;\r\n	&lt;/div&gt;\r\n	&lt;div class=&quot;link-footer&quot;&gt;\r\n		&lt;ul&gt;\r\n			&lt;li&gt;&lt;a href=&quot;#&quot;&gt;Home&lt;/a&gt;&lt;/li&gt;\r\n			&lt;li&gt;&lt;a href=&quot;#&quot;&gt;Products&lt;/a&gt;&lt;/li&gt;\r\n			&lt;li&gt;&lt;a href=&quot;#&quot;&gt;Policies&lt;/a&gt;&lt;/li&gt;\r\n			&lt;li&gt;&lt;a href=&quot;#&quot;&gt;About Us&lt;/a&gt;&lt;/li&gt;\r\n			&lt;li&gt;&lt;a href=&quot;#&quot;&gt;Contact&lt;/a&gt;&lt;/li&gt;\r\n		&lt;/ul&gt;\r\n	&lt;/div&gt;\r\n&lt;/div&gt;'),
(136, 1, 20, 'Banner Static Home1', NULL, '&lt;div class=&quot;banner-static&quot;&gt;\r\n	&lt;div class=&quot;row&quot;&gt;\r\n		&lt;div class=&quot;col-md-6 col-sm-6 col-sms-12&quot;&gt;&lt;/div&gt;\r\n		&lt;div class=&quot;col-md-6 col-sm-6 col-sms-12&quot;&gt;\r\n			&lt;div class=&quot;col col1&quot;&gt;\r\n				&lt;div class=&quot;banner-text&quot;&gt;\r\n					&lt;h3&gt;About us&lt;/h3&gt;\r\n					&lt;h2&gt;furniture&lt;/h2&gt;\r\n					&lt;h2&gt;of art.&lt;/h2&gt;\r\n					&lt;div class=&quot;banner-description&quot;&gt;\r\n						&lt;p&gt;Typi non habent claritatem insitam, est usus legentis in iis qui facit eorum claritatem. Investigationes demonstraverunt lectores legere me lius quod ii legunt saepius.&lt;/p&gt;\r\n						&lt;a href=&quot;#&quot;&gt;Shop now&lt;/a&gt;\r\n					&lt;/div&gt;\r\n				&lt;/div&gt;\r\n			&lt;/div&gt;\r\n		&lt;/div&gt;\r\n	&lt;/div&gt;\r\n&lt;/div&gt;'),
(137, 2, 20, 'Banner Static Home1', NULL, '&lt;div class=&quot;banner-static&quot;&gt;\r\n	&lt;div class=&quot;row&quot;&gt;\r\n		&lt;div class=&quot;col-md-6 col-sm-6 col-sms-12&quot;&gt;&lt;/div&gt;\r\n		&lt;div class=&quot;col-md-6 col-sm-6 col-sms-12&quot;&gt;\r\n			&lt;div class=&quot;col col1&quot;&gt;\r\n				&lt;div class=&quot;banner-text&quot;&gt;\r\n					&lt;h3&gt;About us&lt;/h3&gt;\r\n					&lt;h2&gt;furniture&lt;/h2&gt;\r\n					&lt;h2&gt;of art.&lt;/h2&gt;\r\n					&lt;div class=&quot;banner-description&quot;&gt;\r\n						&lt;p&gt;Typi non habent claritatem insitam, est usus legentis in iis qui facit eorum claritatem. Investigationes demonstraverunt lectores legere me lius quod ii legunt saepius.&lt;/p&gt;\r\n						&lt;a href=&quot;#&quot;&gt;Shop now&lt;/a&gt;\r\n					&lt;/div&gt;\r\n				&lt;/div&gt;\r\n			&lt;/div&gt;\r\n		&lt;/div&gt;\r\n	&lt;/div&gt;\r\n&lt;/div&gt;'),
(138, 1, 21, 'Banner Center Home1', NULL, '&lt;div class=&quot;banner-center&quot;&gt;\r\n	&lt;div class=&quot;container&quot;&gt;\r\n		&lt;div class=&quot;content-static&quot;&gt;\r\n			&lt;img src=&quot;image/catalog/cmsblock/block1-home1.png&quot; alt=&quot;block1&quot;&gt;\r\n			&lt;h2&gt;Hot Deals this week&lt;/h2&gt;\r\n			&lt;p&gt;Mirum est notare quam littera gothica, quam nunc putamus parum claram, anteposuerit litterarum formas humanitatis per seacula quarta decima et quinta decima.&lt;/p&gt;\r\n			&lt;a href=&quot;#&quot;&gt;shop now&lt;/a&gt;\r\n		&lt;/div&gt;\r\n	&lt;/div&gt;\r\n&lt;/div&gt;'),
(139, 2, 21, 'Banner Center Home1', NULL, '&lt;div class=&quot;banner-center&quot;&gt;\r\n	&lt;div class=&quot;container&quot;&gt;\r\n		&lt;div class=&quot;content-static&quot;&gt;\r\n			&lt;img src=&quot;image/catalog/cmsblock/block1-home1.png&quot; alt=&quot;block1&quot;&gt;\r\n			&lt;h2&gt;Hot Deals this week&lt;/h2&gt;\r\n			&lt;p&gt;Mirum est notare quam littera gothica, quam nunc putamus parum claram, anteposuerit litterarum formas humanitatis per seacula quarta decima et quinta decima.&lt;/p&gt;\r\n			&lt;a href=&quot;#&quot;&gt;shop now&lt;/a&gt;\r\n		&lt;/div&gt;\r\n	&lt;/div&gt;\r\n&lt;/div&gt;'),
(132, 2, 22, '  Logo Footer', NULL, '																				&lt;div class=&quot;logo-footer&quot;&gt;&lt;img src=&quot;image/catalog/logo.png&quot; alt=&quot;logo footer&quot;&gt;&lt;/div&gt;																						'),
(155, 2, 23, '   Social Footer  ', NULL, '										  &lt;div class=&quot;social-footer&quot;&gt;\r\n	&lt;ul&gt;\r\n		&lt;li&gt;&lt;a href=&quot;https://www.facebook.com/PlazaThemes1/&quot;&gt;&lt;i class=&quot;fa fa-facebook&quot;&gt;&lt;/i&gt;&lt;/a&gt;&lt;/li&gt;\r\n		&lt;li&gt;&lt;a href=&quot;https://twitter.com/plazathemes&quot;&gt;&lt;i class=&quot;fa fa-twitter&quot;&gt;&lt;/i&gt;&lt;/a&gt;&lt;/li&gt;\r\n		&lt;li&gt;&lt;a href=&quot;#&quot;&gt;&lt;i class=&quot;fa fa-rss&quot;&gt;&lt;/i&gt;&lt;/a&gt;&lt;/li&gt;\r\n		&lt;li&gt;&lt;a href=&quot;https://plus.google.com/+PlazaThemesMagento&quot;&gt;&lt;i class=&quot;fa fa-google-plus&quot;&gt;&lt;/i&gt;&lt;/a&gt;&lt;/li&gt;\r\n		&lt;li&gt;&lt;a href=&quot;https://www.linkedin.com/company/plazathemes&quot;&gt;&lt;i class=&quot;fa fa-linkedin&quot;&gt;&lt;/i&gt;&lt;/a&gt;&lt;/li&gt;\r\n	&lt;/ul&gt;\r\n&lt;/div&gt; 									'),
(134, 2, 24, '  Static About', NULL, '																																								&lt;div class=&quot;static-about&quot;&gt;&lt;h3&gt;Who Are We&lt;/h3&gt;\r\n&lt;h1&gt;Welcome To Mimosa&lt;/h1&gt;\r\n&lt;img src=&quot;image/catalog/cmsblock/bg-title-aboutus.png&quot; alt=&quot;bg title&quot;&gt;\r\n&lt;p&gt;Duis autem vel eum iriure dolor in hendrerit in vulputate velit esse molestie consequat, vel illum \r\ndolore eu feugiat nulla facilisis at vero eros et accumsan et iusto odio dignissim qui blandit praesent luptatum zzril delenit augue duis dolore te feugait nulla facilisi.&lt;/p&gt;\r\n&lt;h4&gt;John Doe - &lt;span&gt;CEO Mimosa&lt;span&gt;&lt;/span&gt;&lt;/span&gt;&lt;/h4&gt;									&lt;/div&gt;																											'),
(135, 2, 25, '  Blog', NULL, '										  									'),
(148, 1, 28, 'Banner Static1 Home2', NULL, '&lt;div class=&quot;banner-static1&quot;&gt;\r\n	&lt;div class=&quot;row&quot;&gt;\r\n		&lt;div class=&quot;col-md-6 col-sm-6 col-sms-12&quot;&gt;\r\n			&lt;div class=&quot;col col1&quot;&gt;\r\n				&lt;h2&gt;Table.&lt;/h2&gt;\r\n				&lt;p&gt;Mirum est notare quam littera gothica, quam nunc putamus parum claram, anteposuerit litterarum formas humanitatis per seacula.&lt;/p&gt;\r\n				&lt;ul&gt;\r\n					&lt;li&gt;\r\n						&lt;span&gt;Claritas est etiam processus dynamicus.&lt;/span&gt;\r\n					&lt;/li&gt;\r\n					&lt;li&gt;\r\n						&lt;span&gt;Claritas est etiam processus dynamicus.&lt;/span&gt;\r\n					&lt;/li&gt;\r\n					&lt;li&gt;\r\n						&lt;span&gt;Claritas est etiam processus dynamicus.&lt;/span&gt;\r\n					&lt;/li&gt;\r\n				&lt;/ul&gt;\r\n				&lt;a href=&quot;#&quot;&gt;Shop now&lt;/a&gt;\r\n			&lt;/div&gt;\r\n		&lt;/div&gt;\r\n		&lt;div class=&quot;col-md-6 col-sm-6 col-sms-12&quot;&gt;\r\n			&lt;div class=&quot;col col&quot;&gt;\r\n				&lt;a href=&quot;#&quot;&gt;&lt;img src=&quot;image/catalog/cmsblock/block1-home2.jpg&quot; alt=&quot;image&quot;&gt;&lt;/a&gt;\r\n			&lt;/div&gt;\r\n		&lt;/div&gt;\r\n	&lt;/div&gt;\r\n&lt;/div&gt;'),
(149, 2, 28, 'Banner Static1 Home2', NULL, '&lt;div class=&quot;banner-static1&quot;&gt;\r\n	&lt;div class=&quot;row&quot;&gt;\r\n		&lt;div class=&quot;col-md-6 col-sm-6 col-sms-12&quot;&gt;\r\n			&lt;div class=&quot;col col1&quot;&gt;\r\n				&lt;h2&gt;Table.&lt;/h2&gt;\r\n				&lt;p&gt;Mirum est notare quam littera gothica, quam nunc putamus parum claram, anteposuerit litterarum formas humanitatis per seacula.&lt;/p&gt;\r\n				&lt;ul&gt;\r\n					&lt;li&gt;\r\n						&lt;span&gt;Claritas est etiam processus dynamicus.&lt;/span&gt;\r\n					&lt;/li&gt;\r\n					&lt;li&gt;\r\n						&lt;span&gt;Claritas est etiam processus dynamicus.&lt;/span&gt;\r\n					&lt;/li&gt;\r\n					&lt;li&gt;\r\n						&lt;span&gt;Claritas est etiam processus dynamicus.&lt;/span&gt;\r\n					&lt;/li&gt;\r\n				&lt;/ul&gt;\r\n				&lt;a href=&quot;#&quot;&gt;Shop now&lt;/a&gt;\r\n			&lt;/div&gt;\r\n		&lt;/div&gt;\r\n		&lt;div class=&quot;col-md-6 col-sm-6 col-sms-12&quot;&gt;\r\n			&lt;div class=&quot;col col&quot;&gt;\r\n				&lt;a href=&quot;#&quot;&gt;&lt;img src=&quot;image/catalog/cmsblock/block1-home2.jpg&quot; alt=&quot;image&quot;&gt;&lt;/a&gt;\r\n			&lt;/div&gt;\r\n		&lt;/div&gt;\r\n	&lt;/div&gt;\r\n&lt;/div&gt;'),
(153, 2, 29, '   Banner Static2 Home2 ', NULL, '										  &lt;div class=&quot;banner-static2&quot;&gt;\r\n	&lt;div class=&quot;row&quot;&gt;\r\n		&lt;div class=&quot;col-md-6 col-sm-6 col-sms-12&quot;&gt;\r\n			&lt;div class=&quot;col col&quot;&gt;\r\n				&lt;a href=&quot;#&quot;&gt;&lt;img src=&quot;image/catalog/cmsblock/block2-home2.jpg&quot; alt=&quot;image&quot;&gt;&lt;/a&gt;\r\n			&lt;/div&gt;\r\n		&lt;/div&gt;\r\n		&lt;div class=&quot;col-md-6 col-sm-6 col-sms-12&quot;&gt;\r\n			&lt;div class=&quot;col col1&quot;&gt;\r\n				&lt;h2&gt;Accessories&lt;/h2&gt;\r\n				&lt;p&gt;Mirum est notare quam littera gothica, quam nunc putamus parum claram, anteposuerit litterarum formas humanitatis per seacula.&lt;/p&gt;\r\n				&lt;ul&gt;\r\n					&lt;li&gt;\r\n						&lt;span&gt;Claritas est etiam processus dynamicus.&lt;/span&gt;\r\n					&lt;/li&gt;\r\n					&lt;li&gt;\r\n						&lt;span&gt;Claritas est etiam processus dynamicus.&lt;/span&gt;\r\n					&lt;/li&gt;\r\n					&lt;li&gt;\r\n						&lt;span&gt;Claritas est etiam processus dynamicus.&lt;/span&gt;\r\n					&lt;/li&gt;\r\n				&lt;/ul&gt;\r\n				&lt;a href=&quot;#&quot;&gt;Shop now&lt;/a&gt;\r\n			&lt;/div&gt;\r\n		&lt;/div&gt;\r\n	&lt;/div&gt;\r\n&lt;/div&gt; 									'),
(152, 1, 29, '   Banner Static2 Home2 ', NULL, '										  &lt;div class=&quot;banner-static2&quot;&gt;\r\n	&lt;div class=&quot;row&quot;&gt;\r\n		&lt;div class=&quot;col-md-6 col-sm-6 col-sms-12&quot;&gt;\r\n			&lt;div class=&quot;col col&quot;&gt;\r\n				&lt;a href=&quot;#&quot;&gt;&lt;img src=&quot;image/catalog/cmsblock/block2-home2.jpg&quot; alt=&quot;image&quot;&gt;&lt;/a&gt;\r\n			&lt;/div&gt;\r\n		&lt;/div&gt;\r\n		&lt;div class=&quot;col-md-6 col-sm-6 col-sms-12&quot;&gt;\r\n			&lt;div class=&quot;col col1&quot;&gt;\r\n				&lt;h2&gt;Accessories&lt;/h2&gt;\r\n				&lt;p&gt;Mirum est notare quam littera gothica, quam nunc putamus parum claram, anteposuerit litterarum formas humanitatis per seacula.&lt;/p&gt;\r\n				&lt;ul&gt;\r\n					&lt;li&gt;\r\n						&lt;span&gt;Claritas est etiam processus dynamicus.&lt;/span&gt;\r\n					&lt;/li&gt;\r\n					&lt;li&gt;\r\n						&lt;span&gt;Claritas est etiam processus dynamicus.&lt;/span&gt;\r\n					&lt;/li&gt;\r\n					&lt;li&gt;\r\n						&lt;span&gt;Claritas est etiam processus dynamicus.&lt;/span&gt;\r\n					&lt;/li&gt;\r\n				&lt;/ul&gt;\r\n				&lt;a href=&quot;#&quot;&gt;Shop now&lt;/a&gt;\r\n			&lt;/div&gt;\r\n		&lt;/div&gt;\r\n	&lt;/div&gt;\r\n&lt;/div&gt; 									'),
(176, 1, 30, '      Banner Static Home3  ', NULL, '										  										  &lt;div class=&quot;banner-static&quot;&gt;\r\n	&lt;h2&gt;WELCOME TO OUTLINE&lt;/h2&gt;\r\n	&lt;div class=&quot;banner-image&quot;&gt;&lt;a href=&quot;#&quot;&gt;&lt;img src=&quot;image/catalog/cmsblock/block-home3.jpg&quot; alt=&quot;image&quot;&gt;&lt;/a&gt;&lt;/div&gt;\r\n	&lt;p&gt;Nam liber tempor cum soluta nobis eleifend option congue nihil imperdiet doming id quod mazim placerat facer possim assum. Typi non habent claritatem insitam; est usus legentis in iis qui facit eorum claritatem. Investigationes demonstraverunt lectores legere me lius quod ii legunt saepius.&lt;/p&gt;\r\n	&lt;div class=&quot;banner-link&quot;&gt;&lt;a href=&quot;#&quot;&gt;EXPLORE&lt;/a&gt;&lt;/div&gt;\r\n&lt;/div&gt;								 									'),
(177, 2, 30, '      Banner Static Home3  ', NULL, '										  										  &lt;div class=&quot;banner-static&quot;&gt;\r\n	&lt;h2&gt;WELCOME TO OUTLINE&lt;/h2&gt;\r\n	&lt;div class=&quot;banner-image&quot;&gt;&lt;a href=&quot;#&quot;&gt;&lt;img src=&quot;image/catalog/cmsblock/block-home3.jpg&quot; alt=&quot;image&quot;&gt;&lt;/a&gt;&lt;/div&gt;\r\n	&lt;p&gt;Nam liber tempor cum soluta nobis eleifend option congue nihil imperdiet doming id quod mazim placerat facer possim assum. Typi non habent claritatem insitam; est usus legentis in iis qui facit eorum claritatem. Investigationes demonstraverunt lectores legere me lius quod ii legunt saepius.&lt;/p&gt;\r\n	&lt;div class=&quot;banner-link&quot;&gt;&lt;a href=&quot;#&quot;&gt;EXPLORE&lt;/a&gt;&lt;/div&gt;\r\n&lt;/div&gt;								 									'),
(167, 2, 31, '     Banner Static1 Home3 ', NULL, '										  &lt;div class=&quot;banner-static1&quot;&gt;\r\n	&lt;div class=&quot;row&quot;&gt;\r\n		&lt;div class=&quot;col-md-6 col-sm-6 col-sms-12&quot;&gt;\r\n			&lt;div class=&quot;col col&quot;&gt;\r\n				&lt;a href=&quot;#&quot;&gt;&lt;img src=&quot;image/catalog/cmsblock/block1-home3.jpg&quot; alt=&quot;image&quot;&gt;&lt;/a&gt;\r\n			&lt;/div&gt;\r\n		&lt;/div&gt;\r\n		&lt;div class=&quot;col-md-6 col-sm-6 col-sms-12&quot;&gt;\r\n			&lt;div class=&quot;col col1&quot;&gt;\r\n				&lt;h2&gt;CHAIRS &amp;amp; SOFAS collection.&lt;/h2&gt;\r\n				&lt;p&gt;Mirum est notare quam littera gothica, quam nunc putamus parum claram, anteposuerit litterarum formas humanitatis per seacula.&lt;/p&gt;\r\n				&lt;ul&gt;\r\n					&lt;li&gt;\r\n						&lt;span&gt;Claritas est etiam processus dynamicus.&lt;/span&gt;\r\n					&lt;/li&gt;\r\n					&lt;li&gt;\r\n						&lt;span&gt;Claritas est etiam processus dynamicus.&lt;/span&gt;\r\n					&lt;/li&gt;\r\n					&lt;li&gt;\r\n						&lt;span&gt;Claritas est etiam processus dynamicus.&lt;/span&gt;\r\n					&lt;/li&gt;\r\n				&lt;/ul&gt;\r\n				&lt;a href=&quot;#&quot;&gt;Shop now&lt;/a&gt;\r\n			&lt;/div&gt;\r\n		&lt;/div&gt;\r\n	&lt;/div&gt;\r\n&lt;/div&gt; 									'),
(166, 1, 31, '   Banner Static1 Home3 ', NULL, '										  &lt;div class=&quot;banner-static1&quot;&gt;\r\n	&lt;div class=&quot;row&quot;&gt;\r\n		&lt;div class=&quot;col-md-6 col-sm-6 col-sms-12&quot;&gt;\r\n			&lt;div class=&quot;col col&quot;&gt;\r\n				&lt;a href=&quot;#&quot;&gt;&lt;img src=&quot;image/catalog/cmsblock/block1-home3.jpg&quot; alt=&quot;image&quot;&gt;&lt;/a&gt;\r\n			&lt;/div&gt;\r\n		&lt;/div&gt;\r\n		&lt;div class=&quot;col-md-6 col-sm-6 col-sms-12&quot;&gt;\r\n			&lt;div class=&quot;col col1&quot;&gt;\r\n				&lt;h2&gt;CHAIRS &amp;amp; SOFAS collection.&lt;/h2&gt;\r\n				&lt;p&gt;Mirum est notare quam littera gothica, quam nunc putamus parum claram, anteposuerit litterarum formas humanitatis per seacula.&lt;/p&gt;\r\n				&lt;ul&gt;\r\n					&lt;li&gt;\r\n						&lt;span&gt;Claritas est etiam processus dynamicus.&lt;/span&gt;\r\n					&lt;/li&gt;\r\n					&lt;li&gt;\r\n						&lt;span&gt;Claritas est etiam processus dynamicus.&lt;/span&gt;\r\n					&lt;/li&gt;\r\n					&lt;li&gt;\r\n						&lt;span&gt;Claritas est etiam processus dynamicus.&lt;/span&gt;\r\n					&lt;/li&gt;\r\n				&lt;/ul&gt;\r\n				&lt;a href=&quot;#&quot;&gt;Shop now&lt;/a&gt;\r\n			&lt;/div&gt;\r\n		&lt;/div&gt;\r\n	&lt;/div&gt;\r\n&lt;/div&gt; 									'),
(165, 2, 32, '   Banner Static2 Home3 ', NULL, '										  &lt;div class=&quot;banner-static2&quot;&gt;\r\n	&lt;div class=&quot;row&quot;&gt;\r\n		&lt;div class=&quot;col-md-6 col-sm-6 col-sms-12&quot;&gt;\r\n			&lt;div class=&quot;col col1&quot;&gt;\r\n				&lt;h2&gt;Table collection.&lt;/h2&gt;\r\n				&lt;p&gt;Mirum est notare quam littera gothica, quam nunc putamus parum claram, anteposuerit litterarum formas humanitatis per seacula.&lt;/p&gt;\r\n				&lt;ul&gt;\r\n					&lt;li&gt;\r\n						&lt;span&gt;Claritas est etiam processus dynamicus.&lt;/span&gt;\r\n					&lt;/li&gt;\r\n					&lt;li&gt;\r\n						&lt;span&gt;Claritas est etiam processus dynamicus.&lt;/span&gt;\r\n					&lt;/li&gt;\r\n					&lt;li&gt;\r\n						&lt;span&gt;Claritas est etiam processus dynamicus.&lt;/span&gt;\r\n					&lt;/li&gt;\r\n				&lt;/ul&gt;\r\n				&lt;a href=&quot;#&quot;&gt;Shop now&lt;/a&gt;\r\n			&lt;/div&gt;\r\n		&lt;/div&gt;\r\n		&lt;div class=&quot;col-md-6 col-sm-6 col-sms-12&quot;&gt;\r\n			&lt;div class=&quot;col col&quot;&gt;\r\n				&lt;a href=&quot;#&quot;&gt;&lt;img src=&quot;image/catalog/cmsblock/block2-home3.jpg&quot; alt=&quot;image&quot;&gt;&lt;/a&gt;\r\n			&lt;/div&gt;\r\n		&lt;/div&gt;\r\n	&lt;/div&gt;\r\n&lt;/div&gt; 									'),
(164, 1, 32, '   Banner Static2 Home3 ', NULL, '										  &lt;div class=&quot;banner-static2&quot;&gt;\r\n	&lt;div class=&quot;row&quot;&gt;\r\n		&lt;div class=&quot;col-md-6 col-sm-6 col-sms-12&quot;&gt;\r\n			&lt;div class=&quot;col col1&quot;&gt;\r\n				&lt;h2&gt;Table collection.&lt;/h2&gt;\r\n				&lt;p&gt;Mirum est notare quam littera gothica, quam nunc putamus parum claram, anteposuerit litterarum formas humanitatis per seacula.&lt;/p&gt;\r\n				&lt;ul&gt;\r\n					&lt;li&gt;\r\n						&lt;span&gt;Claritas est etiam processus dynamicus.&lt;/span&gt;\r\n					&lt;/li&gt;\r\n					&lt;li&gt;\r\n						&lt;span&gt;Claritas est etiam processus dynamicus.&lt;/span&gt;\r\n					&lt;/li&gt;\r\n					&lt;li&gt;\r\n						&lt;span&gt;Claritas est etiam processus dynamicus.&lt;/span&gt;\r\n					&lt;/li&gt;\r\n				&lt;/ul&gt;\r\n				&lt;a href=&quot;#&quot;&gt;Shop now&lt;/a&gt;\r\n			&lt;/div&gt;\r\n		&lt;/div&gt;\r\n		&lt;div class=&quot;col-md-6 col-sm-6 col-sms-12&quot;&gt;\r\n			&lt;div class=&quot;col col&quot;&gt;\r\n				&lt;a href=&quot;#&quot;&gt;&lt;img src=&quot;image/catalog/cmsblock/block2-home3.jpg&quot; alt=&quot;image&quot;&gt;&lt;/a&gt;\r\n			&lt;/div&gt;\r\n		&lt;/div&gt;\r\n	&lt;/div&gt;\r\n&lt;/div&gt; 									'),
(171, 2, 33, '   Banner Static3 Home3 ', NULL, '										  &lt;div class=&quot;banner-static3&quot;&gt;\r\n	&lt;div class=&quot;row&quot;&gt;\r\n		&lt;div class=&quot;col-md-6 col-sm-6 col-sms-12&quot;&gt;\r\n			&lt;div class=&quot;col col&quot;&gt;\r\n				&lt;a href=&quot;#&quot;&gt;&lt;img src=&quot;image/catalog/cmsblock/block3-home3.jpg&quot; alt=&quot;image&quot;&gt;&lt;/a&gt;\r\n			&lt;/div&gt;\r\n		&lt;/div&gt;\r\n		&lt;div class=&quot;col-md-6 col-sm-6 col-sms-12&quot;&gt;\r\n			&lt;div class=&quot;col col1&quot;&gt;\r\n				&lt;h2&gt;Lamp collection.&lt;/h2&gt;\r\n				&lt;p&gt;Mirum est notare quam littera gothica, quam nunc putamus parum claram, anteposuerit litterarum formas humanitatis per seacula.&lt;/p&gt;\r\n				&lt;ul&gt;\r\n					&lt;li&gt;\r\n						&lt;span&gt;Claritas est etiam processus dynamicus.&lt;/span&gt;\r\n					&lt;/li&gt;\r\n					&lt;li&gt;\r\n						&lt;span&gt;Claritas est etiam processus dynamicus.&lt;/span&gt;\r\n					&lt;/li&gt;\r\n					&lt;li&gt;\r\n						&lt;span&gt;Claritas est etiam processus dynamicus.&lt;/span&gt;\r\n					&lt;/li&gt;\r\n				&lt;/ul&gt;\r\n				&lt;a href=&quot;#&quot;&gt;Shop now&lt;/a&gt;\r\n			&lt;/div&gt;\r\n		&lt;/div&gt;\r\n	&lt;/div&gt;\r\n&lt;/div&gt; 									'),
(170, 1, 33, '   Banner Static3 Home3 ', NULL, '										  &lt;div class=&quot;banner-static3&quot;&gt;\r\n	&lt;div class=&quot;row&quot;&gt;\r\n		&lt;div class=&quot;col-md-6 col-sm-6 col-sms-12&quot;&gt;\r\n			&lt;div class=&quot;col col&quot;&gt;\r\n				&lt;a href=&quot;#&quot;&gt;&lt;img src=&quot;image/catalog/cmsblock/block3-home3.jpg&quot; alt=&quot;image&quot;&gt;&lt;/a&gt;\r\n			&lt;/div&gt;\r\n		&lt;/div&gt;\r\n		&lt;div class=&quot;col-md-6 col-sm-6 col-sms-12&quot;&gt;\r\n			&lt;div class=&quot;col col1&quot;&gt;\r\n				&lt;h2&gt;Lamp collection.&lt;/h2&gt;\r\n				&lt;p&gt;Mirum est notare quam littera gothica, quam nunc putamus parum claram, anteposuerit litterarum formas humanitatis per seacula.&lt;/p&gt;\r\n				&lt;ul&gt;\r\n					&lt;li&gt;\r\n						&lt;span&gt;Claritas est etiam processus dynamicus.&lt;/span&gt;\r\n					&lt;/li&gt;\r\n					&lt;li&gt;\r\n						&lt;span&gt;Claritas est etiam processus dynamicus.&lt;/span&gt;\r\n					&lt;/li&gt;\r\n					&lt;li&gt;\r\n						&lt;span&gt;Claritas est etiam processus dynamicus.&lt;/span&gt;\r\n					&lt;/li&gt;\r\n				&lt;/ul&gt;\r\n				&lt;a href=&quot;#&quot;&gt;Shop now&lt;/a&gt;\r\n			&lt;/div&gt;\r\n		&lt;/div&gt;\r\n	&lt;/div&gt;\r\n&lt;/div&gt; 									'),
(172, 1, 34, 'Banner Static4 Home3', NULL, '&lt;div class=&quot;banner-static4&quot;&gt;\r\n	&lt;div class=&quot;row&quot;&gt;\r\n		&lt;div class=&quot;col-md-6 col-sm-6 col-sms-12&quot;&gt;\r\n			&lt;div class=&quot;col col1&quot;&gt;\r\n				&lt;h2&gt;Clock collection.&lt;/h2&gt;\r\n				&lt;p&gt;Mirum est notare quam littera gothica, quam nunc putamus parum claram, anteposuerit litterarum formas humanitatis per seacula.&lt;/p&gt;\r\n				&lt;ul&gt;\r\n					&lt;li&gt;\r\n						&lt;span&gt;Claritas est etiam processus dynamicus.&lt;/span&gt;\r\n					&lt;/li&gt;\r\n					&lt;li&gt;\r\n						&lt;span&gt;Claritas est etiam processus dynamicus.&lt;/span&gt;\r\n					&lt;/li&gt;\r\n					&lt;li&gt;\r\n						&lt;span&gt;Claritas est etiam processus dynamicus.&lt;/span&gt;\r\n					&lt;/li&gt;\r\n				&lt;/ul&gt;\r\n				&lt;a href=&quot;#&quot;&gt;Shop now&lt;/a&gt;\r\n			&lt;/div&gt;\r\n		&lt;/div&gt;\r\n		&lt;div class=&quot;col-md-6 col-sm-6 col-sms-12&quot;&gt;\r\n			&lt;div class=&quot;col col&quot;&gt;\r\n				&lt;a href=&quot;#&quot;&gt;&lt;img src=&quot;image/catalog/cmsblock/block4-home3.jpg&quot; alt=&quot;image&quot;&gt;&lt;/a&gt;\r\n			&lt;/div&gt;\r\n		&lt;/div&gt;\r\n	&lt;/div&gt;\r\n&lt;/div&gt;'),
(173, 2, 34, 'Banner Static4 Home3', NULL, '&lt;div class=&quot;banner-static4&quot;&gt;\r\n	&lt;div class=&quot;row&quot;&gt;\r\n		&lt;div class=&quot;col-md-6 col-sm-6 col-sms-12&quot;&gt;\r\n			&lt;div class=&quot;col col1&quot;&gt;\r\n				&lt;h2&gt;Clock collection.&lt;/h2&gt;\r\n				&lt;p&gt;Mirum est notare quam littera gothica, quam nunc putamus parum claram, anteposuerit litterarum formas humanitatis per seacula.&lt;/p&gt;\r\n				&lt;ul&gt;\r\n					&lt;li&gt;\r\n						&lt;span&gt;Claritas est etiam processus dynamicus.&lt;/span&gt;\r\n					&lt;/li&gt;\r\n					&lt;li&gt;\r\n						&lt;span&gt;Claritas est etiam processus dynamicus.&lt;/span&gt;\r\n					&lt;/li&gt;\r\n					&lt;li&gt;\r\n						&lt;span&gt;Claritas est etiam processus dynamicus.&lt;/span&gt;\r\n					&lt;/li&gt;\r\n				&lt;/ul&gt;\r\n				&lt;a href=&quot;#&quot;&gt;Shop now&lt;/a&gt;\r\n			&lt;/div&gt;\r\n		&lt;/div&gt;\r\n		&lt;div class=&quot;col-md-6 col-sm-6 col-sms-12&quot;&gt;\r\n			&lt;div class=&quot;col col&quot;&gt;\r\n				&lt;a href=&quot;#&quot;&gt;&lt;img src=&quot;image/catalog/cmsblock/block4-home3.jpg&quot; alt=&quot;image&quot;&gt;&lt;/a&gt;\r\n			&lt;/div&gt;\r\n		&lt;/div&gt;\r\n	&lt;/div&gt;\r\n&lt;/div&gt;'),
(174, 1, 35, 'Banner Static5 Home3', NULL, '&lt;div class=&quot;banner-static5&quot;&gt;\r\n	&lt;div class=&quot;row&quot;&gt;\r\n		&lt;div class=&quot;col-md-6 col-sm-6 col-sms-12&quot;&gt;\r\n			&lt;div class=&quot;col col&quot;&gt;\r\n				&lt;a href=&quot;#&quot;&gt;&lt;img src=&quot;image/catalog/cmsblock/block5-home3.jpg&quot; alt=&quot;image&quot;&gt;&lt;/a&gt;\r\n			&lt;/div&gt;\r\n		&lt;/div&gt;\r\n		&lt;div class=&quot;col-md-6 col-sm-6 col-sms-12&quot;&gt;\r\n			&lt;div class=&quot;col col1&quot;&gt;\r\n				&lt;h2&gt;Accessories.&lt;/h2&gt;\r\n				&lt;p&gt;Mirum est notare quam littera gothica, quam nunc putamus parum claram, anteposuerit litterarum formas humanitatis per seacula.&lt;/p&gt;\r\n				&lt;ul&gt;\r\n					&lt;li&gt;\r\n						&lt;span&gt;Claritas est etiam processus dynamicus.&lt;/span&gt;\r\n					&lt;/li&gt;\r\n					&lt;li&gt;\r\n						&lt;span&gt;Claritas est etiam processus dynamicus.&lt;/span&gt;\r\n					&lt;/li&gt;\r\n					&lt;li&gt;\r\n						&lt;span&gt;Claritas est etiam processus dynamicus.&lt;/span&gt;\r\n					&lt;/li&gt;\r\n				&lt;/ul&gt;\r\n				&lt;a href=&quot;#&quot;&gt;Shop now&lt;/a&gt;\r\n			&lt;/div&gt;\r\n		&lt;/div&gt;\r\n	&lt;/div&gt;\r\n&lt;/div&gt;'),
(175, 2, 35, 'Banner Static5 Home3', NULL, '&lt;div class=&quot;banner-static5&quot;&gt;\r\n	&lt;div class=&quot;row&quot;&gt;\r\n		&lt;div class=&quot;col-md-6 col-sm-6 col-sms-12&quot;&gt;\r\n			&lt;div class=&quot;col col&quot;&gt;\r\n				&lt;a href=&quot;#&quot;&gt;&lt;img src=&quot;image/catalog/cmsblock/block5-home3.jpg&quot; alt=&quot;image&quot;&gt;&lt;/a&gt;\r\n			&lt;/div&gt;\r\n		&lt;/div&gt;\r\n		&lt;div class=&quot;col-md-6 col-sm-6 col-sms-12&quot;&gt;\r\n			&lt;div class=&quot;col col1&quot;&gt;\r\n				&lt;h2&gt;Accessories.&lt;/h2&gt;\r\n				&lt;p&gt;Mirum est notare quam littera gothica, quam nunc putamus parum claram, anteposuerit litterarum formas humanitatis per seacula.&lt;/p&gt;\r\n				&lt;ul&gt;\r\n					&lt;li&gt;\r\n						&lt;span&gt;Claritas est etiam processus dynamicus.&lt;/span&gt;\r\n					&lt;/li&gt;\r\n					&lt;li&gt;\r\n						&lt;span&gt;Claritas est etiam processus dynamicus.&lt;/span&gt;\r\n					&lt;/li&gt;\r\n					&lt;li&gt;\r\n						&lt;span&gt;Claritas est etiam processus dynamicus.&lt;/span&gt;\r\n					&lt;/li&gt;\r\n				&lt;/ul&gt;\r\n				&lt;a href=&quot;#&quot;&gt;Shop now&lt;/a&gt;\r\n			&lt;/div&gt;\r\n		&lt;/div&gt;\r\n	&lt;/div&gt;\r\n&lt;/div&gt;'),
(181, 2, 36, '   Banner Static Home5 ', NULL, '&lt;div class=&quot;banner-static&quot;&gt;\r\n	&lt;div class=&quot;container&quot;&gt;\r\n		&lt;div class=&quot;row&quot;&gt;\r\n			&lt;div class=&quot; col-xs-12 col-sm-12 col-md-4 col-lg-4&quot;&gt;\r\n				&lt;div class=&quot;col col1&quot;&gt;\r\n					&lt;div class=&quot;img&quot;&gt;\r\n						&lt;img src=&quot;image/catalog/cmsblock/block-home5.png&quot; alt=&quot;banner 2&quot;&gt;\r\n					&lt;/div&gt;\r\n					&lt;div class=&quot;content-banner&quot;&gt;\r\n					&lt;h3&gt;Free Shipping&lt;/h3&gt;\r\n					&lt;p&gt;Free shipping on all order over $99.00&lt;/p&gt;\r\n					&lt;/div&gt;\r\n				&lt;/div&gt;\r\n			&lt;/div&gt;\r\n			&lt;div class=&quot; col-xs-12 col-sm-12 col-md-4 col-lg-4&quot;&gt;\r\n				&lt;div class=&quot;col col2&quot;&gt;\r\n					&lt;div class=&quot;img&quot;&gt;\r\n						&lt;img src=&quot;image/catalog/cmsblock/block1-home5.png&quot; alt=&quot;banner 2&quot;&gt;\r\n					&lt;/div&gt;\r\n					&lt;div class=&quot;content-banner&quot;&gt;\r\n					&lt;h3&gt;Online Support 24/7&lt;/h3&gt;\r\n					&lt;p&gt;We are here to make your day. Let’s talk !&lt;/p&gt;\r\n					&lt;/div&gt;\r\n				&lt;/div&gt;\r\n			&lt;/div&gt;\r\n			&lt;div class=&quot; col-xs-12 col-sm-12 col-md-4 col-lg-4&quot;&gt;\r\n				&lt;div class=&quot;col col3&quot;&gt;\r\n					&lt;div class=&quot;img&quot;&gt;\r\n						&lt;img src=&quot;image/catalog/cmsblock/block2-home5.png&quot; alt=&quot;banner 2&quot;&gt;\r\n					&lt;/div&gt;\r\n					&lt;div class=&quot;content-banner&quot;&gt;\r\n					&lt;h3&gt;Money Back Guarantee!&lt;/h3&gt;\r\n					&lt;p&gt;We free 30 days 100% money back &amp;amp; return&lt;/p&gt;\r\n					&lt;/div&gt;\r\n				&lt;/div&gt;\r\n			&lt;/div&gt;\r\n		&lt;/div&gt;\r\n	&lt;/div&gt;\r\n&lt;/div&gt;'),
(180, 1, 36, '   Banner Static Home5 ', NULL, '&lt;div class=&quot;banner-static&quot;&gt;\r\n	&lt;div class=&quot;container&quot;&gt;\r\n		&lt;div class=&quot;row&quot;&gt;\r\n			&lt;div class=&quot; col-xs-12 col-sm-12 col-md-4 col-lg-4&quot;&gt;\r\n				&lt;div class=&quot;col col1&quot;&gt;\r\n					&lt;div class=&quot;img&quot;&gt;\r\n						&lt;img src=&quot;image/catalog/cmsblock/block-home5.png&quot; alt=&quot;banner 2&quot;&gt;\r\n					&lt;/div&gt;\r\n					&lt;div class=&quot;content-banner&quot;&gt;\r\n					&lt;h3&gt;Free Shipping&lt;/h3&gt;\r\n					&lt;p&gt;Free shipping on all order over $99.00&lt;/p&gt;\r\n					&lt;/div&gt;\r\n				&lt;/div&gt;\r\n			&lt;/div&gt;\r\n			&lt;div class=&quot; col-xs-12 col-sm-12 col-md-4 col-lg-4&quot;&gt;\r\n				&lt;div class=&quot;col col2&quot;&gt;\r\n					&lt;div class=&quot;img&quot;&gt;\r\n						&lt;img src=&quot;image/catalog/cmsblock/block1-home5.png&quot; alt=&quot;banner 2&quot;&gt;\r\n					&lt;/div&gt;\r\n					&lt;div class=&quot;content-banner&quot;&gt;\r\n					&lt;h3&gt;Online Support 24/7&lt;/h3&gt;\r\n					&lt;p&gt;We are here to make your day. Let’s talk !&lt;/p&gt;\r\n					&lt;/div&gt;\r\n				&lt;/div&gt;\r\n			&lt;/div&gt;\r\n			&lt;div class=&quot; col-xs-12 col-sm-12 col-md-4 col-lg-4&quot;&gt;\r\n				&lt;div class=&quot;col col3&quot;&gt;\r\n					&lt;div class=&quot;img&quot;&gt;\r\n						&lt;img src=&quot;image/catalog/cmsblock/block2-home5.png&quot; alt=&quot;banner 2&quot;&gt;\r\n					&lt;/div&gt;\r\n					&lt;div class=&quot;content-banner&quot;&gt;\r\n					&lt;h3&gt;Money Back Guarantee!&lt;/h3&gt;\r\n					&lt;p&gt;We free 30 days 100% money back &amp;amp; return&lt;/p&gt;\r\n					&lt;/div&gt;\r\n				&lt;/div&gt;\r\n			&lt;/div&gt;\r\n		&lt;/div&gt;\r\n	&lt;/div&gt;\r\n&lt;/div&gt;'),
(185, 2, 37, '   Banner Center Home5 ', NULL, '&lt;div class=&quot;banner-center&quot;&gt;\r\n	&lt;a href=&quot;#&quot;&gt;&lt;img src=&quot;image/catalog/cmsblock/block3-home5.jpg&quot; alt=&quot;banner 2&quot;&gt;&lt;/a&gt;\r\n&lt;/div&gt;'),
(184, 1, 37, '   Banner Center Home5 ', NULL, '&lt;div class=&quot;banner-center&quot;&gt;\r\n	&lt;a href=&quot;#&quot;&gt;&lt;img src=&quot;image/catalog/cmsblock/block3-home5.jpg&quot; alt=&quot;banner 2&quot;&gt;&lt;/a&gt;\r\n&lt;/div&gt;'),
(192, 1, 38, '      Banner Static Home6  ', NULL, '										  &lt;div class=&quot;banner-static&quot;&gt;\r\n	&lt;div class=&quot;row&quot;&gt;\r\n		&lt;div class=&quot;col-xs-12 col-sm-4 col-md-4 col-lg-4&quot;&gt;\r\n			&lt;div class=&quot;col col1&quot;&gt;\r\n				&lt;a href=&quot;#&quot;&gt;&lt;img src=&quot;image/catalog/cmsblock/block-home6.jpg&quot; alt=&quot;banner 2&quot;&gt;&lt;/a&gt;\r\n			&lt;/div&gt;\r\n		&lt;/div&gt;\r\n		&lt;div class=&quot;col-xs-12 col-sm-4 col-md-4 col-lg-4&quot;&gt;\r\n			&lt;div class=&quot;col col2&quot;&gt;\r\n				&lt;a href=&quot;#&quot;&gt;&lt;img src=&quot;image/catalog/cmsblock/block1-home6.jpg&quot; alt=&quot;banner 2&quot;&gt;&lt;/a&gt;\r\n			&lt;/div&gt;\r\n		&lt;/div&gt;\r\n		&lt;div class=&quot;col-xs-12 col-sm-4 col-md-4 col-lg-4&quot;&gt;\r\n			&lt;div class=&quot;col col3&quot;&gt;\r\n				&lt;a href=&quot;#&quot;&gt;&lt;img src=&quot;image/catalog/cmsblock/block2-home6.jpg&quot; alt=&quot;banner 2&quot;&gt;&lt;/a&gt;\r\n			&lt;/div&gt;\r\n		&lt;/div&gt;\r\n	&lt;/div&gt;\r\n&lt;/div&gt; 									'),
(193, 2, 38, '      Banner Static Home6  ', NULL, '										  &lt;div class=&quot;banner-static&quot;&gt;\r\n	&lt;div class=&quot;row&quot;&gt;\r\n		&lt;div class=&quot;col-xs-12 col-sm-4 col-md-4 col-lg-4&quot;&gt;\r\n			&lt;div class=&quot;col col1&quot;&gt;\r\n				&lt;a href=&quot;#&quot;&gt;&lt;img src=&quot;image/catalog/cmsblock/block-home6.jpg&quot; alt=&quot;banner 2&quot;&gt;&lt;/a&gt;\r\n			&lt;/div&gt;\r\n		&lt;/div&gt;\r\n		&lt;div class=&quot;col-xs-12 col-sm-4 col-md-4 col-lg-4&quot;&gt;\r\n			&lt;div class=&quot;col col2&quot;&gt;\r\n				&lt;a href=&quot;#&quot;&gt;&lt;img src=&quot;image/catalog/cmsblock/block1-home6.jpg&quot; alt=&quot;banner 2&quot;&gt;&lt;/a&gt;\r\n			&lt;/div&gt;\r\n		&lt;/div&gt;\r\n		&lt;div class=&quot;col-xs-12 col-sm-4 col-md-4 col-lg-4&quot;&gt;\r\n			&lt;div class=&quot;col col3&quot;&gt;\r\n				&lt;a href=&quot;#&quot;&gt;&lt;img src=&quot;image/catalog/cmsblock/block2-home6.jpg&quot; alt=&quot;banner 2&quot;&gt;&lt;/a&gt;\r\n			&lt;/div&gt;\r\n		&lt;/div&gt;\r\n	&lt;/div&gt;\r\n&lt;/div&gt; 									'),
(190, 1, 39, 'Banner Center Home6', NULL, '&lt;div class=&quot;banner-center&quot;&gt;\r\n	&lt;div class=&quot;container&quot;&gt;\r\n		&lt;div class=&quot;row&quot;&gt;\r\n			&lt;div class=&quot; col-xs-12 col-sm-12 col-md-4 col-lg-4&quot;&gt;\r\n				&lt;div class=&quot;col col1&quot;&gt;\r\n					&lt;div class=&quot;img&quot;&gt;\r\n						&lt;img src=&quot;image/catalog/cmsblock/block-home5.png&quot; alt=&quot;banner 2&quot;&gt;\r\n					&lt;/div&gt;\r\n					&lt;div class=&quot;content-banner&quot;&gt;\r\n					&lt;h3&gt;Free Shipping&lt;/h3&gt;\r\n					&lt;p&gt;Free shipping on all order over $99.00&lt;/p&gt;\r\n					&lt;/div&gt;\r\n				&lt;/div&gt;\r\n			&lt;/div&gt;\r\n			&lt;div class=&quot; col-xs-12 col-sm-12 col-md-4 col-lg-4&quot;&gt;\r\n				&lt;div class=&quot;col col2&quot;&gt;\r\n					&lt;div class=&quot;img&quot;&gt;\r\n						&lt;img src=&quot;image/catalog/cmsblock/block1-home5.png&quot; alt=&quot;banner 2&quot;&gt;\r\n					&lt;/div&gt;\r\n					&lt;div class=&quot;content-banner&quot;&gt;\r\n					&lt;h3&gt;Online Support 24/7&lt;/h3&gt;\r\n					&lt;p&gt;We are here to make your day. Let’s talk !&lt;/p&gt;\r\n					&lt;/div&gt;\r\n				&lt;/div&gt;\r\n			&lt;/div&gt;\r\n			&lt;div class=&quot; col-xs-12 col-sm-12 col-md-4 col-lg-4&quot;&gt;\r\n				&lt;div class=&quot;col col3&quot;&gt;\r\n					&lt;div class=&quot;img&quot;&gt;\r\n						&lt;img src=&quot;image/catalog/cmsblock/block2-home5.png&quot; alt=&quot;banner 2&quot;&gt;\r\n					&lt;/div&gt;\r\n					&lt;div class=&quot;content-banner&quot;&gt;\r\n					&lt;h3&gt;Money Back Guarantee!&lt;/h3&gt;\r\n					&lt;p&gt;We free 30 days 100% money back &amp;amp; return&lt;/p&gt;\r\n					&lt;/div&gt;\r\n				&lt;/div&gt;\r\n			&lt;/div&gt;\r\n		&lt;/div&gt;\r\n	&lt;/div&gt;\r\n&lt;/div&gt;'),
(191, 2, 39, 'Banner Center Home6', NULL, '&lt;div class=&quot;banner-center&quot;&gt;\r\n	&lt;div class=&quot;container&quot;&gt;\r\n		&lt;div class=&quot;row&quot;&gt;\r\n			&lt;div class=&quot; col-xs-12 col-sm-12 col-md-4 col-lg-4&quot;&gt;\r\n				&lt;div class=&quot;col col1&quot;&gt;\r\n					&lt;div class=&quot;img&quot;&gt;\r\n						&lt;img src=&quot;image/catalog/cmsblock/block-home5.png&quot; alt=&quot;banner 2&quot;&gt;\r\n					&lt;/div&gt;\r\n					&lt;div class=&quot;content-banner&quot;&gt;\r\n					&lt;h3&gt;Free Shipping&lt;/h3&gt;\r\n					&lt;p&gt;Free shipping on all order over $99.00&lt;/p&gt;\r\n					&lt;/div&gt;\r\n				&lt;/div&gt;\r\n			&lt;/div&gt;\r\n			&lt;div class=&quot; col-xs-12 col-sm-12 col-md-4 col-lg-4&quot;&gt;\r\n				&lt;div class=&quot;col col2&quot;&gt;\r\n					&lt;div class=&quot;img&quot;&gt;\r\n						&lt;img src=&quot;image/catalog/cmsblock/block1-home5.png&quot; alt=&quot;banner 2&quot;&gt;\r\n					&lt;/div&gt;\r\n					&lt;div class=&quot;content-banner&quot;&gt;\r\n					&lt;h3&gt;Online Support 24/7&lt;/h3&gt;\r\n					&lt;p&gt;We are here to make your day. Let’s talk !&lt;/p&gt;\r\n					&lt;/div&gt;\r\n				&lt;/div&gt;\r\n			&lt;/div&gt;\r\n			&lt;div class=&quot; col-xs-12 col-sm-12 col-md-4 col-lg-4&quot;&gt;\r\n				&lt;div class=&quot;col col3&quot;&gt;\r\n					&lt;div class=&quot;img&quot;&gt;\r\n						&lt;img src=&quot;image/catalog/cmsblock/block2-home5.png&quot; alt=&quot;banner 2&quot;&gt;\r\n					&lt;/div&gt;\r\n					&lt;div class=&quot;content-banner&quot;&gt;\r\n					&lt;h3&gt;Money Back Guarantee!&lt;/h3&gt;\r\n					&lt;p&gt;We free 30 days 100% money back &amp;amp; return&lt;/p&gt;\r\n					&lt;/div&gt;\r\n				&lt;/div&gt;\r\n			&lt;/div&gt;\r\n		&lt;/div&gt;\r\n	&lt;/div&gt;\r\n&lt;/div&gt;'),
(194, 1, 40, 'Banner Left', NULL, '&lt;div class=&quot;banner-left&quot;&gt;\r\n	&lt;a href=&quot;#&quot;&gt;&lt;img src=&quot;image/catalog/cmsblock/banner-left.jpg&quot; alt=&quot;banner&quot;&gt;&lt;/a&gt;\r\n&lt;/div&gt;'),
(195, 2, 40, 'Banner Left', NULL, '&lt;div class=&quot;banner-left&quot;&gt;\r\n	&lt;a href=&quot;#&quot;&gt;&lt;img src=&quot;image/catalog/cmsblock/banner-left.jpg&quot; alt=&quot;banner&quot;&gt;&lt;/a&gt;\r\n&lt;/div&gt;');

-- --------------------------------------------------------

--
-- Table structure for table `oc_cmsblock_to_store`
--

CREATE TABLE `oc_cmsblock_to_store` (
  `cmsblock_id` int(11) DEFAULT NULL,
  `store_id` tinyint(4) DEFAULT NULL
) ENGINE=MyISAM DEFAULT CHARSET=latin1;

-- --------------------------------------------------------

--
-- Table structure for table `oc_country`
--

CREATE TABLE `oc_country` (
  `country_id` int(11) NOT NULL,
  `name` varchar(128) NOT NULL,
  `iso_code_2` varchar(2) NOT NULL,
  `iso_code_3` varchar(3) NOT NULL,
  `address_format` text NOT NULL,
  `postcode_required` tinyint(1) NOT NULL,
  `status` tinyint(1) NOT NULL DEFAULT '1'
) ENGINE=MyISAM DEFAULT CHARSET=utf8;

--
-- Dumping data for table `oc_country`
--

INSERT INTO `oc_country` (`country_id`, `name`, `iso_code_2`, `iso_code_3`, `address_format`, `postcode_required`, `status`) VALUES
(1, 'Afghanistan', 'AF', 'AFG', '', 0, 1),
(2, 'Albania', 'AL', 'ALB', '', 0, 1),
(3, 'Algeria', 'DZ', 'DZA', '', 0, 1),
(4, 'American Samoa', 'AS', 'ASM', '', 0, 1),
(5, 'Andorra', 'AD', 'AND', '', 0, 1),
(6, 'Angola', 'AO', 'AGO', '', 0, 1),
(7, 'Anguilla', 'AI', 'AIA', '', 0, 1),
(8, 'Antarctica', 'AQ', 'ATA', '', 0, 1),
(9, 'Antigua and Barbuda', 'AG', 'ATG', '', 0, 1),
(10, 'Argentina', 'AR', 'ARG', '', 0, 1),
(11, 'Armenia', 'AM', 'ARM', '', 0, 1),
(12, 'Aruba', 'AW', 'ABW', '', 0, 1),
(13, 'Australia', 'AU', 'AUS', '', 0, 1),
(14, 'Austria', 'AT', 'AUT', '', 0, 1),
(15, 'Azerbaijan', 'AZ', 'AZE', '', 0, 1),
(16, 'Bahamas', 'BS', 'BHS', '', 0, 1),
(17, 'Bahrain', 'BH', 'BHR', '', 0, 1),
(18, 'Bangladesh', 'BD', 'BGD', '', 0, 1),
(19, 'Barbados', 'BB', 'BRB', '', 0, 1),
(20, 'Belarus', 'BY', 'BLR', '', 0, 1),
(21, 'Belgium', 'BE', 'BEL', '{firstname} {lastname}\r\n{company}\r\n{address_1}\r\n{address_2}\r\n{postcode} {city}\r\n{country}', 0, 1),
(22, 'Belize', 'BZ', 'BLZ', '', 0, 1),
(23, 'Benin', 'BJ', 'BEN', '', 0, 1),
(24, 'Bermuda', 'BM', 'BMU', '', 0, 1),
(25, 'Bhutan', 'BT', 'BTN', '', 0, 1),
(26, 'Bolivia', 'BO', 'BOL', '', 0, 1),
(27, 'Bosnia and Herzegovina', 'BA', 'BIH', '', 0, 1),
(28, 'Botswana', 'BW', 'BWA', '', 0, 1),
(29, 'Bouvet Island', 'BV', 'BVT', '', 0, 1),
(30, 'Brazil', 'BR', 'BRA', '', 0, 1),
(31, 'British Indian Ocean Territory', 'IO', 'IOT', '', 0, 1),
(32, 'Brunei Darussalam', 'BN', 'BRN', '', 0, 1),
(33, 'Bulgaria', 'BG', 'BGR', '', 0, 1),
(34, 'Burkina Faso', 'BF', 'BFA', '', 0, 1),
(35, 'Burundi', 'BI', 'BDI', '', 0, 1),
(36, 'Cambodia', 'KH', 'KHM', '', 0, 1),
(37, 'Cameroon', 'CM', 'CMR', '', 0, 1),
(38, 'Canada', 'CA', 'CAN', '', 0, 1),
(39, 'Cape Verde', 'CV', 'CPV', '', 0, 1),
(40, 'Cayman Islands', 'KY', 'CYM', '', 0, 1),
(41, 'Central African Republic', 'CF', 'CAF', '', 0, 1),
(42, 'Chad', 'TD', 'TCD', '', 0, 1),
(43, 'Chile', 'CL', 'CHL', '', 0, 1),
(44, 'China', 'CN', 'CHN', '', 0, 1),
(45, 'Christmas Island', 'CX', 'CXR', '', 0, 1),
(46, 'Cocos (Keeling) Islands', 'CC', 'CCK', '', 0, 1),
(47, 'Colombia', 'CO', 'COL', '', 0, 1),
(48, 'Comoros', 'KM', 'COM', '', 0, 1),
(49, 'Congo', 'CG', 'COG', '', 0, 1),
(50, 'Cook Islands', 'CK', 'COK', '', 0, 1),
(51, 'Costa Rica', 'CR', 'CRI', '', 0, 1),
(52, 'Cote D''Ivoire', 'CI', 'CIV', '', 0, 1),
(53, 'Croatia', 'HR', 'HRV', '', 0, 1),
(54, 'Cuba', 'CU', 'CUB', '', 0, 1),
(55, 'Cyprus', 'CY', 'CYP', '', 0, 1),
(56, 'Czech Republic', 'CZ', 'CZE', '', 0, 1),
(57, 'Denmark', 'DK', 'DNK', '', 0, 1),
(58, 'Djibouti', 'DJ', 'DJI', '', 0, 1),
(59, 'Dominica', 'DM', 'DMA', '', 0, 1),
(60, 'Dominican Republic', 'DO', 'DOM', '', 0, 1),
(61, 'East Timor', 'TL', 'TLS', '', 0, 1),
(62, 'Ecuador', 'EC', 'ECU', '', 0, 1),
(63, 'Egypt', 'EG', 'EGY', '', 0, 1),
(64, 'El Salvador', 'SV', 'SLV', '', 0, 1),
(65, 'Equatorial Guinea', 'GQ', 'GNQ', '', 0, 1),
(66, 'Eritrea', 'ER', 'ERI', '', 0, 1),
(67, 'Estonia', 'EE', 'EST', '', 0, 1),
(68, 'Ethiopia', 'ET', 'ETH', '', 0, 1),
(69, 'Falkland Islands (Malvinas)', 'FK', 'FLK', '', 0, 1),
(70, 'Faroe Islands', 'FO', 'FRO', '', 0, 1),
(71, 'Fiji', 'FJ', 'FJI', '', 0, 1),
(72, 'Finland', 'FI', 'FIN', '', 0, 1),
(74, 'France, Metropolitan', 'FR', 'FRA', '{firstname} {lastname}\r\n{company}\r\n{address_1}\r\n{address_2}\r\n{postcode} {city}\r\n{country}', 1, 1),
(75, 'French Guiana', 'GF', 'GUF', '', 0, 1),
(76, 'French Polynesia', 'PF', 'PYF', '', 0, 1),
(77, 'French Southern Territories', 'TF', 'ATF', '', 0, 1),
(78, 'Gabon', 'GA', 'GAB', '', 0, 1),
(79, 'Gambia', 'GM', 'GMB', '', 0, 1),
(80, 'Georgia', 'GE', 'GEO', '', 0, 1),
(81, 'Germany', 'DE', 'DEU', '{company}\r\n{firstname} {lastname}\r\n{address_1}\r\n{address_2}\r\n{postcode} {city}\r\n{country}', 1, 1),
(82, 'Ghana', 'GH', 'GHA', '', 0, 1),
(83, 'Gibraltar', 'GI', 'GIB', '', 0, 1),
(84, 'Greece', 'GR', 'GRC', '', 0, 1),
(85, 'Greenland', 'GL', 'GRL', '', 0, 1),
(86, 'Grenada', 'GD', 'GRD', '', 0, 1),
(87, 'Guadeloupe', 'GP', 'GLP', '', 0, 1),
(88, 'Guam', 'GU', 'GUM', '', 0, 1),
(89, 'Guatemala', 'GT', 'GTM', '', 0, 1),
(90, 'Guinea', 'GN', 'GIN', '', 0, 1),
(91, 'Guinea-Bissau', 'GW', 'GNB', '', 0, 1),
(92, 'Guyana', 'GY', 'GUY', '', 0, 1),
(93, 'Haiti', 'HT', 'HTI', '', 0, 1),
(94, 'Heard and Mc Donald Islands', 'HM', 'HMD', '', 0, 1),
(95, 'Honduras', 'HN', 'HND', '', 0, 1),
(96, 'Hong Kong', 'HK', 'HKG', '', 0, 1),
(97, 'Hungary', 'HU', 'HUN', '', 0, 1),
(98, 'Iceland', 'IS', 'ISL', '', 0, 1),
(99, 'India', 'IN', 'IND', '', 0, 1),
(100, 'Indonesia', 'ID', 'IDN', '', 0, 1),
(101, 'Iran (Islamic Republic of)', 'IR', 'IRN', '', 0, 1),
(102, 'Iraq', 'IQ', 'IRQ', '', 0, 1),
(103, 'Ireland', 'IE', 'IRL', '', 0, 1),
(104, 'Israel', 'IL', 'ISR', '', 0, 1),
(105, 'Italy', 'IT', 'ITA', '', 0, 1),
(106, 'Jamaica', 'JM', 'JAM', '', 0, 1),
(107, 'Japan', 'JP', 'JPN', '', 0, 1),
(108, 'Jordan', 'JO', 'JOR', '', 0, 1),
(109, 'Kazakhstan', 'KZ', 'KAZ', '', 0, 1),
(110, 'Kenya', 'KE', 'KEN', '', 0, 1),
(111, 'Kiribati', 'KI', 'KIR', '', 0, 1),
(112, 'North Korea', 'KP', 'PRK', '', 0, 1),
(113, 'South Korea', 'KR', 'KOR', '', 0, 1),
(114, 'Kuwait', 'KW', 'KWT', '', 0, 1),
(115, 'Kyrgyzstan', 'KG', 'KGZ', '', 0, 1),
(116, 'Lao People''s Democratic Republic', 'LA', 'LAO', '', 0, 1),
(117, 'Latvia', 'LV', 'LVA', '', 0, 1),
(118, 'Lebanon', 'LB', 'LBN', '', 0, 1),
(119, 'Lesotho', 'LS', 'LSO', '', 0, 1),
(120, 'Liberia', 'LR', 'LBR', '', 0, 1),
(121, 'Libyan Arab Jamahiriya', 'LY', 'LBY', '', 0, 1),
(122, 'Liechtenstein', 'LI', 'LIE', '', 0, 1),
(123, 'Lithuania', 'LT', 'LTU', '', 0, 1),
(124, 'Luxembourg', 'LU', 'LUX', '', 0, 1),
(125, 'Macau', 'MO', 'MAC', '', 0, 1),
(126, 'FYROM', 'MK', 'MKD', '', 0, 1),
(127, 'Madagascar', 'MG', 'MDG', '', 0, 1),
(128, 'Malawi', 'MW', 'MWI', '', 0, 1),
(129, 'Malaysia', 'MY', 'MYS', '', 0, 1),
(130, 'Maldives', 'MV', 'MDV', '', 0, 1),
(131, 'Mali', 'ML', 'MLI', '', 0, 1),
(132, 'Malta', 'MT', 'MLT', '', 0, 1),
(133, 'Marshall Islands', 'MH', 'MHL', '', 0, 1),
(134, 'Martinique', 'MQ', 'MTQ', '', 0, 1),
(135, 'Mauritania', 'MR', 'MRT', '', 0, 1),
(136, 'Mauritius', 'MU', 'MUS', '', 0, 1),
(137, 'Mayotte', 'YT', 'MYT', '', 0, 1),
(138, 'Mexico', 'MX', 'MEX', '', 0, 1),
(139, 'Micronesia, Federated States of', 'FM', 'FSM', '', 0, 1),
(140, 'Moldova, Republic of', 'MD', 'MDA', '', 0, 1),
(141, 'Monaco', 'MC', 'MCO', '', 0, 1),
(142, 'Mongolia', 'MN', 'MNG', '', 0, 1),
(143, 'Montserrat', 'MS', 'MSR', '', 0, 1),
(144, 'Morocco', 'MA', 'MAR', '', 0, 1),
(145, 'Mozambique', 'MZ', 'MOZ', '', 0, 1),
(146, 'Myanmar', 'MM', 'MMR', '', 0, 1),
(147, 'Namibia', 'NA', 'NAM', '', 0, 1),
(148, 'Nauru', 'NR', 'NRU', '', 0, 1),
(149, 'Nepal', 'NP', 'NPL', '', 0, 1),
(150, 'Netherlands', 'NL', 'NLD', '', 0, 1),
(151, 'Netherlands Antilles', 'AN', 'ANT', '', 0, 1),
(152, 'New Caledonia', 'NC', 'NCL', '', 0, 1),
(153, 'New Zealand', 'NZ', 'NZL', '', 0, 1),
(154, 'Nicaragua', 'NI', 'NIC', '', 0, 1),
(155, 'Niger', 'NE', 'NER', '', 0, 1),
(156, 'Nigeria', 'NG', 'NGA', '', 0, 1),
(157, 'Niue', 'NU', 'NIU', '', 0, 1),
(158, 'Norfolk Island', 'NF', 'NFK', '', 0, 1),
(159, 'Northern Mariana Islands', 'MP', 'MNP', '', 0, 1),
(160, 'Norway', 'NO', 'NOR', '', 0, 1),
(161, 'Oman', 'OM', 'OMN', '', 0, 1),
(162, 'Pakistan', 'PK', 'PAK', '', 0, 1),
(163, 'Palau', 'PW', 'PLW', '', 0, 1),
(164, 'Panama', 'PA', 'PAN', '', 0, 1),
(165, 'Papua New Guinea', 'PG', 'PNG', '', 0, 1),
(166, 'Paraguay', 'PY', 'PRY', '', 0, 1),
(167, 'Peru', 'PE', 'PER', '', 0, 1),
(168, 'Philippines', 'PH', 'PHL', '', 0, 1),
(169, 'Pitcairn', 'PN', 'PCN', '', 0, 1),
(170, 'Poland', 'PL', 'POL', '', 0, 1),
(171, 'Portugal', 'PT', 'PRT', '', 0, 1),
(172, 'Puerto Rico', 'PR', 'PRI', '', 0, 1),
(173, 'Qatar', 'QA', 'QAT', '', 0, 1),
(174, 'Reunion', 'RE', 'REU', '', 0, 1),
(175, 'Romania', 'RO', 'ROM', '', 0, 1),
(176, 'Russian Federation', 'RU', 'RUS', '', 0, 1),
(177, 'Rwanda', 'RW', 'RWA', '', 0, 1),
(178, 'Saint Kitts and Nevis', 'KN', 'KNA', '', 0, 1),
(179, 'Saint Lucia', 'LC', 'LCA', '', 0, 1),
(180, 'Saint Vincent and the Grenadines', 'VC', 'VCT', '', 0, 1),
(181, 'Samoa', 'WS', 'WSM', '', 0, 1),
(182, 'San Marino', 'SM', 'SMR', '', 0, 1),
(183, 'Sao Tome and Principe', 'ST', 'STP', '', 0, 1),
(184, 'Saudi Arabia', 'SA', 'SAU', '', 0, 1),
(185, 'Senegal', 'SN', 'SEN', '', 0, 1),
(186, 'Seychelles', 'SC', 'SYC', '', 0, 1),
(187, 'Sierra Leone', 'SL', 'SLE', '', 0, 1),
(188, 'Singapore', 'SG', 'SGP', '', 0, 1),
(189, 'Slovak Republic', 'SK', 'SVK', '{firstname} {lastname}\r\n{company}\r\n{address_1}\r\n{address_2}\r\n{city} {postcode}\r\n{zone}\r\n{country}', 0, 1),
(190, 'Slovenia', 'SI', 'SVN', '', 0, 1),
(191, 'Solomon Islands', 'SB', 'SLB', '', 0, 1),
(192, 'Somalia', 'SO', 'SOM', '', 0, 1),
(193, 'South Africa', 'ZA', 'ZAF', '', 0, 1),
(194, 'South Georgia &amp; South Sandwich Islands', 'GS', 'SGS', '', 0, 1),
(195, 'Spain', 'ES', 'ESP', '', 0, 1),
(196, 'Sri Lanka', 'LK', 'LKA', '', 0, 1),
(197, 'St. Helena', 'SH', 'SHN', '', 0, 1),
(198, 'St. Pierre and Miquelon', 'PM', 'SPM', '', 0, 1),
(199, 'Sudan', 'SD', 'SDN', '', 0, 1),
(200, 'Suriname', 'SR', 'SUR', '', 0, 1),
(201, 'Svalbard and Jan Mayen Islands', 'SJ', 'SJM', '', 0, 1),
(202, 'Swaziland', 'SZ', 'SWZ', '', 0, 1),
(203, 'Sweden', 'SE', 'SWE', '{company}\r\n{firstname} {lastname}\r\n{address_1}\r\n{address_2}\r\n{postcode} {city}\r\n{country}', 1, 1),
(204, 'Switzerland', 'CH', 'CHE', '', 0, 1),
(205, 'Syrian Arab Republic', 'SY', 'SYR', '', 0, 1),
(206, 'Taiwan', 'TW', 'TWN', '', 0, 1),
(207, 'Tajikistan', 'TJ', 'TJK', '', 0, 1),
(208, 'Tanzania, United Republic of', 'TZ', 'TZA', '', 0, 1),
(209, 'Thailand', 'TH', 'THA', '', 0, 1),
(210, 'Togo', 'TG', 'TGO', '', 0, 1),
(211, 'Tokelau', 'TK', 'TKL', '', 0, 1),
(212, 'Tonga', 'TO', 'TON', '', 0, 1),
(213, 'Trinidad and Tobago', 'TT', 'TTO', '', 0, 1),
(214, 'Tunisia', 'TN', 'TUN', '', 0, 1),
(215, 'Turkey', 'TR', 'TUR', '', 0, 1),
(216, 'Turkmenistan', 'TM', 'TKM', '', 0, 1),
(217, 'Turks and Caicos Islands', 'TC', 'TCA', '', 0, 1),
(218, 'Tuvalu', 'TV', 'TUV', '', 0, 1),
(219, 'Uganda', 'UG', 'UGA', '', 0, 1),
(220, 'Ukraine', 'UA', 'UKR', '', 0, 1),
(221, 'United Arab Emirates', 'AE', 'ARE', '', 0, 1),
(222, 'United Kingdom', 'GB', 'GBR', '', 1, 1),
(223, 'United States', 'US', 'USA', '{firstname} {lastname}\r\n{company}\r\n{address_1}\r\n{address_2}\r\n{city}, {zone} {postcode}\r\n{country}', 0, 1),
(224, 'United States Minor Outlying Islands', 'UM', 'UMI', '', 0, 1),
(225, 'Uruguay', 'UY', 'URY', '', 0, 1),
(226, 'Uzbekistan', 'UZ', 'UZB', '', 0, 1),
(227, 'Vanuatu', 'VU', 'VUT', '', 0, 1),
(228, 'Vatican City State (Holy See)', 'VA', 'VAT', '', 0, 1),
(229, 'Venezuela', 'VE', 'VEN', '', 0, 1),
(230, 'Viet Nam', 'VN', 'VNM', '', 0, 1),
(231, 'Virgin Islands (British)', 'VG', 'VGB', '', 0, 1),
(232, 'Virgin Islands (U.S.)', 'VI', 'VIR', '', 0, 1),
(233, 'Wallis and Futuna Islands', 'WF', 'WLF', '', 0, 1),
(234, 'Western Sahara', 'EH', 'ESH', '', 0, 1),
(235, 'Yemen', 'YE', 'YEM', '', 0, 1),
(237, 'Democratic Republic of Congo', 'CD', 'COD', '', 0, 1),
(238, 'Zambia', 'ZM', 'ZMB', '', 0, 1),
(239, 'Zimbabwe', 'ZW', 'ZWE', '', 0, 1),
(242, 'Montenegro', 'ME', 'MNE', '', 0, 1),
(243, 'Serbia', 'RS', 'SRB', '', 0, 1),
(244, 'Aaland Islands', 'AX', 'ALA', '', 0, 1),
(245, 'Bonaire, Sint Eustatius and Saba', 'BQ', 'BES', '', 0, 1),
(246, 'Curacao', 'CW', 'CUW', '', 0, 1),
(247, 'Palestinian Territory, Occupied', 'PS', 'PSE', '', 0, 1),
(248, 'South Sudan', 'SS', 'SSD', '', 0, 1),
(249, 'St. Barthelemy', 'BL', 'BLM', '', 0, 1),
(250, 'St. Martin (French part)', 'MF', 'MAF', '', 0, 1),
(251, 'Canary Islands', 'IC', 'ICA', '', 0, 1),
(252, 'Ascension Island (British)', 'AC', 'ASC', '', 0, 1),
(253, 'Kosovo, Republic of', 'XK', 'UNK', '', 0, 1),
(254, 'Isle of Man', 'IM', 'IMN', '', 0, 1),
(255, 'Tristan da Cunha', 'TA', 'SHN', '', 0, 1),
(256, 'Guernsey', 'GG', 'GGY', '', 0, 1),
(257, 'Jersey', 'JE', 'JEY', '', 0, 1);

-- --------------------------------------------------------

--
-- Table structure for table `oc_coupon`
--

CREATE TABLE `oc_coupon` (
  `coupon_id` int(11) NOT NULL,
  `name` varchar(128) NOT NULL,
  `code` varchar(20) NOT NULL,
  `type` char(1) NOT NULL,
  `discount` decimal(15,4) NOT NULL,
  `logged` tinyint(1) NOT NULL,
  `shipping` tinyint(1) NOT NULL,
  `total` decimal(15,4) NOT NULL,
  `date_start` date NOT NULL DEFAULT '0000-00-00',
  `date_end` date NOT NULL DEFAULT '0000-00-00',
  `uses_total` int(11) NOT NULL,
  `uses_customer` varchar(11) NOT NULL,
  `status` tinyint(1) NOT NULL,
  `date_added` datetime NOT NULL
) ENGINE=MyISAM DEFAULT CHARSET=utf8;

--
-- Dumping data for table `oc_coupon`
--

INSERT INTO `oc_coupon` (`coupon_id`, `name`, `code`, `type`, `discount`, `logged`, `shipping`, `total`, `date_start`, `date_end`, `uses_total`, `uses_customer`, `status`, `date_added`) VALUES
(4, '-10% Discount', '2222', 'P', '10.0000', 0, 0, '0.0000', '2014-01-01', '2020-01-01', 10, '10', 0, '2009-01-27 13:55:03'),
(5, 'Free Shipping', '3333', 'P', '0.0000', 0, 1, '100.0000', '2014-01-01', '2014-02-01', 10, '10', 0, '2009-03-14 21:13:53'),
(6, '-10.00 Discount', '1111', 'F', '10.0000', 0, 0, '10.0000', '2014-01-01', '2020-01-01', 100000, '10000', 0, '2009-03-14 21:15:18');

-- --------------------------------------------------------

--
-- Table structure for table `oc_coupon_category`
--

CREATE TABLE `oc_coupon_category` (
  `coupon_id` int(11) NOT NULL,
  `category_id` int(11) NOT NULL
) ENGINE=MyISAM DEFAULT CHARSET=utf8;

-- --------------------------------------------------------

--
-- Table structure for table `oc_coupon_history`
--

CREATE TABLE `oc_coupon_history` (
  `coupon_history_id` int(11) NOT NULL,
  `coupon_id` int(11) NOT NULL,
  `order_id` int(11) NOT NULL,
  `customer_id` int(11) NOT NULL,
  `amount` decimal(15,4) NOT NULL,
  `date_added` datetime NOT NULL
) ENGINE=MyISAM DEFAULT CHARSET=utf8;

-- --------------------------------------------------------

--
-- Table structure for table `oc_coupon_product`
--

CREATE TABLE `oc_coupon_product` (
  `coupon_product_id` int(11) NOT NULL,
  `coupon_id` int(11) NOT NULL,
  `product_id` int(11) NOT NULL
) ENGINE=MyISAM DEFAULT CHARSET=utf8;

-- --------------------------------------------------------

--
-- Table structure for table `oc_currency`
--

CREATE TABLE `oc_currency` (
  `currency_id` int(11) NOT NULL,
  `title` varchar(32) NOT NULL,
  `code` varchar(3) NOT NULL,
  `symbol_left` varchar(12) NOT NULL,
  `symbol_right` varchar(12) NOT NULL,
  `decimal_place` char(1) NOT NULL,
  `value` double(15,8) NOT NULL,
  `status` tinyint(1) NOT NULL,
  `date_modified` datetime NOT NULL
) ENGINE=MyISAM DEFAULT CHARSET=utf8;

--
-- Dumping data for table `oc_currency`
--

INSERT INTO `oc_currency` (`currency_id`, `title`, `code`, `symbol_left`, `symbol_right`, `decimal_place`, `value`, `status`, `date_modified`) VALUES
(1, 'Pound Sterling', 'GBP', '£', '', '2', 0.74693756, 1, '2017-09-28 06:53:13'),
(2, 'US Dollar', 'USD', '$', '', '2', 1.00000000, 1, '2017-09-29 01:46:02'),
(3, 'Euro', 'EUR', '', '€', '2', 0.85120872, 1, '2017-09-28 06:53:13');

-- --------------------------------------------------------

--
-- Table structure for table `oc_customer`
--

CREATE TABLE `oc_customer` (
  `customer_id` int(11) NOT NULL,
  `customer_group_id` int(11) NOT NULL,
  `store_id` int(11) NOT NULL DEFAULT '0',
  `language_id` int(11) NOT NULL,
  `firstname` varchar(32) NOT NULL,
  `lastname` varchar(32) NOT NULL,
  `email` varchar(96) NOT NULL,
  `telephone` varchar(32) NOT NULL,
  `fax` varchar(32) NOT NULL,
  `password` varchar(40) NOT NULL,
  `salt` varchar(9) NOT NULL,
  `cart` text,
  `wishlist` text,
  `newsletter` tinyint(1) NOT NULL DEFAULT '0',
  `address_id` int(11) NOT NULL DEFAULT '0',
  `custom_field` text NOT NULL,
  `ip` varchar(40) NOT NULL,
  `status` tinyint(1) NOT NULL,
  `safe` tinyint(1) NOT NULL,
  `token` text NOT NULL,
  `code` varchar(40) NOT NULL,
  `date_added` datetime NOT NULL
) ENGINE=MyISAM DEFAULT CHARSET=utf8;

--
-- Dumping data for table `oc_customer`
--

INSERT INTO `oc_customer` (`customer_id`, `customer_group_id`, `store_id`, `language_id`, `firstname`, `lastname`, `email`, `telephone`, `fax`, `password`, `salt`, `cart`, `wishlist`, `newsletter`, `address_id`, `custom_field`, `ip`, `status`, `safe`, `token`, `code`, `date_added`) VALUES
(1, 1, 0, 1, 'plaza', 'themes', 'demo@plazathemes.com', '1234567890', '', '8df4df61099ea019009c4331b4452fe357bb826a', 'qKFhqeWrK', NULL, NULL, 0, 0, '', '127.0.0.1', 1, 0, '', '', '2017-08-29 14:27:33');

-- --------------------------------------------------------

--
-- Table structure for table `oc_customer_activity`
--

CREATE TABLE `oc_customer_activity` (
  `customer_activity_id` int(11) NOT NULL,
  `customer_id` int(11) NOT NULL,
  `key` varchar(64) NOT NULL,
  `data` text NOT NULL,
  `ip` varchar(40) NOT NULL,
  `date_added` datetime NOT NULL
) ENGINE=MyISAM DEFAULT CHARSET=utf8;

-- --------------------------------------------------------

--
-- Table structure for table `oc_customer_affiliate`
--

CREATE TABLE `oc_customer_affiliate` (
  `customer_id` int(11) NOT NULL,
  `company` varchar(40) NOT NULL,
  `website` varchar(255) NOT NULL,
  `tracking` varchar(64) NOT NULL,
  `commission` decimal(4,2) NOT NULL DEFAULT '0.00',
  `tax` varchar(64) NOT NULL,
  `payment` varchar(6) NOT NULL,
  `cheque` varchar(100) NOT NULL,
  `paypal` varchar(64) NOT NULL,
  `bank_name` varchar(64) NOT NULL,
  `bank_branch_number` varchar(64) NOT NULL,
  `bank_swift_code` varchar(64) NOT NULL,
  `bank_account_name` varchar(64) NOT NULL,
  `bank_account_number` varchar(64) NOT NULL,
  `custom_field` text NOT NULL,
  `status` tinyint(1) NOT NULL,
  `date_added` datetime NOT NULL
) ENGINE=MyISAM DEFAULT CHARSET=utf8;

-- --------------------------------------------------------

--
-- Table structure for table `oc_customer_approval`
--

CREATE TABLE `oc_customer_approval` (
  `customer_approval_id` int(11) NOT NULL,
  `customer_id` int(11) NOT NULL,
  `type` varchar(9) NOT NULL,
  `date_added` datetime NOT NULL
) ENGINE=MyISAM DEFAULT CHARSET=utf8;

-- --------------------------------------------------------

--
-- Table structure for table `oc_customer_group`
--

CREATE TABLE `oc_customer_group` (
  `customer_group_id` int(11) NOT NULL,
  `approval` int(1) NOT NULL,
  `sort_order` int(3) NOT NULL
) ENGINE=MyISAM DEFAULT CHARSET=utf8;

--
-- Dumping data for table `oc_customer_group`
--

INSERT INTO `oc_customer_group` (`customer_group_id`, `approval`, `sort_order`) VALUES
(1, 0, 1);

-- --------------------------------------------------------

--
-- Table structure for table `oc_customer_group_description`
--

CREATE TABLE `oc_customer_group_description` (
  `customer_group_id` int(11) NOT NULL,
  `language_id` int(11) NOT NULL,
  `name` varchar(32) NOT NULL,
  `description` text NOT NULL
) ENGINE=MyISAM DEFAULT CHARSET=utf8;

--
-- Dumping data for table `oc_customer_group_description`
--

INSERT INTO `oc_customer_group_description` (`customer_group_id`, `language_id`, `name`, `description`) VALUES
(1, 1, 'Default', 'test'),
(1, 2, 'Default', 'test');

-- --------------------------------------------------------

--
-- Table structure for table `oc_customer_history`
--

CREATE TABLE `oc_customer_history` (
  `customer_history_id` int(11) NOT NULL,
  `customer_id` int(11) NOT NULL,
  `comment` text NOT NULL,
  `date_added` datetime NOT NULL
) ENGINE=MyISAM DEFAULT CHARSET=utf8;

-- --------------------------------------------------------

--
-- Table structure for table `oc_customer_ip`
--

CREATE TABLE `oc_customer_ip` (
  `customer_ip_id` int(11) NOT NULL,
  `customer_id` int(11) NOT NULL,
  `ip` varchar(40) NOT NULL,
  `date_added` datetime NOT NULL
) ENGINE=MyISAM DEFAULT CHARSET=utf8;

--
-- Dumping data for table `oc_customer_ip`
--

INSERT INTO `oc_customer_ip` (`customer_ip_id`, `customer_id`, `ip`, `date_added`) VALUES
(1, 1, '127.0.0.1', '2017-08-29 14:27:35');

-- --------------------------------------------------------

--
-- Table structure for table `oc_customer_login`
--

CREATE TABLE `oc_customer_login` (
  `customer_login_id` int(11) NOT NULL,
  `email` varchar(96) NOT NULL,
  `ip` varchar(40) NOT NULL,
  `total` int(4) NOT NULL,
  `date_added` datetime NOT NULL,
  `date_modified` datetime NOT NULL
) ENGINE=MyISAM DEFAULT CHARSET=utf8;

--
-- Dumping data for table `oc_customer_login`
--

INSERT INTO `oc_customer_login` (`customer_login_id`, `email`, `ip`, `total`, `date_added`, `date_modified`) VALUES
(1, '', '127.0.0.1', 2, '2017-09-01 02:53:40', '2017-09-08 07:48:26');

-- --------------------------------------------------------

--
-- Table structure for table `oc_customer_online`
--

CREATE TABLE `oc_customer_online` (
  `ip` varchar(40) NOT NULL,
  `customer_id` int(11) NOT NULL,
  `url` text NOT NULL,
  `referer` text NOT NULL,
  `date_added` datetime NOT NULL
) ENGINE=MyISAM DEFAULT CHARSET=utf8;

-- --------------------------------------------------------

--
-- Table structure for table `oc_customer_reward`
--

CREATE TABLE `oc_customer_reward` (
  `customer_reward_id` int(11) NOT NULL,
  `customer_id` int(11) NOT NULL DEFAULT '0',
  `order_id` int(11) NOT NULL DEFAULT '0',
  `description` text NOT NULL,
  `points` int(8) NOT NULL DEFAULT '0',
  `date_added` datetime NOT NULL
) ENGINE=MyISAM DEFAULT CHARSET=utf8;

-- --------------------------------------------------------

--
-- Table structure for table `oc_customer_search`
--

CREATE TABLE `oc_customer_search` (
  `customer_search_id` int(11) NOT NULL,
  `store_id` int(11) NOT NULL,
  `language_id` int(11) NOT NULL,
  `customer_id` int(11) NOT NULL,
  `keyword` varchar(255) NOT NULL,
  `category_id` int(11) DEFAULT NULL,
  `sub_category` tinyint(1) NOT NULL,
  `description` tinyint(1) NOT NULL,
  `products` int(11) NOT NULL,
  `ip` varchar(40) NOT NULL,
  `date_added` datetime NOT NULL
) ENGINE=MyISAM DEFAULT CHARSET=utf8;

-- --------------------------------------------------------

--
-- Table structure for table `oc_customer_transaction`
--

CREATE TABLE `oc_customer_transaction` (
  `customer_transaction_id` int(11) NOT NULL,
  `customer_id` int(11) NOT NULL,
  `order_id` int(11) NOT NULL,
  `description` text NOT NULL,
  `amount` decimal(15,4) NOT NULL,
  `date_added` datetime NOT NULL
) ENGINE=MyISAM DEFAULT CHARSET=utf8;

-- --------------------------------------------------------

--
-- Table structure for table `oc_customer_wishlist`
--

CREATE TABLE `oc_customer_wishlist` (
  `customer_id` int(11) NOT NULL,
  `product_id` int(11) NOT NULL,
  `date_added` datetime NOT NULL
) ENGINE=MyISAM DEFAULT CHARSET=utf8;

--
-- Dumping data for table `oc_customer_wishlist`
--

INSERT INTO `oc_customer_wishlist` (`customer_id`, `product_id`, `date_added`) VALUES
(1, 32, '2017-09-08 10:16:05'),
(1, 30, '2017-09-07 15:43:17'),
(1, 29, '2017-09-08 10:16:13'),
(1, 35, '2017-09-08 10:43:14'),
(1, 33, '2017-09-08 14:37:17');

-- --------------------------------------------------------

--
-- Table structure for table `oc_custom_field`
--

CREATE TABLE `oc_custom_field` (
  `custom_field_id` int(11) NOT NULL,
  `type` varchar(32) NOT NULL,
  `value` text NOT NULL,
  `validation` varchar(255) NOT NULL,
  `location` varchar(10) NOT NULL,
  `status` tinyint(1) NOT NULL,
  `sort_order` int(3) NOT NULL
) ENGINE=MyISAM DEFAULT CHARSET=utf8;

-- --------------------------------------------------------

--
-- Table structure for table `oc_custom_field_customer_group`
--

CREATE TABLE `oc_custom_field_customer_group` (
  `custom_field_id` int(11) NOT NULL,
  `customer_group_id` int(11) NOT NULL,
  `required` tinyint(1) NOT NULL
) ENGINE=MyISAM DEFAULT CHARSET=utf8;

-- --------------------------------------------------------

--
-- Table structure for table `oc_custom_field_description`
--

CREATE TABLE `oc_custom_field_description` (
  `custom_field_id` int(11) NOT NULL,
  `language_id` int(11) NOT NULL,
  `name` varchar(128) NOT NULL
) ENGINE=MyISAM DEFAULT CHARSET=utf8;

-- --------------------------------------------------------

--
-- Table structure for table `oc_custom_field_value`
--

CREATE TABLE `oc_custom_field_value` (
  `custom_field_value_id` int(11) NOT NULL,
  `custom_field_id` int(11) NOT NULL,
  `sort_order` int(3) NOT NULL
) ENGINE=MyISAM DEFAULT CHARSET=utf8;

-- --------------------------------------------------------

--
-- Table structure for table `oc_custom_field_value_description`
--

CREATE TABLE `oc_custom_field_value_description` (
  `custom_field_value_id` int(11) NOT NULL,
  `language_id` int(11) NOT NULL,
  `custom_field_id` int(11) NOT NULL,
  `name` varchar(128) NOT NULL
) ENGINE=MyISAM DEFAULT CHARSET=utf8;

-- --------------------------------------------------------

--
-- Table structure for table `oc_download`
--

CREATE TABLE `oc_download` (
  `download_id` int(11) NOT NULL,
  `filename` varchar(160) NOT NULL,
  `mask` varchar(128) NOT NULL,
  `date_added` datetime NOT NULL
) ENGINE=MyISAM DEFAULT CHARSET=utf8;

-- --------------------------------------------------------

--
-- Table structure for table `oc_download_description`
--

CREATE TABLE `oc_download_description` (
  `download_id` int(11) NOT NULL,
  `language_id` int(11) NOT NULL,
  `name` varchar(64) NOT NULL
) ENGINE=MyISAM DEFAULT CHARSET=utf8;

-- --------------------------------------------------------

--
-- Table structure for table `oc_event`
--

CREATE TABLE `oc_event` (
  `event_id` int(11) NOT NULL,
  `code` varchar(64) NOT NULL,
  `trigger` text NOT NULL,
  `action` text NOT NULL,
  `status` tinyint(1) NOT NULL,
  `sort_order` int(3) NOT NULL
) ENGINE=MyISAM DEFAULT CHARSET=utf8;

--
-- Dumping data for table `oc_event`
--

INSERT INTO `oc_event` (`event_id`, `code`, `trigger`, `action`, `status`, `sort_order`) VALUES
(1, 'activity_customer_add', 'catalog/model/account/customer/addCustomer/after', 'event/activity/addCustomer', 1, 0),
(2, 'activity_customer_edit', 'catalog/model/account/customer/editCustomer/after', 'event/activity/editCustomer', 1, 0),
(3, 'activity_customer_password', 'catalog/model/account/customer/editPassword/after', 'event/activity/editPassword', 1, 0),
(4, 'activity_customer_forgotten', 'catalog/model/account/customer/editCode/after', 'event/activity/forgotten', 1, 0),
(5, 'activity_transaction', 'catalog/model/account/customer/addTransaction/after', 'event/activity/addTransaction', 1, 0),
(6, 'activity_customer_login', 'catalog/model/account/customer/deleteLoginAttempts/after', 'event/activity/login', 1, 0),
(7, 'activity_address_add', 'catalog/model/account/address/addAddress/after', 'event/activity/addAddress', 1, 0),
(8, 'activity_address_edit', 'catalog/model/account/address/editAddress/after', 'event/activity/editAddress', 1, 0),
(9, 'activity_address_delete', 'catalog/model/account/address/deleteAddress/after', 'event/activity/deleteAddress', 1, 0),
(10, 'activity_affiliate_add', 'catalog/model/account/customer/addAffiliate/after', 'event/activity/addAffiliate', 1, 0),
(11, 'activity_affiliate_edit', 'catalog/model/account/customer/editAffiliate/after', 'event/activity/editAffiliate', 1, 0),
(12, 'activity_order_add', 'catalog/model/checkout/order/addOrderHistory/before', 'event/activity/addOrderHistory', 1, 0),
(13, 'activity_return_add', 'catalog/model/account/return/addReturn/after', 'event/activity/addReturn', 1, 0),
(14, 'mail_transaction', 'catalog/model/account/customer/addTransaction/after', 'mail/transaction', 1, 0),
(15, 'mail_forgotten', 'catalog/model/account/customer/editCode/after', 'mail/forgotten', 1, 0),
(16, 'mail_customer_add', 'catalog/model/account/customer/addCustomer/after', 'mail/register', 1, 0),
(17, 'mail_customer_alert', 'catalog/model/account/customer/addCustomer/after', 'mail/register/alert', 1, 0),
(18, 'mail_affiliate_add', 'catalog/model/account/customer/addAffiliate/after', 'mail/affiliate', 1, 0),
(19, 'mail_affiliate_alert', 'catalog/model/account/customer/addAffiliate/after', 'mail/affiliate/alert', 1, 0),
(20, 'mail_voucher', 'catalog/model/checkout/order/addOrderHistory/after', 'extension/total/voucher/send', 1, 0),
(21, 'mail_order_add', 'catalog/model/checkout/order/addOrderHistory/before', 'mail/order', 1, 0),
(22, 'mail_order_alert', 'catalog/model/checkout/order/addOrderHistory/before', 'mail/order/alert', 1, 0),
(23, 'statistics_review_add', 'catalog/model/catalog/review/addReview/after', 'event/statistics/addReview', 1, 0),
(24, 'statistics_return_add', 'catalog/model/account/return/addReturn/after', 'event/statistics/addReturn', 1, 0),
(25, 'statistics_order_history', 'catalog/model/checkout/order/addOrderHistory/after', 'event/statistics/addOrderHistory', 1, 0),
(26, 'admin_mail_affiliate_approve', 'admin/model/customer/customer_approval/approveAffiliate/after', 'mail/affiliate/approve', 1, 0),
(27, 'admin_mail_affiliate_deny', 'admin/model/customer/customer_approval/denyAffiliate/after', 'mail/affiliate/deny', 1, 0),
(28, 'admin_mail_customer_approve', 'admin/model/customer/customer_approval/approveCustomer/after', 'mail/customer/approve', 1, 0),
(29, 'admin_mail_customer_deny', 'admin/model/customer/customer_approval/denyCustomer/after', 'mail/customer/deny', 1, 0),
(30, 'admin_mail_reward', 'admin/model/customer/customer/addReward/after', 'mail/reward', 1, 0),
(31, 'admin_mail_transaction', 'admin/model/customer/customer/addTransaction/after', 'mail/transaction', 1, 0),
(32, 'admin_mail_return', 'admin/model/sale/return/addReturn/after', 'mail/return', 1, 0),
(33, 'admin_mail_forgotten', 'admin/model/user/user/editCode/after', 'mail/forgotten', 1, 0);

-- --------------------------------------------------------

--
-- Table structure for table `oc_extension`
--

CREATE TABLE `oc_extension` (
  `extension_id` int(11) NOT NULL,
  `type` varchar(32) NOT NULL,
  `code` varchar(32) NOT NULL
) ENGINE=MyISAM DEFAULT CHARSET=utf8;

--
-- Dumping data for table `oc_extension`
--

INSERT INTO `oc_extension` (`extension_id`, `type`, `code`) VALUES
(1, 'payment', 'cod'),
(2, 'total', 'shipping'),
(3, 'total', 'sub_total'),
(4, 'total', 'tax'),
(5, 'total', 'total'),
(8, 'total', 'credit'),
(9, 'shipping', 'flat'),
(10, 'total', 'handling'),
(11, 'total', 'low_order_fee'),
(12, 'total', 'coupon'),
(15, 'total', 'reward'),
(16, 'total', 'voucher'),
(17, 'payment', 'free_checkout'),
(20, 'theme', 'default'),
(21, 'dashboard', 'activity'),
(22, 'dashboard', 'sale'),
(23, 'dashboard', 'recent'),
(24, 'dashboard', 'order'),
(25, 'dashboard', 'online'),
(26, 'dashboard', 'map'),
(27, 'dashboard', 'customer'),
(28, 'dashboard', 'chart'),
(29, 'report', 'sale_coupon'),
(31, 'report', 'customer_search'),
(32, 'report', 'customer_transaction'),
(33, 'report', 'product_purchased'),
(34, 'report', 'product_viewed'),
(35, 'report', 'sale_return'),
(36, 'report', 'sale_order'),
(37, 'report', 'sale_shipping'),
(38, 'report', 'sale_tax'),
(39, 'report', 'customer_activity'),
(40, 'report', 'customer_order'),
(41, 'report', 'customer_reward'),
(42, 'module', 'oc_page_builder'),
(43, 'module', 'ocajaxlogin'),
(44, 'module', 'ocblog'),
(45, 'module', 'occmsblock'),
(46, 'module', 'oclayerednavigation'),
(47, 'module', 'newslettersubscribe'),
(48, 'module', 'ocslideshow'),
(49, 'module', 'octestimonial'),
(50, 'module', 'octhemeoption'),
(51, 'module', 'ocproduct'),
(52, 'module', 'octabproducts'),
(53, 'module', 'ochozmegamenu'),
(56, 'module', 'carousel'),
(57, 'module', 'featured');

-- --------------------------------------------------------

--
-- Table structure for table `oc_extension_install`
--

CREATE TABLE `oc_extension_install` (
  `extension_install_id` int(11) NOT NULL,
  `extension_download_id` int(11) NOT NULL,
  `filename` varchar(255) NOT NULL,
  `date_added` datetime NOT NULL
) ENGINE=MyISAM DEFAULT CHARSET=utf8;

--
-- Dumping data for table `oc_extension_install`
--

INSERT INTO `oc_extension_install` (`extension_install_id`, `extension_download_id`, `filename`, `date_added`) VALUES
(28, 0, 'occustomizetemplate.ocmod.zip', '2017-09-12 17:26:42'),
(27, 0, 'octhemeoption.ocmod.zip', '2017-09-08 09:52:09'),
(26, 0, 'octhemeoption.ocmod.zip', '2017-09-08 09:25:18'),
(25, 0, 'occustomizetemplate.ocmod.zip', '2017-08-29 10:03:24'),
(24, 0, 'occustomizetemplate.ocmod.zip', '2017-08-29 10:02:22'),
(23, 0, 'octhemeoption.ocmod.zip', '2017-08-29 10:01:05'),
(22, 0, 'oclayerednavigation.ocmod.zip', '2017-08-29 10:00:56'),
(21, 0, 'occustomizetemplate.ocmod.zip', '2017-08-29 10:00:28');

-- --------------------------------------------------------

--
-- Table structure for table `oc_extension_path`
--

CREATE TABLE `oc_extension_path` (
  `extension_path_id` int(11) NOT NULL,
  `extension_install_id` int(11) NOT NULL,
  `path` varchar(255) NOT NULL,
  `date_added` datetime NOT NULL
) ENGINE=MyISAM DEFAULT CHARSET=utf8;

-- --------------------------------------------------------

--
-- Table structure for table `oc_filter`
--

CREATE TABLE `oc_filter` (
  `filter_id` int(11) NOT NULL,
  `filter_group_id` int(11) NOT NULL,
  `sort_order` int(3) NOT NULL
) ENGINE=MyISAM DEFAULT CHARSET=utf8;

--
-- Dumping data for table `oc_filter`
--

INSERT INTO `oc_filter` (`filter_id`, `filter_group_id`, `sort_order`) VALUES
(1, 1, 0),
(2, 1, 0),
(3, 1, 0),
(4, 1, 0),
(5, 2, 0),
(6, 2, 0),
(7, 2, 0),
(8, 2, 0),
(9, 2, 0),
(10, 2, 0),
(14, 3, 0),
(13, 3, 0),
(12, 3, 0),
(11, 3, 0);

-- --------------------------------------------------------

--
-- Table structure for table `oc_filter_description`
--

CREATE TABLE `oc_filter_description` (
  `filter_id` int(11) NOT NULL,
  `language_id` int(11) NOT NULL,
  `filter_group_id` int(11) NOT NULL,
  `name` varchar(64) NOT NULL
) ENGINE=MyISAM DEFAULT CHARSET=utf8;

--
-- Dumping data for table `oc_filter_description`
--

INSERT INTO `oc_filter_description` (`filter_id`, `language_id`, `filter_group_id`, `name`) VALUES
(2, 2, 1, 'Handbags'),
(2, 1, 1, 'Handbags'),
(3, 2, 1, 'Dresses'),
(5, 1, 2, 'Black'),
(6, 1, 2, 'Blue'),
(7, 1, 2, 'Green'),
(8, 1, 2, 'Grey'),
(9, 1, 2, 'Red'),
(10, 1, 2, 'White'),
(13, 1, 3, 'Tommy Hilfiger'),
(12, 2, 3, 'Diesel'),
(12, 1, 3, 'Diesel'),
(3, 1, 1, 'Dresses'),
(4, 2, 1, 'Accessories'),
(4, 1, 1, 'Accessories'),
(5, 2, 2, 'Black'),
(6, 2, 2, 'Blue'),
(7, 2, 2, 'Green'),
(8, 2, 2, 'Grey'),
(9, 2, 2, 'Red'),
(10, 2, 2, 'White'),
(11, 2, 3, 'Calvin Klein'),
(11, 1, 3, 'Calvin Klein'),
(1, 1, 1, 'Tops'),
(1, 2, 1, 'Tops'),
(13, 2, 3, 'Tommy Hilfiger'),
(14, 1, 3, 'Versace'),
(14, 2, 3, 'Versace');

-- --------------------------------------------------------

--
-- Table structure for table `oc_filter_group`
--

CREATE TABLE `oc_filter_group` (
  `filter_group_id` int(11) NOT NULL,
  `sort_order` int(3) NOT NULL
) ENGINE=MyISAM DEFAULT CHARSET=utf8;

--
-- Dumping data for table `oc_filter_group`
--

INSERT INTO `oc_filter_group` (`filter_group_id`, `sort_order`) VALUES
(1, 0),
(2, 0),
(3, 0);

-- --------------------------------------------------------

--
-- Table structure for table `oc_filter_group_description`
--

CREATE TABLE `oc_filter_group_description` (
  `filter_group_id` int(11) NOT NULL,
  `language_id` int(11) NOT NULL,
  `name` varchar(64) NOT NULL
) ENGINE=MyISAM DEFAULT CHARSET=utf8;

--
-- Dumping data for table `oc_filter_group_description`
--

INSERT INTO `oc_filter_group_description` (`filter_group_id`, `language_id`, `name`) VALUES
(2, 1, 'Color'),
(1, 1, 'Category'),
(2, 2, 'Color'),
(3, 1, 'Manufacturer'),
(1, 2, 'Category'),
(3, 2, 'Manufacturer');

-- --------------------------------------------------------

--
-- Table structure for table `oc_geo_zone`
--

CREATE TABLE `oc_geo_zone` (
  `geo_zone_id` int(11) NOT NULL,
  `name` varchar(32) NOT NULL,
  `description` varchar(255) NOT NULL,
  `date_added` datetime NOT NULL,
  `date_modified` datetime NOT NULL
) ENGINE=MyISAM DEFAULT CHARSET=utf8;

--
-- Dumping data for table `oc_geo_zone`
--

INSERT INTO `oc_geo_zone` (`geo_zone_id`, `name`, `description`, `date_added`, `date_modified`) VALUES
(3, 'UK VAT Zone', 'UK VAT', '2009-01-06 23:26:25', '2010-02-26 22:33:24'),
(4, 'UK Shipping', 'UK Shipping Zones', '2009-06-23 01:14:53', '2010-12-15 15:18:13');

-- --------------------------------------------------------

--
-- Table structure for table `oc_information`
--

CREATE TABLE `oc_information` (
  `information_id` int(11) NOT NULL,
  `bottom` int(1) NOT NULL DEFAULT '0',
  `sort_order` int(3) NOT NULL DEFAULT '0',
  `status` tinyint(1) NOT NULL DEFAULT '1'
) ENGINE=MyISAM DEFAULT CHARSET=utf8;

--
-- Dumping data for table `oc_information`
--

INSERT INTO `oc_information` (`information_id`, `bottom`, `sort_order`, `status`) VALUES
(3, 1, 3, 1),
(4, 1, 1, 1),
(5, 1, 4, 1),
(6, 1, 2, 1);

-- --------------------------------------------------------

--
-- Table structure for table `oc_information_description`
--

CREATE TABLE `oc_information_description` (
  `information_id` int(11) NOT NULL,
  `language_id` int(11) NOT NULL,
  `title` varchar(64) NOT NULL,
  `description` mediumtext NOT NULL,
  `meta_title` varchar(255) NOT NULL,
  `meta_description` varchar(255) NOT NULL,
  `meta_keyword` varchar(255) NOT NULL
) ENGINE=MyISAM DEFAULT CHARSET=utf8;

--
-- Dumping data for table `oc_information_description`
--

INSERT INTO `oc_information_description` (`information_id`, `language_id`, `title`, `description`, `meta_title`, `meta_description`, `meta_keyword`) VALUES
(4, 2, 'About Us', '&lt;p&gt;\r\n	About Us&lt;/p&gt;\r\n', 'About Us', '', ''),
(5, 2, 'Terms &amp; Conditions', '&lt;p&gt;\r\n	Terms &amp;amp; Conditions&lt;/p&gt;\r\n', 'Terms &amp; Conditions', '', ''),
(3, 2, 'Privacy Policy', '&lt;p&gt;\r\n	Privacy Policy&lt;/p&gt;\r\n', 'Privacy Policy', '', ''),
(6, 2, 'Delivery Information', '&lt;p&gt;\r\n	Delivery Information&lt;/p&gt;\r\n', 'Delivery Information', '', ''),
(4, 1, 'About Us', '&lt;p&gt;\r\n	About Us&lt;/p&gt;\r\n', 'About Us', '', ''),
(5, 1, 'Terms &amp; Conditions', '&lt;p&gt;\r\n	Terms &amp;amp; Conditions&lt;/p&gt;\r\n', 'Terms &amp; Conditions', '', ''),
(3, 1, 'Privacy Policy', '&lt;p&gt;\r\n	Privacy Policy&lt;/p&gt;\r\n', 'Privacy Policy', '', ''),
(6, 1, 'Delivery Information', '&lt;p&gt;\r\n	Delivery Information&lt;/p&gt;\r\n', 'Delivery Information', '', '');

-- --------------------------------------------------------

--
-- Table structure for table `oc_information_to_layout`
--

CREATE TABLE `oc_information_to_layout` (
  `information_id` int(11) NOT NULL,
  `store_id` int(11) NOT NULL,
  `layout_id` int(11) NOT NULL
) ENGINE=MyISAM DEFAULT CHARSET=utf8;

--
-- Dumping data for table `oc_information_to_layout`
--

INSERT INTO `oc_information_to_layout` (`information_id`, `store_id`, `layout_id`) VALUES
(4, 0, 0),
(4, 5, 0),
(4, 1, 0),
(4, 2, 0),
(4, 3, 0),
(4, 4, 0),
(6, 0, 0),
(6, 5, 0),
(6, 1, 0),
(6, 2, 0),
(6, 3, 0),
(6, 4, 0),
(3, 0, 0),
(3, 5, 0),
(3, 1, 0),
(3, 2, 0),
(3, 3, 0),
(3, 4, 0),
(5, 0, 0),
(5, 5, 0),
(5, 1, 0),
(5, 2, 0),
(5, 3, 0),
(5, 4, 0);

-- --------------------------------------------------------

--
-- Table structure for table `oc_information_to_store`
--

CREATE TABLE `oc_information_to_store` (
  `information_id` int(11) NOT NULL,
  `store_id` int(11) NOT NULL
) ENGINE=MyISAM DEFAULT CHARSET=utf8;

--
-- Dumping data for table `oc_information_to_store`
--

INSERT INTO `oc_information_to_store` (`information_id`, `store_id`) VALUES
(3, 0),
(3, 1),
(3, 2),
(3, 3),
(3, 4),
(3, 5),
(4, 0),
(4, 1),
(4, 2),
(4, 3),
(4, 4),
(4, 5),
(5, 0),
(5, 1),
(5, 2),
(5, 3),
(5, 4),
(5, 5),
(6, 0),
(6, 1),
(6, 2),
(6, 3),
(6, 4),
(6, 5);

-- --------------------------------------------------------

--
-- Table structure for table `oc_language`
--

CREATE TABLE `oc_language` (
  `language_id` int(11) NOT NULL,
  `name` varchar(32) NOT NULL,
  `code` varchar(5) NOT NULL,
  `locale` varchar(255) NOT NULL,
  `image` varchar(64) NOT NULL,
  `directory` varchar(32) NOT NULL,
  `sort_order` int(3) NOT NULL DEFAULT '0',
  `status` tinyint(1) NOT NULL
) ENGINE=MyISAM DEFAULT CHARSET=utf8;

--
-- Dumping data for table `oc_language`
--

INSERT INTO `oc_language` (`language_id`, `name`, `code`, `locale`, `image`, `directory`, `sort_order`, `status`) VALUES
(1, 'English', 'en-gb', 'en-US,en_US.UTF-8,en_US,en-gb,english', 'gb.png', 'english', 1, 1),
(2, 'French', 'fr-gb', 'fr_US.UTF-8,fr_US,fr-gb,french', '', '', 1, 1);

-- --------------------------------------------------------

--
-- Table structure for table `oc_layout`
--

CREATE TABLE `oc_layout` (
  `layout_id` int(11) NOT NULL,
  `name` varchar(64) NOT NULL
) ENGINE=MyISAM DEFAULT CHARSET=utf8;

--
-- Dumping data for table `oc_layout`
--

INSERT INTO `oc_layout` (`layout_id`, `name`) VALUES
(1, 'Outline 01: Home'),
(2, 'Outline 01: Product'),
(3, 'Outline 01: Category'),
(4, 'Outline 01: Default'),
(5, 'Outline 02: Category'),
(6, 'Outline 02: Product'),
(7, 'Outline 03: Default'),
(8, 'Outline 04: Category'),
(9, 'Outline 02: Home'),
(10, 'Outline 03: Category'),
(11, 'Outline 03: Product'),
(12, 'Outline 03: Home'),
(13, 'Outline 02: Default'),
(14, 'Outline 04: Default'),
(15, 'Outline 05: Default'),
(16, 'Outline 06: Default'),
(17, 'Outline 04: Home'),
(18, 'Outline 05: Home'),
(19, 'Outline 06: Home'),
(20, 'Outline 04: Product'),
(21, 'Outline 05: Product'),
(22, 'Outline 06: Product'),
(23, 'Outline 05: Category'),
(24, 'Outline 06: Category'),
(26, 'Outline 01: Manufacturer Product,Search Product,Special Product'),
(27, 'Outline 02: Manufacturer Product,Search Product,Special Product'),
(28, 'Outline 03: Manufacturer Product,Search Product,Special Product'),
(29, 'Outline 05: Manufacturer Product,Search Product,Special Product'),
(30, 'Outline 06: Manufacturer Product,Search Product,Special Product'),
(31, 'Outline 04: Manufacturer Product,Search Product,Special Product');

-- --------------------------------------------------------

--
-- Table structure for table `oc_layout_module`
--

CREATE TABLE `oc_layout_module` (
  `layout_module_id` int(11) NOT NULL,
  `layout_id` int(11) NOT NULL,
  `code` varchar(64) NOT NULL,
  `position` varchar(14) NOT NULL,
  `sort_order` int(3) NOT NULL
) ENGINE=MyISAM DEFAULT CHARSET=utf8;

--
-- Dumping data for table `oc_layout_module`
--

INSERT INTO `oc_layout_module` (`layout_module_id`, `layout_id`, `code`, `position`, `sort_order`) VALUES
(417, 26, 'ocajaxlogin', 'content_top', 0),
(188, 1, 'newslettersubscribe.40', 'block2', 1),
(187, 1, 'occmsblock.36', 'block2', 0),
(186, 1, 'oc_page_builder.32', 'content_top', 0),
(185, 1, 'ochozmegamenu.43', 'block1', 0),
(411, 3, 'ocajaxlogin', 'content_top', 0),
(410, 3, 'ochozmegamenu.43', 'block1', 0),
(416, 26, 'ochozmegamenu.43', 'block1', 0),
(203, 4, 'occmsblock.36', 'block2', 0),
(202, 4, 'ocajaxlogin', 'content_top', 0),
(201, 4, 'ochozmegamenu.43', 'block1', 0),
(409, 3, 'occmsblock.84', 'column_left', 1),
(415, 26, 'occmsblock.84', 'column_left', 1),
(476, 2, 'occmsblock.36', 'block2', 0),
(475, 2, 'ocajaxlogin', 'content_top', 0),
(474, 2, 'ochozmegamenu.43', 'block1', 0),
(408, 3, 'oclayerednavigation', 'column_left', 0),
(414, 26, 'featured.52', 'column_left', 0),
(423, 9, 'occmsblock.36', 'block2', 0),
(422, 9, 'ocajaxlogin', 'content_top', 1),
(421, 9, 'oc_page_builder.54', 'content_top', 0),
(420, 9, 'ochozmegamenu.43', 'block1', 0),
(434, 5, 'ocajaxlogin', 'content_top', 0),
(433, 5, 'ochozmegamenu.43', 'block1', 0),
(432, 5, 'occmsblock.84', 'column_left', 1),
(431, 5, 'oclayerednavigation', 'column_left', 0),
(233, 13, 'ochozmegamenu.43', 'block1', 0),
(234, 13, 'ocajaxlogin', 'content_top', 0),
(235, 13, 'occmsblock.36', 'block2', 0),
(236, 13, 'newslettersubscribe.40', 'block2', 1),
(237, 6, 'ochozmegamenu.43', 'block1', 0),
(238, 6, 'ocajaxlogin', 'content_top', 0),
(239, 6, 'occmsblock.36', 'block2', 0),
(240, 6, 'newslettersubscribe.40', 'block2', 1),
(428, 27, 'ocajaxlogin', 'content_top', 0),
(427, 27, 'ochozmegamenu.43', 'block1', 0),
(426, 27, 'occmsblock.84', 'column_left', 1),
(425, 27, 'featured.52', 'column_left', 0),
(252, 12, 'oc_page_builder.60', 'content_top', 1),
(251, 12, 'ocajaxlogin', 'content_top', 0),
(250, 12, 'ochozmegamenu.43', 'block1', 0),
(253, 12, 'occmsblock.36', 'block2', 0),
(254, 12, 'newslettersubscribe.40', 'block2', 1),
(440, 10, 'ocajaxlogin', 'content_top', 0),
(439, 10, 'ochozmegamenu.43', 'block1', 0),
(438, 10, 'occmsblock.84', 'column_left', 1),
(437, 10, 'oclayerednavigation', 'column_left', 0),
(267, 7, 'newslettersubscribe.40', 'block2', 1),
(266, 7, 'occmsblock.36', 'block2', 0),
(265, 7, 'ocajaxlogin', 'content_top', 0),
(264, 7, 'ochozmegamenu.43', 'block1', 0),
(268, 11, 'ochozmegamenu.43', 'block1', 0),
(269, 11, 'ocajaxlogin', 'content_top', 0),
(270, 11, 'occmsblock.36', 'block2', 0),
(271, 11, 'newslettersubscribe.40', 'block2', 1),
(446, 28, 'ocajaxlogin', 'content_top', 0),
(445, 28, 'ochozmegamenu.43', 'block1', 0),
(444, 28, 'occmsblock.84', 'column_left', 1),
(443, 28, 'featured.52', 'column_left', 0),
(482, 17, 'newslettersubscribe.40', 'block3', 0),
(481, 17, 'carousel.70', 'block2', 1),
(480, 17, 'ocajaxlogin', 'content_top', 1),
(479, 17, 'oc_page_builder.68', 'content_top', 0),
(478, 17, 'ochozmegamenu.43', 'block1', 0),
(453, 8, 'carousel.70', 'block2', 0),
(452, 8, 'ocajaxlogin', 'content_top', 0),
(451, 8, 'ochozmegamenu.43', 'block1', 0),
(450, 8, 'occmsblock.84', 'column_left', 1),
(449, 8, 'oclayerednavigation', 'column_left', 0),
(320, 14, 'ochozmegamenu.43', 'block1', 0),
(321, 14, 'ocajaxlogin', 'content_top', 0),
(322, 14, 'carousel.70', 'block2', 0),
(323, 14, 'newslettersubscribe.40', 'block3', 0),
(324, 14, 'occmsblock.36', 'block4', 0),
(325, 20, 'ochozmegamenu.43', 'block1', 0),
(326, 20, 'ocajaxlogin', 'content_top', 0),
(327, 20, 'carousel.70', 'block2', 0),
(328, 20, 'newslettersubscribe.40', 'block3', 0),
(329, 20, 'occmsblock.36', 'block4', 0),
(468, 29, 'featured.52', 'column_left', 0),
(471, 29, 'ocajaxlogin', 'content_top', 0),
(470, 29, 'ochozmegamenu.43', 'block1', 0),
(362, 15, 'ochozmegamenu.43', 'block1', 0),
(346, 18, 'oc_page_builder.72', 'content_top', 1),
(345, 18, 'ocajaxlogin', 'content_top', 0),
(344, 18, 'ochozmegamenu.43', 'block1', 0),
(347, 18, 'carousel.70', 'block2', 0),
(348, 18, 'newslettersubscribe.40', 'block3', 0),
(465, 23, 'ocajaxlogin', 'content_top', 0),
(464, 23, 'ochozmegamenu.43', 'block1', 0),
(353, 21, 'ochozmegamenu.43', 'block1', 0),
(354, 21, 'ocajaxlogin', 'content_top', 0),
(355, 21, 'carousel.70', 'block2', 0),
(356, 21, 'newslettersubscribe.40', 'block3', 0),
(487, 24, 'ocajaxlogin', 'content_top', 0),
(486, 24, 'ochozmegamenu.43', 'block1', 0),
(485, 24, 'occmsblock.84', 'column_left', 1),
(484, 24, 'oclayerednavigation', 'column_left', 0),
(363, 15, 'ocajaxlogin', 'content_top', 0),
(364, 15, 'carousel.70', 'block2', 0),
(365, 15, 'newslettersubscribe.40', 'block3', 0),
(469, 29, 'occmsblock.84', 'column_left', 1),
(463, 23, 'occmsblock.84', 'column_left', 1),
(462, 23, 'oclayerednavigation', 'column_left', 0),
(398, 16, 'newslettersubscribe.40', 'block3', 0),
(397, 16, 'carousel.70', 'block2', 0),
(396, 16, 'ocajaxlogin', 'content_top', 0),
(395, 16, 'ochozmegamenu.43', 'block1', 0),
(392, 19, 'oc_page_builder.78', 'content_top', 1),
(391, 19, 'ocajaxlogin', 'content_top', 0),
(390, 19, 'ochozmegamenu.43', 'block1', 0),
(393, 19, 'carousel.70', 'block2', 0),
(394, 19, 'newslettersubscribe.40', 'block3', 0),
(399, 22, 'ochozmegamenu.43', 'block1', 0),
(400, 22, 'ocajaxlogin', 'content_top', 0),
(401, 22, 'carousel.70', 'block2', 0),
(402, 22, 'newslettersubscribe.40', 'block3', 0),
(493, 30, 'ocajaxlogin', 'content_top', 0),
(492, 30, 'ochozmegamenu.43', 'block1', 0),
(491, 30, 'occmsblock.84', 'column_left', 1),
(490, 30, 'featured.52', 'column_left', 0),
(412, 3, 'occmsblock.36', 'block2', 0),
(413, 3, 'newslettersubscribe.40', 'block2', 1),
(418, 26, 'newslettersubscribe.40', 'block2', 0),
(419, 26, 'occmsblock.36', 'block2', 1),
(424, 9, 'newslettersubscribe.40', 'block2', 1),
(429, 27, 'occmsblock.36', 'block2', 0),
(430, 27, 'newslettersubscribe.40', 'block2', 1),
(435, 5, 'occmsblock.36', 'block2', 0),
(436, 5, 'newslettersubscribe.40', 'block2', 1),
(441, 10, 'occmsblock.36', 'block2', 0),
(442, 10, 'newslettersubscribe.40', 'block2', 1),
(447, 28, 'occmsblock.36', 'block2', 0),
(448, 28, 'newslettersubscribe.40', 'block2', 1),
(454, 8, 'newslettersubscribe.40', 'block3', 0),
(455, 8, 'occmsblock.36', 'block4', 0),
(456, 31, 'featured.52', 'column_left', 0),
(457, 31, 'occmsblock.84', 'column_left', 1),
(458, 31, 'ochozmegamenu.43', 'block1', 0),
(459, 31, 'carousel.70', 'block2', 0),
(460, 31, 'newslettersubscribe.40', 'block3', 0),
(461, 31, 'occmsblock.36', 'block4', 0),
(466, 23, 'carousel.70', 'block2', 0),
(467, 23, 'newslettersubscribe.40', 'block3', 0),
(472, 29, 'carousel.70', 'block2', 0),
(473, 29, 'newslettersubscribe.40', 'block3', 0),
(477, 2, 'newslettersubscribe.40', 'block2', 1),
(483, 17, 'occmsblock.36', 'block4', 0),
(488, 24, 'carousel.70', 'block2', 0),
(489, 24, 'newslettersubscribe.40', 'block3', 0),
(494, 30, 'carousel.70', 'block2', 0),
(495, 30, 'newslettersubscribe.40', 'block3', 0);

-- --------------------------------------------------------

--
-- Table structure for table `oc_layout_route`
--

CREATE TABLE `oc_layout_route` (
  `layout_route_id` int(11) NOT NULL,
  `layout_id` int(11) NOT NULL,
  `store_id` int(11) NOT NULL,
  `route` varchar(64) NOT NULL
) ENGINE=MyISAM DEFAULT CHARSET=utf8;

--
-- Dumping data for table `oc_layout_route`
--

INSERT INTO `oc_layout_route` (`layout_route_id`, `layout_id`, `store_id`, `route`) VALUES
(225, 19, 5, 'common/home'),
(204, 20, 3, 'product/product'),
(213, 21, 4, 'product/product'),
(227, 22, 5, 'product/product'),
(248, 23, 4, 'product/category'),
(254, 24, 5, 'product/category'),
(203, 14, 3, ''),
(215, 15, 4, ''),
(226, 16, 5, ''),
(253, 17, 3, 'common/home'),
(211, 18, 4, 'common/home'),
(180, 6, 1, 'product/product'),
(231, 3, 0, 'product/category'),
(161, 1, 0, 'common/home'),
(252, 2, 0, 'product/product'),
(189, 11, 2, 'product/product'),
(188, 7, 2, ''),
(244, 8, 3, 'product/category'),
(235, 9, 1, 'common/home'),
(165, 4, 0, ''),
(239, 5, 1, 'product/category'),
(185, 12, 2, 'common/home'),
(179, 13, 1, ''),
(234, 26, 0, 'product/special'),
(233, 26, 0, 'product/manufacturer/%'),
(232, 26, 0, 'product/search'),
(238, 27, 1, 'product/special'),
(237, 27, 1, 'product/manufacturer/%'),
(236, 27, 1, 'product/search'),
(240, 10, 2, 'product/category'),
(243, 28, 2, 'product/special'),
(242, 28, 2, 'product/manufacturer/%'),
(241, 28, 2, 'product/search'),
(251, 29, 4, 'product/special'),
(250, 29, 4, 'product/manufacturer/%'),
(249, 29, 4, 'product/search'),
(257, 30, 5, 'product/special'),
(256, 30, 5, 'product/manufacturer/%'),
(255, 30, 5, 'product/search'),
(245, 31, 3, 'product/special'),
(246, 31, 3, 'product/manufacturer/%'),
(247, 31, 3, 'product/search');

-- --------------------------------------------------------

--
-- Table structure for table `oc_length_class`
--

CREATE TABLE `oc_length_class` (
  `length_class_id` int(11) NOT NULL,
  `value` decimal(15,8) NOT NULL
) ENGINE=MyISAM DEFAULT CHARSET=utf8;

--
-- Dumping data for table `oc_length_class`
--

INSERT INTO `oc_length_class` (`length_class_id`, `value`) VALUES
(1, '1.00000000'),
(2, '10.00000000'),
(3, '0.39370000');

-- --------------------------------------------------------

--
-- Table structure for table `oc_length_class_description`
--

CREATE TABLE `oc_length_class_description` (
  `length_class_id` int(11) NOT NULL,
  `language_id` int(11) NOT NULL,
  `title` varchar(32) NOT NULL,
  `unit` varchar(4) NOT NULL
) ENGINE=MyISAM DEFAULT CHARSET=utf8;

--
-- Dumping data for table `oc_length_class_description`
--

INSERT INTO `oc_length_class_description` (`length_class_id`, `language_id`, `title`, `unit`) VALUES
(1, 1, 'Centimeter', 'cm'),
(2, 1, 'Millimeter', 'mm'),
(3, 1, 'Inch', 'in'),
(1, 2, 'Centimeter', 'cm'),
(2, 2, 'Millimeter', 'mm'),
(3, 2, 'Inch', 'in');

-- --------------------------------------------------------

--
-- Table structure for table `oc_location`
--

CREATE TABLE `oc_location` (
  `location_id` int(11) NOT NULL,
  `name` varchar(32) NOT NULL,
  `address` text NOT NULL,
  `telephone` varchar(32) NOT NULL,
  `fax` varchar(32) NOT NULL,
  `geocode` varchar(32) NOT NULL,
  `image` varchar(255) DEFAULT NULL,
  `open` text NOT NULL,
  `comment` text NOT NULL
) ENGINE=MyISAM DEFAULT CHARSET=utf8;

-- --------------------------------------------------------

--
-- Table structure for table `oc_manufacturer`
--

CREATE TABLE `oc_manufacturer` (
  `manufacturer_id` int(11) NOT NULL,
  `name` varchar(64) NOT NULL,
  `image` varchar(255) DEFAULT NULL,
  `sort_order` int(3) NOT NULL
) ENGINE=MyISAM DEFAULT CHARSET=utf8;

--
-- Dumping data for table `oc_manufacturer`
--

INSERT INTO `oc_manufacturer` (`manufacturer_id`, `name`, `image`, `sort_order`) VALUES
(5, 'HTC', 'catalog/demo/htc_logo.jpg', 0),
(6, 'Palm', 'catalog/demo/palm_logo.jpg', 0),
(7, 'Hewlett-Packard', 'catalog/demo/hp_logo.jpg', 0),
(8, 'Apple', 'catalog/demo/apple_logo.jpg', 0),
(9, 'Canon', 'catalog/demo/canon_logo.jpg', 0),
(10, 'Sony', 'catalog/demo/sony_logo.jpg', 0);

-- --------------------------------------------------------

--
-- Table structure for table `oc_manufacturer_to_store`
--

CREATE TABLE `oc_manufacturer_to_store` (
  `manufacturer_id` int(11) NOT NULL,
  `store_id` int(11) NOT NULL
) ENGINE=MyISAM DEFAULT CHARSET=utf8;

--
-- Dumping data for table `oc_manufacturer_to_store`
--

INSERT INTO `oc_manufacturer_to_store` (`manufacturer_id`, `store_id`) VALUES
(5, 0),
(5, 1),
(5, 2),
(5, 3),
(5, 4),
(5, 5),
(6, 0),
(6, 1),
(6, 2),
(6, 3),
(6, 4),
(6, 5),
(7, 0),
(7, 1),
(7, 2),
(7, 3),
(7, 4),
(7, 5),
(8, 0),
(8, 1),
(8, 2),
(8, 3),
(8, 4),
(8, 5),
(9, 0),
(9, 1),
(9, 2),
(9, 3),
(9, 4),
(9, 5),
(10, 0),
(10, 1),
(10, 2),
(10, 3),
(10, 4),
(10, 5);

-- --------------------------------------------------------

--
-- Table structure for table `oc_marketing`
--

CREATE TABLE `oc_marketing` (
  `marketing_id` int(11) NOT NULL,
  `name` varchar(32) NOT NULL,
  `description` text NOT NULL,
  `code` varchar(64) NOT NULL,
  `clicks` int(5) NOT NULL DEFAULT '0',
  `date_added` datetime NOT NULL
) ENGINE=MyISAM DEFAULT CHARSET=utf8;

-- --------------------------------------------------------

--
-- Table structure for table `oc_modification`
--

CREATE TABLE `oc_modification` (
  `modification_id` int(11) NOT NULL,
  `extension_install_id` int(11) NOT NULL,
  `name` varchar(64) NOT NULL,
  `code` varchar(64) NOT NULL,
  `author` varchar(64) NOT NULL,
  `version` varchar(32) NOT NULL,
  `link` varchar(255) NOT NULL,
  `xml` mediumtext NOT NULL,
  `status` tinyint(1) NOT NULL,
  `date_added` datetime NOT NULL
) ENGINE=MyISAM DEFAULT CHARSET=utf8;

--
-- Dumping data for table `oc_modification`
--

INSERT INTO `oc_modification` (`modification_id`, `extension_install_id`, `name`, `code`, `author`, `version`, `link`, `xml`, `status`, `date_added`) VALUES
(27, 28, 'OC Customize Template', 'oc_customize_template', 'Plaza Theme', '3.x', '', '<?xml version="1.0" encoding="utf-8"?>\r\n<modification>\r\n    <code>oc_customize_template</code>\r\n    <name>OC Customize Template</name>\r\n    <version>3.x</version>\r\n    <author>Plaza Theme</author>\r\n	\r\n	<file path="admin/model/localisation/language.php">\r\n		<operation>\r\n			<search><![CDATA[return $language_id;]]></search>\r\n			<add position="before"><![CDATA[\r\n				$query = $this->db->query("SELECT * FROM " . DB_PREFIX . "cmsblock_description WHERE language_id = ''" . (int)$this->config->get(''config_language_id'') . "''");\r\n\r\n				foreach ($query->rows as $cmsblock_description) {\r\n					$this->db->query("INSERT INTO " . DB_PREFIX . "cmsblock_description SET cmsblock_des_id = ''" . (int)$cmsblock_description[''cmsblock_des_id''] . "'', language_id = ''" . (int)$language_id . "'', cmsblock_id = ''" . (int)$cmsblock_description[''cmsblock_id''] . "'', title = ''" . $this->db->escape($cmsblock_description[''title'']) . "'', description = ''" . $this->db->escape($cmsblock_description[''description'']) . "''");\r\n				}\r\n				$this->cache->delete(''cmsblock_description'');\r\n\r\n				$query = $this->db->query("SELECT * FROM " . DB_PREFIX . "article_description WHERE language_id = ''" . (int)$this->config->get(''config_language_id'') . "''");\r\n\r\n				foreach ($query->rows as $article_description) {\r\n					$this->db->query("INSERT INTO " . DB_PREFIX . "article_description SET article_id = ''" . (int)$article_description[''article_id''] . "'', language_id = ''" . (int)$language_id . "'', name = ''" . $this->db->escape($article_description[''name'']) . "'', description = ''" . $this->db->escape($article_description[''description'']) . "'', intro_text = ''" . $this->db->escape($article_description[''intro_text'']) . "'', meta_title = ''" . $this->db->escape($article_description[''meta_title'']) . "'', meta_description = ''" . $this->db->escape($article_description[''meta_description'']) . "'', meta_keyword = ''" . $this->db->escape($article_description[''meta_keyword'']) . "''");\r\n				}\r\n				$this->cache->delete(''article_description'');\r\n				\r\n				$query = $this->db->query("SELECT * FROM " . DB_PREFIX . "ocslideshow_image_description WHERE language_id = ''" . (int)$this->config->get(''config_language_id'') . "''");\r\n\r\n				foreach ($query->rows as $ocslideshow_image_description) {\r\n					$this->db->query("INSERT INTO " . DB_PREFIX . "ocslideshow_image_description SET ocslideshow_image_id = ''" . (int)$ocslideshow_image_description[''ocslideshow_image_id''] . "'', language_id = ''" . (int)$language_id . "'', ocslideshow_id = ''" . (int)$ocslideshow_image_description[''ocslideshow_id''] . "'', description = ''" . $this->db->escape($ocslideshow_image_description[''description'']) . "'', title = ''" . $this->db->escape($ocslideshow_image_description[''title'']) . "'', sub_title = ''" . $this->db->escape($ocslideshow_image_description[''sub_title'']) . "''");\r\n				}\r\n				$this->cache->delete(''ocslideshow_image_description'');\r\n			]]></add>\r\n		</operation>\r\n\r\n		<operation>\r\n		<search><![CDATA[\r\n			$this->db->query("DELETE FROM " . DB_PREFIX . "option_description WHERE language_id = ''" . (int)$language_id . "''");\r\n		]]></search>\r\n		<add position="after"><![CDATA[\r\n			$this->db->query("DELETE FROM " . DB_PREFIX . "cmsblock_description WHERE language_id = ''" . (int)$language_id . "''");\r\n			$this->db->query("DELETE FROM " . DB_PREFIX . "article_description WHERE language_id = ''" . (int)$language_id . "''");\r\n			$this->db->query("DELETE FROM " . DB_PREFIX . "ocslideshow_image_description WHERE language_id = ''" . (int)$language_id . "''");\r\n		]]></add>\r\n		</operation>\r\n	</file>\r\n	\r\n	<file path="catalog/controller/account/{account,address,affiliate,download,edit,forgotten,login,logout,newsletter,order,password,recurring,register,reset,return,reward,success,tracking,transaction,voucher,wishlist}*.php">\r\n		<operation>\r\n		<search><![CDATA[$this->document->setTitle($this->language->get(''heading_title''));]]></search>\r\n		<add position="after"><![CDATA[\r\n		$data[''heading_title''] = $this->language->get(''heading_title'');\r\n		]]></add>\r\n		</operation>\r\n	</file>\r\n\r\n	<file path="catalog/controller/affiliate/{login,register,success,}*.php">\r\n		<operation>\r\n		<search><![CDATA[$this->document->setTitle($this->language->get(''heading_title''));]]></search>\r\n		<add position="after"><![CDATA[\r\n		$data[''heading_title''] = $this->language->get(''heading_title'');\r\n		]]></add>\r\n		</operation>\r\n	</file>\r\n\r\n	<file path="catalog/controller/checkout/{cart,checkout,failure,success}*.php">\r\n		<operation>\r\n		<search><![CDATA[$this->document->setTitle($this->language->get(''heading_title''));]]></search>\r\n		<add position="after"><![CDATA[\r\n		$data[''heading_title''] = $this->language->get(''heading_title'');\r\n		]]></add>\r\n		</operation>\r\n	</file>\r\n\r\n	<file path="catalog/controller/product/{compare,manufacturer,search,special}*.php">\r\n		<operation>\r\n		<search><![CDATA[$this->document->setTitle($this->language->get(''heading_title''));]]></search>\r\n		<add position="after"><![CDATA[\r\n		$data[''heading_title''] = $this->language->get(''heading_title'');\r\n		]]></add>\r\n		</operation>\r\n	</file>\r\n\r\n	<file path="catalog/controller/{common,error}/{maintenance,not_found}*.php">\r\n		<operation>\r\n		<search><![CDATA[$this->document->setTitle($this->language->get(''heading_title''));]]></search>\r\n		<add position="after"><![CDATA[\r\n		$data[''heading_title''] = $this->language->get(''heading_title'');\r\n		]]></add>\r\n		</operation>\r\n	</file>\r\n\r\n	<file path="catalog/controller/extension/{credit_card,payment}/{sagepay_direct,sagepay_server,squareup,amazon_login_pay,klarna_checkout,wechat_pay}*.php">\r\n		<operation>\r\n		<search><![CDATA[$this->document->setTitle($this->language->get(''heading_title''));]]></search>\r\n		<add position="after"><![CDATA[\r\n		$data[''heading_title''] = $this->language->get(''heading_title'');\r\n		]]></add>\r\n		</operation>\r\n	</file>\r\n	<file path="catalog/controller/information/{sitemap,contact}*.php">\r\n		<operation>\r\n		<search><![CDATA[$this->document->setTitle($this->language->get(''heading_title''));]]></search>\r\n		<add position="after"><![CDATA[\r\n		$data[''heading_title''] = $this->language->get(''heading_title'');\r\n		]]></add>\r\n		</operation>\r\n	</file>\r\n	\r\n	<file path="catalog/controller/common/cart.php">\r\n		<operation>\r\n			<search><![CDATA[$data[''text_items''] = sprintf($this->language->get(''text_items''), $this->cart->countProducts() + (isset($this->session->data[''vouchers'']) ? count($this->session->data[''vouchers'']) : 0), $this->currency->format($total, $this->session->data[''currency'']));]]></search>\r\n			<add position="replace"><![CDATA[\r\n				$data[''text_items''] = sprintf($this->language->get(''text_items''), $this->cart->countProducts() + (isset($this->session->data[''vouchers'']) ? count($this->session->data[''vouchers'']) : 0), null);\r\n			]]></add>\r\n		</operation>\r\n		<operation>\r\n			<search><![CDATA[$data[''products''][] = array(]]></search>\r\n			<add position="before"><![CDATA[\r\n				$c_words = 30;\r\n				$product[''name''] = strlen($product[''name'']) > $c_words ? substr($product[''name''],0,$c_words)."..." : $product[''name''];\r\n			]]></add>\r\n		</operation>\r\n	</file>	\r\n	\r\n	<file path="catalog/controller/extension/module/category.php">\r\n		<operation>\r\n			<search><![CDATA[if ($category[''category_id''] == $data[''category_id'']) {]]></search>\r\n			<add position="replace"><![CDATA[\r\n				if (true) {\r\n			]]></add>\r\n		</operation>\r\n	</file>\r\n\r\n	<file path="catalog/controller/common/header.php">\r\n		<operation>\r\n			<search><![CDATA[return $this->load->view(''common/header'', $data);]]></search>\r\n			<add position="before"><![CDATA[\r\n				$data[''block1''] = $this->load->controller(''common/block1'');\r\n				\r\n				if($this->config->get(''module_ocajaxlogin_status'')){\r\n					$data[''use_ajax_login''] = true;\r\n				}else{\r\n					$data[''use_ajax_login''] = false;\r\n				}\r\n				\r\n				// For page specific css\r\n				if (isset($this->request->get[''route''])) {\r\n					if (isset($this->request->get[''product_id''])) {\r\n						$class = ''-'' . $this->request->get[''product_id''];\r\n					} elseif (isset($this->request->get[''path''])) {\r\n						$class = ''-'' . $this->request->get[''path''];\r\n					} elseif (isset($this->request->get[''manufacturer_id''])) {\r\n						$class = ''-'' . $this->request->get[''manufacturer_id''];\r\n					} elseif (isset($this->request->get[''information_id''])) {\r\n						$class = ''-'' . $this->request->get[''information_id''];\r\n					} else {\r\n						$class = '''';\r\n					}\r\n\r\n					$data[''class''] = str_replace(''/'', ''-'', $this->request->get[''route'']) . $class;\r\n				} else {\r\n					$data[''class''] = ''common-home'';\r\n				}\r\n			]]></add>\r\n		</operation>\r\n		<operation>\r\n			<search><![CDATA[$data[''telephone''] = $this->config->get(''config_telephone'');]]></search>\r\n			<add position="after"><![CDATA[\r\n				$data[''text_phone''] = $this->language->get(''text_phone'');\r\n				$data[''text_welcome''] = $this->language->get(''text_welcome'');\r\n			]]></add>\r\n		</operation>\r\n	</file>\r\n	\r\n	<file path="catalog/controller/common/footer.php">\r\n		<operation>\r\n			<search><![CDATA[$data[''newsletter''] = $this->url->link(''account/newsletter'', '''', true);]]></search>\r\n			<add position="after"><![CDATA[						\r\n				$data[''block2''] = $this->load->controller(''common/block2'');			\r\n				$data[''block3''] = $this->load->controller(''common/block3'');				\r\n				$data[''block4''] = $this->load->controller(''common/block4'');				\r\n				if ($this->request->server[''HTTPS'']) {\r\n					$server = $this->config->get(''config_ssl'');\r\n				} else {\r\n					$server = $this->config->get(''config_url'');\r\n				}\r\n				if (is_file(DIR_IMAGE . $this->config->get(''config_logo''))) {\r\n					$data[''logo''] = $server . ''image/'' . $this->config->get(''config_logo'');\r\n				} else {\r\n					$data[''logo''] = '''';\r\n				}\r\n			]]></add>\r\n		</operation>\r\n		<operation>\r\n			<search><![CDATA[''title'' => $result[''title''],]]></search>\r\n			<add position="after"><![CDATA[		\r\n				''short-des'' => utf8_substr(strip_tags(html_entity_decode($result[''description''], ENT_QUOTES, ''UTF-8'')), 0, 300),\r\n			]]></add>\r\n		</operation>\r\n	</file>\r\n	\r\n	<file path="catalog/controller/product/category.php">\r\n		<operation>\r\n			<search><![CDATA[foreach ($results as $result) {]]></search>\r\n			<add position="before"><![CDATA[\r\n				/* Get new product */\r\n				$this->load->model(''catalog/product'');\r\n		\r\n				$data[''new_products''] = array();\r\n		\r\n				$filter_data = array(\r\n					''sort''  => ''p.date_added'',\r\n					''order'' => ''DESC'',\r\n					''start'' => 0,\r\n					''limit'' => 10\r\n				);\r\n		\r\n				$new_results = $this->model_catalog_product->getProducts($filter_data);\r\n				/* End */\r\n			]]></add>\r\n		</operation>\r\n		<operation>\r\n			<search><![CDATA[$data[''products''][] = array(]]></search>\r\n			<add position="before"><![CDATA[\r\n				$is_new = false;\r\n				if ($new_results) { \r\n					foreach($new_results as $new_r) {\r\n						if($result[''product_id''] == $new_r[''product_id'']) {\r\n							$is_new = true;\r\n						}\r\n					}\r\n				}\r\n				if (($this->config->get(''config_customer_price'') && $this->customer->isLogged()) || !$this->config->get(''config_customer_price'')) {\r\n					$price_num = $this->tax->calculate($result[''price''], $result[''tax_class_id''], $this->config->get(''config_tax''));\r\n				} else {\r\n					$price_num = false;\r\n				}\r\n\r\n				if ((float)$result[''special'']) {\r\n					$special_num = $this->tax->calculate($result[''special''], $result[''tax_class_id''], $this->config->get(''config_tax''));\r\n				} else {\r\n					$special_num = false;\r\n				}\r\n				/// Product Rotator /\r\n				$store_id = $this->config->get(''config_store_id'');\r\n\r\n				$product_rotator_status = (int) $this->config->get(''module_octhemeoption_rotator'')[$store_id];\r\n				if($product_rotator_status == 1) {\r\n				 $this->load->model(''catalog/ocproductrotator'');\r\n				 $this->load->model(''tool/image'');\r\n			 \r\n				 $product_id = $result[''product_id''];\r\n				 $product_rotator_image = $this->model_catalog_ocproductrotator->getProductRotatorImage($product_id);\r\n			 \r\n				 if($product_rotator_image) {\r\n				  $rotator_image = $this->model_tool_image->resize($product_rotator_image, $this->config->get(''theme_'' . $this->config->get(''config_theme'') . ''_image_product_width''), $this->config->get(''theme_'' . $this->config->get(''config_theme'') . ''_image_product_height'')); \r\n				 } else {\r\n				  $rotator_image = false;\r\n				 } \r\n				} else {\r\n				 $rotator_image = false;    \r\n				}\r\n				/// End Product Rotator /\r\n								\r\n				$c_words = 50;\r\n				$result[''name''] = strlen($result[''name'']) > $c_words ? substr($result[''name''],0,$c_words)."..." : $result[''name''];\r\n			]]></add>\r\n		</operation>\r\n		<operation>\r\n			<search><![CDATA[''product_id''  => $result[''product_id''],]]></search>\r\n			<add position="before"><![CDATA[\r\n				''is_new''      => $is_new,\r\n				''rotator_image'' => $rotator_image,\r\n				''price_num''       => $price_num,\r\n				''special_num''     => $special_num,\r\n				''manufacturer'' => $result[''manufacturer''],\r\n				''manufacturers'' => $this->url->link(''product/manufacturer/info'', ''manufacturer_id='' . $result[''manufacturer_id'']),\r\n			]]></add>\r\n		</operation>\r\n	</file>\r\n	\r\n	<file path="catalog/controller/product/product.php">\r\n		<operation>\r\n			<search><![CDATA[$results = $this->model_catalog_product->getProductRelated($this->request->get[''product_id'']);]]></search>\r\n			<add position="before"><![CDATA[\r\n				/* Get new product */\r\n				$this->load->model(''catalog/product'');\r\n		\r\n				$data[''new_products''] = array();\r\n		\r\n				$filter_data = array(\r\n					''sort''  => ''p.date_added'',\r\n					''order'' => ''DESC'',\r\n					''start'' => 0,\r\n					''limit'' => 10\r\n				);\r\n		\r\n				$new_results = $this->model_catalog_product->getProducts($filter_data);\r\n				/* End */\r\n			]]></add>\r\n		</operation>\r\n		<operation>\r\n			<search><![CDATA[$data[''products''][] = array(]]></search>\r\n			<add position="before"><![CDATA[\r\n				$is_new = false;\r\n				if ($new_results) { \r\n					foreach($new_results as $new_r) {\r\n						if($result[''product_id''] == $new_r[''product_id'']) {\r\n							$is_new = true;\r\n						}\r\n					}\r\n				}\r\n				if (($this->config->get(''config_customer_price'') && $this->customer->isLogged()) || !$this->config->get(''config_customer_price'')) {\r\n					$price_num = $this->tax->calculate($result[''price''], $result[''tax_class_id''], $this->config->get(''config_tax''));\r\n				} else {\r\n					$price_num = false;\r\n				}\r\n\r\n				if ((float)$result[''special'']) {\r\n					$special_num = $this->tax->calculate($result[''special''], $result[''tax_class_id''], $this->config->get(''config_tax''));\r\n				} else {\r\n					$special_num = false;\r\n				}\r\n				/// Product Rotator /\r\n				$store_id = $this->config->get(''config_store_id'');\r\n\r\n				$product_rotator_status = (int) $this->config->get(''module_octhemeoption_rotator'')[$store_id];\r\n				if($product_rotator_status == 1) {\r\n				 $this->load->model(''catalog/ocproductrotator'');\r\n				 $this->load->model(''tool/image'');\r\n			 \r\n				 $product_id = $result[''product_id''];\r\n				 $product_rotator_image = $this->model_catalog_ocproductrotator->getProductRotatorImage($product_id);\r\n			 \r\n				 if($product_rotator_image) {\r\n				  $rotator_image = $this->model_tool_image->resize($product_rotator_image, $this->config->get(''theme_'' . $this->config->get(''config_theme'') . ''_image_product_width''), $this->config->get(''theme_'' . $this->config->get(''config_theme'') . ''_image_product_height'')); \r\n				 } else {\r\n				  $rotator_image = false;\r\n				 }\r\n				} else {\r\n				 $rotator_image = false;    \r\n				}\r\n				/// End Product Rotator /	\r\n				\r\n				$data[''use_quickview''] = (int) $this->config->get(''module_octhemeoption_quickview'')[$store_id];\r\n				\r\n				$c_words = 50;\r\n				$result[''name''] = strlen($result[''name'']) > $c_words ? substr($result[''name''],0,$c_words)."..." : $result[''name''];\r\n			]]></add>\r\n		</operation>\r\n		<operation>\r\n			<search><![CDATA[''rating''      => $rating,]]></search>\r\n			<add position="after"><![CDATA[\r\n				''is_new''      => $is_new,\r\n				''rotator_image'' => $rotator_image,\r\n				''price_num''       => $price_num,\r\n				''special_num''     => $special_num,\r\n				''manufacturer'' => $result[''manufacturer''],\r\n				''manufacturers'' => $this->url->link(''product/manufacturer/info'', ''manufacturer_id='' . $result[''manufacturer_id'']),\r\n			]]></add>\r\n		</operation>\r\n		<operation>\r\n			<search><![CDATA[$data[''description''] = html_entity_decode($product_info[''description''], ENT_QUOTES, ''UTF-8'');]]></search>\r\n			<add position="after"><![CDATA[\r\n				$data[''short_description''] = utf8_substr(strip_tags(html_entity_decode($product_info[''description''], ENT_QUOTES, ''UTF-8'')), 0,400, $this->config->get($this->config->get(''config_theme'') . ''_product_description_length'')) . ''..'';\r\n			]]></add>\r\n		</operation>\r\n	</file>\r\n	\r\n	<file path="catalog/controller/product/special.php">		\r\n		<operation>\r\n			<search><![CDATA[$results = $this->model_catalog_product->getProductSpecials($filter_data);]]></search>\r\n			<add position="after"><![CDATA[\r\n				/* Get new product */\r\n				$this->load->model(''catalog/product'');\r\n		\r\n				$data[''new_products''] = array();\r\n		\r\n				$filter_data = array(\r\n					''sort''  => ''p.date_added'',\r\n					''order'' => ''DESC'',\r\n					''start'' => 0,\r\n					''limit'' => 10\r\n				);\r\n		\r\n				$new_results = $this->model_catalog_product->getProducts($filter_data);\r\n				/* End */\r\n			]]></add>\r\n		</operation>\r\n		\r\n		<operation>\r\n			<search><![CDATA[$data[''products''][] = array(]]></search>\r\n			<add position="before"><![CDATA[\r\n				$is_new = false;\r\n				if ($new_results) { \r\n					foreach($new_results as $new_r) {\r\n						if($result[''product_id''] == $new_r[''product_id'']) {\r\n							$is_new = true;\r\n						}\r\n					}\r\n				}\r\n				if (($this->config->get(''config_customer_price'') && $this->customer->isLogged()) || !$this->config->get(''config_customer_price'')) {\r\n					$price_num = $this->tax->calculate($result[''price''], $result[''tax_class_id''], $this->config->get(''config_tax''));\r\n				} else {\r\n					$price_num = false;\r\n				}\r\n\r\n				if ((float)$result[''special'']) {\r\n					$special_num = $this->tax->calculate($result[''special''], $result[''tax_class_id''], $this->config->get(''config_tax''));\r\n				} else {\r\n					$special_num = false;\r\n				}\r\n				/// Product Rotator /\r\n				$store_id = $this->config->get(''config_store_id'');\r\n				$product_rotator_status = (int) $this->config->get(''module_octhemeoption_rotator'')[$store_id];\r\n				\r\n				if($product_rotator_status == 1) {\r\n				 $this->load->model(''catalog/ocproductrotator'');\r\n				 $this->load->model(''tool/image'');\r\n			 \r\n				 $product_id = $result[''product_id''];\r\n				 $product_rotator_image = $this->model_catalog_ocproductrotator->getProductRotatorImage($product_id);\r\n			 \r\n					 if($product_rotator_image) {\r\n							$rotator_image = $this->model_tool_image->resize($product_rotator_image, $this->config->get(''theme_'' . $this->config->get(''config_theme'') . ''_image_product_width''), $this->config->get(''theme_'' . $this->config->get(''config_theme'') . ''_image_product_height'')); \r\n					} else {\r\n						$rotator_image = false;\r\n					}\r\n				} else {\r\n				 $rotator_image = false;    \r\n				}\r\n				/// End Product Rotator /\r\n				\r\n				$c_words = 50;\r\n				$result[''name''] = strlen($result[''name'']) > $c_words ? substr($result[''name''],0,$c_words)."..." : $result[''name''];\r\n			]]></add>\r\n		</operation>\r\n		\r\n		<operation>\r\n			<search><![CDATA[''rating''      => $result[''rating''],]]></search>\r\n			<add position="after"><![CDATA[\r\n				''is_new''      => $is_new,\r\n				''rotator_image'' => $rotator_image,\r\n				''price_num''       => $price_num,\r\n				''special_num''     => $special_num,\r\n				''manufacturer'' => $result[''manufacturer''],\r\n				''manufacturers'' => $this->url->link(''product/manufacturer/info'', ''manufacturer_id='' . $result[''manufacturer_id'']),\r\n			]]></add>\r\n		</operation>\r\n	</file>\r\n\r\n	<file path="catalog/controller/product/search.php">\r\n		<operation>\r\n			<search><![CDATA[$results = $this->model_catalog_product->getProducts($filter_data);]]></search>\r\n			<add position="after"><![CDATA[\r\n				/* Get new product */\r\n				$this->load->model(''catalog/product'');\r\n		\r\n				$data[''new_products''] = array();\r\n		\r\n				$filter_data = array(\r\n					''sort''  => ''p.date_added'',\r\n					''order'' => ''DESC'',\r\n					''start'' => 0,\r\n					''limit'' => 10\r\n				);\r\n		\r\n				$new_results = $this->model_catalog_product->getProducts($filter_data);\r\n				/* End */\r\n			]]></add>\r\n		</operation>\r\n		\r\n		<operation>\r\n			<search><![CDATA[$data[''products''][] = array(]]></search>\r\n			<add position="before"><![CDATA[\r\n				$is_new = false;\r\n				if ($new_results) { \r\n					foreach($new_results as $new_r) {\r\n						if($result[''product_id''] == $new_r[''product_id'']) {\r\n							$is_new = true;\r\n						}\r\n					}\r\n				}\r\n				if (($this->config->get(''config_customer_price'') && $this->customer->isLogged()) || !$this->config->get(''config_customer_price'')) {\r\n					$price_num = $this->tax->calculate($result[''price''], $result[''tax_class_id''], $this->config->get(''config_tax''));\r\n				} else {\r\n					$price_num = false;\r\n				}\r\n\r\n				if ((float)$result[''special'']) {\r\n					$special_num = $this->tax->calculate($result[''special''], $result[''tax_class_id''], $this->config->get(''config_tax''));\r\n				} else {\r\n					$special_num = false;\r\n				}\r\n				/// Product Rotator /\r\n				$store_id = $this->config->get(''config_store_id'');\r\n				$product_rotator_status = (int) $this->config->get(''module_octhemeoption_rotator'')[$store_id];\r\n				if($product_rotator_status == 1) {\r\n				 $this->load->model(''catalog/ocproductrotator'');\r\n				 $this->load->model(''tool/image'');\r\n			 \r\n				 $product_id = $result[''product_id''];\r\n				 $product_rotator_image = $this->model_catalog_ocproductrotator->getProductRotatorImage($product_id);\r\n			 \r\n				 if($product_rotator_image) {\r\n							$rotator_image = $this->model_tool_image->resize($product_rotator_image, $this->config->get(''theme_'' . $this->config->get(''config_theme'') . ''_image_product_width''), $this->config->get(''theme_'' . $this->config->get(''config_theme'') . ''_image_product_height'')); \r\n					} else {\r\n						$rotator_image = false;\r\n					} \r\n				} else {\r\n				 $rotator_image = false;    \r\n				}\r\n				/// End Product Rotator /\r\n				\r\n				$c_words = 50;\r\n				$result[''name''] = strlen($result[''name'']) > $c_words ? substr($result[''name''],0,$c_words)."..." : $result[''name''];\r\n			]]></add>\r\n		</operation>\r\n		\r\n		<operation>\r\n			<search><![CDATA[''rating''      => $result[''rating''],]]></search>\r\n			<add position="after"><![CDATA[\r\n				''is_new''      => $is_new,\r\n				''rotator_image'' => $rotator_image,\r\n				''price_num''       => $price_num,\r\n				''special_num''     => $special_num,\r\n				''manufacturer'' => $result[''manufacturer''],\r\n				''manufacturers'' => $this->url->link(''product/manufacturer/info'', ''manufacturer_id='' . $result[''manufacturer_id'']),\r\n			]]></add>\r\n		</operation>\r\n	</file>\r\n\r\n	<file path="catalog/controller/product/manufacturer.php">\r\n		<operation>\r\n			<search><![CDATA[$results = $this->model_catalog_product->getProducts($filter_data);]]></search>\r\n			<add position="after"><![CDATA[\r\n				/* Get new product */\r\n				$this->load->model(''catalog/product'');\r\n		\r\n				$data[''new_products''] = array();\r\n		\r\n				$filter_data = array(\r\n					''sort''  => ''p.date_added'',\r\n					''order'' => ''DESC'',\r\n					''start'' => 0,\r\n					''limit'' => 10\r\n				);\r\n		\r\n				$new_results = $this->model_catalog_product->getProducts($filter_data);\r\n				/* End */\r\n			]]></add>\r\n		</operation>\r\n		\r\n		<operation>\r\n			<search><![CDATA[$data[''products''][] = array(]]></search>\r\n			<add position="before"><![CDATA[\r\n				$is_new = false;\r\n				if ($new_results) { \r\n					foreach($new_results as $new_r) {\r\n						if($result[''product_id''] == $new_r[''product_id'']) {\r\n							$is_new = true;\r\n						}\r\n					}\r\n				}\r\n				if (($this->config->get(''config_customer_price'') && $this->customer->isLogged()) || !$this->config->get(''config_customer_price'')) {\r\n					$price_num = $this->tax->calculate($result[''price''], $result[''tax_class_id''], $this->config->get(''config_tax''));\r\n				} else {\r\n					$price_num = false;\r\n				}\r\n\r\n				if ((float)$result[''special'']) {\r\n					$special_num = $this->tax->calculate($result[''special''], $result[''tax_class_id''], $this->config->get(''config_tax''));\r\n				} else {\r\n					$special_num = false;\r\n				}\r\n				/// Product Rotator /\r\n				$store_id = $this->config->get(''config_store_id'');\r\n				$product_rotator_status = (int) $this->config->get(''module_octhemeoption_rotator'')[$store_id];\r\n				if($product_rotator_status == 1) {\r\n				 $this->load->model(''catalog/ocproductrotator'');\r\n				 $this->load->model(''tool/image'');\r\n			 \r\n				 $product_id = $result[''product_id''];\r\n				 $product_rotator_image = $this->model_catalog_ocproductrotator->getProductRotatorImage($product_id);\r\n			 \r\n				 if($product_rotator_image) {\r\n							$rotator_image = $this->model_tool_image->resize($product_rotator_image, $this->config->get(''theme_'' . $this->config->get(''config_theme'') . ''_image_product_width''), $this->config->get(''theme_'' . $this->config->get(''config_theme'') . ''_image_product_height'')); \r\n					} else {\r\n						$rotator_image = false;\r\n					}\r\n				} else {\r\n				 $rotator_image = false;    \r\n				}\r\n				/// End Product Rotator /\r\n				\r\n				$c_words = 50;\r\n				$result[''name''] = strlen($result[''name'']) > $c_words ? substr($result[''name''],0,$c_words)."..." : $result[''name''];\r\n			]]></add>\r\n		</operation>\r\n		\r\n		<operation>\r\n			<search><![CDATA[''rating''      => $result[''rating''],]]></search>\r\n			<add position="after"><![CDATA[\r\n				''is_new''      => $is_new,\r\n				''rotator_image'' => $rotator_image,\r\n				''price_num''       => $price_num,\r\n				''special_num''     => $special_num,\r\n				''manufacturer'' => $result[''manufacturer''],\r\n				''manufacturers'' => $this->url->link(''product/manufacturer/info'', ''manufacturer_id='' . $result[''manufacturer_id'']),\r\n			]]></add>\r\n		</operation>\r\n	</file>\r\n</modification>', 1, '2017-09-12 17:26:47'),
(21, 22, 'OC Layered Navigation Ajax', 'layered_navigation', 'Plaza Theme', '3.x', 'http://www.plazathemes.com/', '<modification>\r\n    <name>OC Layered Navigation Ajax</name>\r\n	<version>3.x</version>\r\n	<link>http://www.plazathemes.com/</link>\r\n	<author>Plaza Theme</author>\r\n	<code>layered_navigation</code>\r\n\r\n	<file path="catalog/controller/product/category.php">\r\n        <operation>\r\n            <search><![CDATA[$category_info = $this->model_catalog_category->getCategory($category_id);]]></search>\r\n            <add position="before"><![CDATA[\r\n        /* Edit for Layered Navigation */\r\n        if (!empty($_SERVER[''HTTPS'']) && $_SERVER[''HTTPS''] != ''off'') {\r\n            // SSL connection\r\n            $base_url = str_replace(''http'', ''https'', $this->config->get(''config_url''));\r\n        } else {\r\n            $base_url = $this->config->get(''config_url'');\r\n        }\r\n            ]]></add>\r\n        </operation>\r\n\r\n        <operation>\r\n            <search><![CDATA[''href'' => $this->url->link(''product/category'', ''path='' . $this->request->get[''path''] . ''_'' . $result[''category_id''] . $url)]]></search>\r\n            <add position="replace"><![CDATA[''href''  => $base_url . ''index.php?route=product/category&path='' . $result[''category_id''] . $url]]></add>\r\n        </operation>\r\n\r\n        <operation>\r\n            <search><![CDATA[$this->url->link(''product/category'', ''path='' . $this->request->get[''path''] . ''&sort=p.sort_order&order=ASC'' . $url)]]></search>\r\n            <add position="replace"><![CDATA[$base_url . ''index.php?route=product/category&path='' . $category_id . ''&sort=p.sort_order&order=ASC'' . $url]]></add>\r\n        </operation>\r\n\r\n        <operation>\r\n            <search><![CDATA[$this->url->link(''product/category'', ''path='' . $this->request->get[''path''] . ''&sort=pd.name&order=ASC'' . $url)]]></search>\r\n            <add position="replace"><![CDATA[$base_url . ''index.php?route=product/category&path='' . $category_id . ''&sort=pd.name&order=ASC'' . $url]]></add>\r\n        </operation>\r\n\r\n        <operation>\r\n            <search><![CDATA[$this->url->link(''product/category'', ''path='' . $this->request->get[''path''] . ''&sort=pd.name&order=DESC'' . $url)]]></search>\r\n            <add position="replace"><![CDATA[$base_url . ''index.php?route=product/category&path='' . $category_id . ''&sort=pd.name&order=DESC'' . $url]]></add>\r\n        </operation>\r\n\r\n        <operation>\r\n            <search><![CDATA[$this->url->link(''product/category'', ''path='' . $this->request->get[''path''] . ''&sort=p.price&order=ASC'' . $url)]]></search>\r\n            <add position="replace"><![CDATA[$base_url . ''index.php?route=product/category&path='' . $category_id . ''&sort=p.price&order=ASC'' . $url]]></add>\r\n        </operation>\r\n\r\n        <operation>\r\n            <search><![CDATA[$this->url->link(''product/category'', ''path='' . $this->request->get[''path''] . ''&sort=p.price&order=DESC'' . $url)]]></search>\r\n            <add position="replace"><![CDATA[$base_url . ''index.php?route=product/category&path='' . $category_id . ''&sort=p.price&order=DESC'' . $url]]></add>\r\n        </operation>\r\n\r\n        <operation>\r\n            <search><![CDATA[$this->url->link(''product/category'', ''path='' . $this->request->get[''path''] . ''&sort=rating&order=DESC'' . $url)]]></search>\r\n            <add position="replace"><![CDATA[$base_url . ''index.php?route=product/category&path='' . $category_id . ''&sort=rating&order=DESC'' . $url]]></add>\r\n        </operation>\r\n\r\n        <operation>\r\n            <search><![CDATA[$this->url->link(''product/category'', ''path='' . $this->request->get[''path''] . ''&sort=rating&order=ASC'' . $url)]]></search>\r\n            <add position="replace"><![CDATA[$base_url . ''index.php?route=product/category&path='' . $category_id . ''&sort=rating&order=ASC'' . $url]]></add>\r\n        </operation>\r\n\r\n        <operation>\r\n            <search><![CDATA[$this->url->link(''product/category'', ''path='' . $this->request->get[''path''] . ''&sort=p.model&order=ASC'' . $url)]]></search>\r\n            <add position="replace"><![CDATA[$base_url . ''index.php?route=product/category&path='' . $category_id . ''&sort=p.model&order=ASC'' . $url]]></add>\r\n        </operation>\r\n\r\n        <operation>\r\n            <search><![CDATA[$this->url->link(''product/category'', ''path='' . $this->request->get[''path''] . ''&sort=p.model&order=DESC'' . $url)]]></search>\r\n            <add position="replace"><![CDATA[$base_url . ''index.php?route=product/category&path='' . $category_id . ''&sort=p.model&order=DESC'' . $url]]></add>\r\n        </operation>\r\n\r\n        <operation>\r\n            <search><![CDATA[$this->url->link(''product/category'', ''path='' . $this->request->get[''path''] . $url . ''&limit='' . $value)]]></search>\r\n            <add position="replace"><![CDATA[$base_url . ''index.php?route=product/category&path='' . $category_id . $url . ''&limit='' . $value]]></add>\r\n        </operation>\r\n\r\n        <operation>\r\n            <search><![CDATA[$pagination->url = $this->url->link(''product/category'', ''path='' . $this->request->get[''path''] . $url . ''&page={page}'');]]></search>\r\n            <add position="replace"><![CDATA[$pagination->url = $base_url . ''index.php?route=extension/module/oclayerednavigation/category&path='' . $category_id . $url . ''&page={page}'';]]></add>\r\n        </operation>\r\n\r\n        <operation>\r\n            <search><![CDATA[$data[''limit''] = $limit;]]></search>\r\n            <add position="replace"><![CDATA[\r\n            /* Edit for Layered Navigation Ajax Module */\r\n            $module_status = $this->config->get(''module_oclayerednavigation_status'');\r\n            if($module_status) {\r\n                // $this->document->addScript(''catalog/view/javascript/jquery/jquery-ui.min.js'');\r\n                $this->document->addStyle(''catalog/view/javascript/jquery/css/jquery-ui.min.css'');\r\n \r\n                if (file_exists(DIR_TEMPLATE . $this->config->get(''theme_'' . $this->config->get(''config_theme'') . ''_directory'') . ''/stylesheet/opentheme/oclayerednavigation/css/oclayerednavigation.css'')) {\r\n                    $this->document->addStyle(''catalog/view/theme/'' . $this->config->get(''theme_'' . $this->config->get(''config_theme'') . ''_directory'') . ''/stylesheet/opentheme/oclayerednavigation/css/oclayerednavigation.css'');\r\n                } else {\r\n                    $this->document->addStyle(''catalog/view/theme/default/stylesheet/opentheme/oclayerednavigation/css/oclayerednavigation.css'');\r\n                }\r\n \r\n                $this->document->addScript(''catalog/view/javascript/opentheme/oclayerednavigation/oclayerednavigation.js'');\r\n            }\r\n\r\n\r\n            ]]></add>\r\n        </operation>\r\n\r\n        <operation>\r\n            <search><![CDATA[$this->response->setOutput($this->load->view(''product/category'', $data));]]></search>\r\n            <add position="replace"><![CDATA[\r\n            /* Edit for Layered Navigation Ajax Module */\r\n            if($module_status) {\r\n                $data[''module_oclayerednavigation_loader_img''] = $base_url . ''image/'' . $this->config->get(''module_oclayerednavigation_loader_img'');\r\n \r\n                $this->response->setOutput($this->load->view(''extension/module/oclayerednavigation/occategory'', $data));\r\n            } else {\r\n \r\n                $this->response->setOutput($this->load->view(''product/category'', $data));\r\n            }\r\n            ]]></add>\r\n        </operation>\r\n	</file>\r\n\r\n    <file path="catalog/model/catalog/product.php">\r\n        <operation>\r\n            <search><![CDATA[if (!empty($data[''filter_manufacturer_id''])) {]]></search>\r\n            <add position="before">\r\n                <![CDATA[\r\n        /* Price range */\r\n        if  (!empty($data[''filter_price''])) {\r\n            $min_price = $data[''filter_price''][''min_price''];\r\n            $max_price = $data[''filter_price''][''max_price''];\r\n            $sql_sl_special = "(SELECT price FROM " . DB_PREFIX . "product_special ps WHERE ps.product_id = p.product_id AND ps.customer_group_id = ''" . (int)$this->config->get(''config_customer_group_id'') . "'' AND ((ps.date_start = ''0000-00-00'' OR ps.date_start < NOW()) AND (ps.date_end = ''0000-00-00'' OR ps.date_end > NOW())) ORDER BY ps.priority ASC, ps.price ASC LIMIT 1)";\r\n            $sql_sl_discount = "(SELECT price FROM " . DB_PREFIX . "product_discount pd2 WHERE pd2.product_id = p.product_id AND pd2.customer_group_id = ''" . (int)$this->config->get(''config_customer_group_id'') . "'' AND pd2.quantity = ''1'' AND ((pd2.date_start = ''0000-00-00'' OR pd2.date_start < NOW()) AND (pd2.date_end = ''0000-00-00'' OR pd2.date_end > NOW())) ORDER BY pd2.priority ASC, pd2.price ASC LIMIT 1)";\r\n            $sql .= " AND (CASE WHEN " . $sql_sl_special . " IS NOT NULL THEN " . $sql_sl_special . " WHEN " . $sql_sl_discount . " IS NOT NULL THEN ". $sql_sl_discount . " ELSE p.price END) >=''". $min_price ."''" ;\r\n            $sql .= " AND (CASE WHEN " . $sql_sl_special . " IS NOT NULL THEN " . $sql_sl_special . " WHEN " . $sql_sl_discount . " IS NOT NULL THEN ". $sql_sl_discount . " ELSE p.price END) <=''". $max_price ."''";\r\n        }\r\n        /* End */\r\n                ]]>\r\n            </add>\r\n        </operation>\r\n    </file>\r\n</modification>', 1, '2017-08-29 10:01:00');
INSERT INTO `oc_modification` (`modification_id`, `extension_install_id`, `name`, `code`, `author`, `version`, `link`, `xml`, `status`, `date_added`) VALUES
(26, 27, 'OC Theme Option', 'oc_theme_option', 'Plaza Theme', '3.x', '', '<?xml version="1.0" encoding="utf-8"?>\r\n<modification>\r\n    <code>oc_theme_option</code>\r\n    <name>OC Theme Option</name>\r\n    <version>3.x</version>\r\n    <author>Plaza Theme</author>\r\n\r\n    <!-- Menu Left in Admin -->\r\n    <file path="admin/controller/common/column_left.php">\r\n        <operation>\r\n            <search ><![CDATA[$sale = array();]]></search>\r\n            <add position="before"><![CDATA[\r\n            // OC Menu Items\r\n            $this->load->language(''ocadminmenu/ocadminmenu'');\r\n\r\n            $ocadmin_menu = array();\r\n\r\n            if($this->user->hasPermission(''access'', ''extension/module/octhemeoption'')) {\r\n                $ocadmin_menu[] = array(\r\n                    ''name''     => $this->language->get(''text_theme_config''),\r\n                    ''href''     => $this->url->link(''extension/module/octhemeoption'', ''user_token='' . $this->session->data[''user_token''], true),\r\n                    ''children'' => array()\r\n                );\r\n            }\r\n\r\n            if($this->user->hasPermission(''access'', ''catalog/occategorythumbnail'')) {\r\n                $ocadmin_menu[] = array(\r\n                    ''name''     => $this->language->get(''text_category_thumbnail''),\r\n                    ''href''     => $this->url->link(''catalog/occategorythumbnail'', ''user_token='' . $this->session->data[''user_token''], true),\r\n                    ''children'' => array()\r\n                );\r\n            }\r\n\r\n            // Blog\r\n            $blog = array();\r\n\r\n            if ($this->user->hasPermission(''access'', ''blog/article'')) {\r\n                $blog[] = array(\r\n                    ''name''     => $this->language->get(''text_article''),\r\n                    ''href''     => $this->url->link(''blog/article'', ''user_token='' . $this->session->data[''user_token''], true),\r\n                    ''children'' => array()\r\n                );\r\n            }\r\n\r\n            if ($this->user->hasPermission(''access'', ''blog/articlelist'')) {\r\n                $blog[] = array(\r\n                    ''name''     => $this->language->get(''text_article_list''),\r\n                    ''href''     => $this->url->link(''blog/articlelist'', ''user_token='' . $this->session->data[''user_token''], true),\r\n                    ''children'' => array()\r\n                );\r\n            }\r\n\r\n            if ($this->user->hasPermission(''access'', ''blog/config'')) {\r\n                $blog[] = array(\r\n                    ''name''     => $this->language->get(''text_blog_config''),\r\n                    ''href''     => $this->url->link(''blog/config'', ''user_token='' . $this->session->data[''user_token''], true),\r\n                    ''children'' => array()\r\n                );\r\n            }\r\n\r\n            if($blog) {\r\n                $ocadmin_menu[] = array(\r\n                    ''name''      => $this->language->get(''text_blog''),\r\n                    ''href''      => '''',\r\n                    ''children''  => $blog\r\n                );\r\n            }\r\n\r\n            if($this->user->hasPermission(''access'', ''extension/module/occmsblock'')) {\r\n                $ocadmin_menu[] = array(\r\n                    ''name''     => $this->language->get(''text_cms_block''),\r\n                    ''href''     => $this->url->link(''extension/module/occmsblock/cmslist'', ''user_token='' . $this->session->data[''user_token''], true),\r\n                    ''children'' => array()\r\n                );\r\n            }\r\n\r\n            if($this->user->hasPermission(''access'', ''extension/module/ocslideshow'')) {\r\n                $ocadmin_menu[] = array(\r\n                    ''name''     => $this->language->get(''text_slideshow''),\r\n                    ''href''     => $this->url->link(''extension/module/ocslideshow/form'', ''user_token='' . $this->session->data[''user_token''], true),\r\n                    ''children'' => array()\r\n                );\r\n            }\r\n\r\n            if($this->user->hasPermission(''access'', ''catalog/octestimonial'')) {\r\n                $ocadmin_menu[] = array(\r\n                    ''name''     => $this->language->get(''text_testimonial''),\r\n                    ''href''     => $this->url->link(''catalog/octestimonial'', ''user_token='' . $this->session->data[''user_token''], true),\r\n                    ''children'' => array()\r\n                );\r\n            }\r\n            \r\n            $data[''menus''][] = array(\r\n                ''id''       => ''menu-panel'',\r\n                ''icon''     => ''fa-empire'',\r\n                ''name''     => $this->language->get(''text_theme_menu''),\r\n                ''href''     => '''',\r\n                ''children'' => $ocadmin_menu\r\n            );\r\n            ]]></add>\r\n        </operation>\r\n    </file>\r\n	\r\n	<file path="catalog/controller/account/{account,address,affiliate,download,edit,forgotten,login,logout,newsletter,order,password,recurring,register,reset,return,reward,success,tracking,transaction,voucher,wishlist}*.php">\r\n  <operation>\r\n   <search><![CDATA[$this->document->setTitle($this->language->get(''heading_title''));]]></search>\r\n   <add position="after"><![CDATA[\r\n    $data[''heading_title''] = $this->language->get(''heading_title'');\r\n   ]]></add>\r\n  </operation>\r\n </file>\r\n \r\n <file path="catalog/controller/affiliate/{login,register,success,}*.php">\r\n  <operation>\r\n   <search><![CDATA[$this->document->setTitle($this->language->get(''heading_title''));]]></search>\r\n   <add position="after"><![CDATA[\r\n    $data[''heading_title''] = $this->language->get(''heading_title'');\r\n   ]]></add>\r\n  </operation>\r\n </file>\r\n \r\n <file path="catalog/controller/checkout/{cart,checkout,failure,success}*.php">\r\n  <operation>\r\n   <search><![CDATA[$this->document->setTitle($this->language->get(''heading_title''));]]></search>\r\n   <add position="after"><![CDATA[\r\n    $data[''heading_title''] = $this->language->get(''heading_title'');\r\n   ]]></add>\r\n  </operation>\r\n </file>\r\n \r\n <file path="catalog/controller/product/{compare,manufacturer,search,special}*.php">\r\n  <operation>\r\n   <search><![CDATA[$this->document->setTitle($this->language->get(''heading_title''));]]></search>\r\n   <add position="after"><![CDATA[\r\n    $data[''heading_title''] = $this->language->get(''heading_title'');\r\n   ]]></add>\r\n  </operation>\r\n </file>\r\n \r\n <file path="catalog/controller/{common,error}/{maintenance,not_found}*.php">\r\n  <operation>\r\n   <search><![CDATA[$this->document->setTitle($this->language->get(''heading_title''));]]></search>\r\n   <add position="after"><![CDATA[\r\n    $data[''heading_title''] = $this->language->get(''heading_title'');\r\n   ]]></add>\r\n  </operation>\r\n </file>\r\n \r\n <file path="catalog/controller/extension/{credit_card,payment}/{sagepay_direct,sagepay_server,squareup,amazon_login_pay,klarna_checkout,wechat_pay}*.php">\r\n  <operation>\r\n   <search><![CDATA[$this->document->setTitle($this->language->get(''heading_title''));]]></search>\r\n   <add position="after"><![CDATA[\r\n    $data[''heading_title''] = $this->language->get(''heading_title'');\r\n   ]]></add>\r\n  </operation>\r\n </file>\r\nthem vao xml, thu xem con bi sai text ko\r\n<file path="catalog/controller/information/{sitemap,contact}*.php">\r\n  <operation>\r\n   <search><![CDATA[$this->document->setTitle($this->language->get(''heading_title''));]]></search>\r\n   <add position="after"><![CDATA[\r\n    $data[''heading_title''] = $this->language->get(''heading_title'');\r\n   ]]></add>\r\n  </operation>\r\n </file>\r\n	\r\n	<file path="catalog/controller/account/{account,address,affiliate,download,edit,forgotten,login,logout,newsletter,order,password,recurring,register,reset,return,reward,success,tracking,transaction,voucher,wishlist}*.php">\r\n	  <operation>\r\n	   <search><![CDATA[$this->document->setTitle($this->language->get(''heading_title''));]]></search>\r\n	   <add position="after"><![CDATA[\r\n		$data[''heading_title''] = $this->language->get(''heading_title'');\r\n	   ]]></add>\r\n	  </operation>\r\n	 </file>\r\n	 \r\n	 <file path="catalog/controller/affiliate/{login,register,success,}*.php">\r\n	  <operation>\r\n	   <search><![CDATA[$this->document->setTitle($this->language->get(''heading_title''));]]></search>\r\n	   <add position="after"><![CDATA[\r\n		$data[''heading_title''] = $this->language->get(''heading_title'');\r\n	   ]]></add>\r\n	  </operation>\r\n	 </file>\r\n	 \r\n	 <file path="catalog/controller/checkout/{cart,checkout,failure,success}*.php">\r\n	  <operation>\r\n	   <search><![CDATA[$this->document->setTitle($this->language->get(''heading_title''));]]></search>\r\n	   <add position="after"><![CDATA[\r\n		$data[''heading_title''] = $this->language->get(''heading_title'');\r\n	   ]]></add>\r\n	  </operation>\r\n	 </file>\r\n	 \r\n	 <file path="catalog/controller/product/{compare,manufacturer,search,special}*.php">\r\n	  <operation>\r\n	   <search><![CDATA[$this->document->setTitle($this->language->get(''heading_title''));]]></search>\r\n	   <add position="after"><![CDATA[\r\n		$data[''heading_title''] = $this->language->get(''heading_title'');\r\n	   ]]></add>\r\n	  </operation>\r\n	 </file>\r\n	 \r\n	 <file path="catalog/controller/{common,error}/{maintenance,not_found}*.php">\r\n	  <operation>\r\n	   <search><![CDATA[$this->document->setTitle($this->language->get(''heading_title''));]]></search>\r\n	   <add position="after"><![CDATA[\r\n		$data[''heading_title''] = $this->language->get(''heading_title'');\r\n	   ]]></add>\r\n	  </operation>\r\n	 </file>\r\n	 \r\n	 <file path="catalog/controller/extension/{credit_card,payment}/{sagepay_direct,sagepay_server,squareup,amazon_login_pay,klarna_checkout,wechat_pay}*.php">\r\n	  <operation>\r\n	   <search><![CDATA[$this->document->setTitle($this->language->get(''heading_title''));]]></search>\r\n	   <add position="after"><![CDATA[\r\n		$data[''heading_title''] = $this->language->get(''heading_title'');\r\n	   ]]></add>\r\n	  </operation>\r\n	 </file>\r\n\r\n    <!-- PRODUCT ROTATOR IMAGE -->\r\n    <file path="admin/controller/catalog/product.php">\r\n        <operation>\r\n            <search ><![CDATA[public function index() {]]></search>\r\n            <add position="after"><![CDATA[\r\n        /* Product Rotator */\r\n        $this->load->model(''catalog/ocproductrotator'');\r\n        \r\n        $this->model_catalog_ocproductrotator->installProductRotator();\r\n        /* End Product Rotator */\r\n            ]]></add>\r\n        </operation>\r\n        <operation>\r\n            <search ><![CDATA[$this->load->language(''catalog/product'');]]></search>\r\n            <add position="before"><![CDATA[\r\n                /* Product Rotator */\r\n                $this->load->language(''extension/module/ocproductrotator'');\r\n            ]]></add>\r\n        </operation>\r\n        <operation>\r\n            <search ><![CDATA[''sort_order'' => $product_image[''sort_order'']]]></search>\r\n            <add position="before"><![CDATA[\r\n                /* Product Rotator */\r\n                ''is_rotator'' => $product_image[''is_rotator''],\r\n            ]]></add>\r\n        </operation>\r\n    </file>\r\n\r\n    <file path="admin/model/catalog/product.php">\r\n        <operation>\r\n            <search><![CDATA[$this->db->query("INSERT INTO " . DB_PREFIX . "product_image SET product_id = ''" . (int)$product_id . "'', image = ''" . $this->db->escape($product_image[''image'']) . "'', sort_order = ''" . (int)$product_image[''sort_order''] . "''");]]></search>\r\n            <add position="replace">\r\n                <![CDATA[\r\n                    /* Product Rotator */\r\n                    $this->db->query("INSERT INTO " . DB_PREFIX . "product_image SET product_id = ''" . (int)$product_id . "'', image = ''" . $this->db->escape($product_image[''image'']) . "'', sort_order = ''" . (int)$product_image[''sort_order''] . "'', is_rotator = ''" . (int)$product_image[''is_rotator''] . "''");\r\n                ]]>\r\n            </add>\r\n        </operation>\r\n    </file>\r\n\r\n    <file path="admin/view/template/catalog/product_form.twig">\r\n        <operation>\r\n            <search><![CDATA[<td class="text-right">{{ entry_sort_order }}</td>]]></search>\r\n            <add position="after">\r\n                <![CDATA[\r\n                    <!-- Product Rotator -->\r\n                    <td class="text-center">{{ entry_is_rotator }}</td>\r\n                ]]>\r\n            </add>\r\n        </operation>\r\n        <operation>\r\n            <search><![CDATA[<td class="text-left"><button type="button" onclick="$(''#image-row{{ image_row }}'').remove();" data-toggle="tooltip" title="{{ button_remove }}" class="btn btn-danger"><i class="fa fa-minus-circle"></i></button></td>]]></search>\r\n            <add position="before">\r\n                <![CDATA[\r\n                    <!-- Product Rotator -->\r\n                    <td class="text-center">\r\n                      <select name="product_image[{{ image_row }}][is_rotator]" class="form-control rotator-select">\r\n                        {% if product_image.is_rotator and (product_image.is_rotator == 1) %}\r\n                        <option value="1" selected="selected">Yes</option>\r\n                        <option value="0">No</option>\r\n                        {% else %}\r\n                        <option value="1">Yes</option>\r\n                        <option value="0" selected="selected">No</option>\r\n                        {% endif %}\r\n                      </select>\r\n                    </td>\r\n                    <!-- End -->\r\n                ]]>\r\n            </add>\r\n        </operation>\r\n        <operation>\r\n            <search><![CDATA[function addImage() {]]></search>\r\n            <add position="before">\r\n                <![CDATA[\r\n                    //Product Rotator\r\n                    $(''#tab-image tfoot td:first'').attr(''colspan'', 3);\r\n                    $(''.rotator-select'').change(function() {\r\n                      var value = $(this).val();\r\n                      if(value == 1) {\r\n                        $(''.rotator-select'').val(0);\r\n                        $(this).val(1);\r\n                      }\r\n                    });\r\n                    //End\r\n                ]]>\r\n            </add>\r\n        </operation>\r\n        <operation>\r\n            <search><![CDATA[$(''#images tbody'').append(html);]]></search>\r\n            <add position="after">\r\n                <![CDATA[\r\n                    //Product Rotator\r\n                    $(''.rotator-select'').change(function() {\r\n                      var value = $(this).val();\r\n                      if(value == 1) {\r\n                        $(''.rotator-select'').val(0);\r\n                        $(this).val(1);\r\n                      }\r\n                    });\r\n                    //End\r\n                ]]>\r\n            </add>\r\n        </operation>\r\n        <operation>\r\n            <search><![CDATA[html += ''  <td class="text-left"><button type="button" onclick="$(\\''#image-row'' + image_row  + ''\\'').remove();" data-toggle="tooltip" title="{{ button_remove }}" class="btn btn-danger"><i class="fa fa-minus-circle"></i></button></td>'';]]></search>\r\n            <add position="before">\r\n                <![CDATA[\r\n                    //Product Rotator\r\n                    html += '' <td class="text-center">'';\r\n                    html += ''   <select name="product_image['' + image_row + ''][is_rotator]" class="form-control rotator-select">'';\r\n                    html += ''     <option value="1">{{ text_yes }}</option>'';\r\n                    html += ''     <option value="0" selected="selected">{{ text_no }}</option>'';\r\n                    html += ''   </select>'';\r\n                    html += '' </td>'';\r\n                    //End\r\n                ]]>\r\n            </add>\r\n        </operation>\r\n    </file>\r\n    \r\n    <!-- THEME OPTION -->\r\n    <file path="catalog/controller/common/header.php">\r\n        <operation>\r\n            <search><![CDATA[return $this->load->view(''common/header'', $data);]]></search>\r\n            <add position="before"><![CDATA[\r\n        $data[''store_id''] = $this->config->get(''config_store_id'');\r\n        $data[''theme_option_status''] = $this->config->get(''module_octhemeoption_status'');\r\n        $data[''a_tag''] = $this->config->get(''module_octhemeoption_a_tag'');\r\n        $data[''header_tag''] = $this->config->get(''module_octhemeoption_header_tag'');\r\n        $data[''body_css''] = $this->config->get(''module_octhemeoption_body'');\r\n            ]]></add>\r\n        </operation>\r\n    </file>\r\n\r\n    <!-- Layouts Position -->\r\n    <file path="admin/controller/design/layout.php">\r\n        <operation>\r\n            <search><![CDATA[$this->response->setOutput($this->load->view(''design/layout_form'', $data));]]></search>\r\n            <add position="replace"><![CDATA[\r\n                $this->response->setOutput($this->load->view(''design/layout_plaza_form'', $data));\r\n            ]]></add>\r\n        </operation>\r\n    </file>\r\n</modification>\r\n', 1, '2017-09-08 09:52:12');

-- --------------------------------------------------------

--
-- Table structure for table `oc_module`
--

CREATE TABLE `oc_module` (
  `module_id` int(11) NOT NULL,
  `name` varchar(64) NOT NULL,
  `code` varchar(32) NOT NULL,
  `setting` text NOT NULL
) ENGINE=MyISAM DEFAULT CHARSET=utf8;

--
-- Dumping data for table `oc_module`
--

INSERT INTO `oc_module` (`module_id`, `name`, `code`, `setting`) VALUES
(47, 'Producstab Home4', 'octabproducts', '{"name":"Producstab Home4","status":"1","title_lang":{"en-gb":{"title":"Producstab"},"fr-gb":{"title":"Producstab"}},"module_description":{"1":{"description":""},"2":{"description":""}},"type":"0","slider":"1","items":"4","row":"3","loop":"0","margin":"30","auto":"0","time":"3000","speed":"1000","navigation":"0","pagination":"0","desktop":"4","tablet":"3","mobile":"2","smobile":"1","nrow":"1","description":"0","countdown":"0","rotator":"1","newlabel":"1","salelabel":"1","limit":"15","width":"800","height":"800","octab":[{"tab_name":{"en-gb":{"title":"New arrivals"},"fr-gb":{"title":"New arrivals"}},"option":"2","productall":"","cate_name":"Cameras","cate_id":"33","productfrom":"2","productcate":"","input_specific_product":"3","autoproduct":"0"},{"tab_name":{"en-gb":{"title":"Onsale"},"fr-gb":{"title":"Onsale"}},"option":"2","productall":"","cate_name":"Components","cate_id":"25","productfrom":"2","productcate":"","input_specific_product":"3","autoproduct":"1"},{"tab_name":{"en-gb":{"title":"Mostview"},"fr-gb":{"title":"Mostview"}},"option":"2","productall":"","cate_name":"Components\\u00a0\\u00a0&gt;\\u00a0\\u00a0Mice and Trackballs","cate_id":"29","productfrom":"2","productcate":"","input_specific_product":"3","autoproduct":"3"}]}'),
(70, 'Brand Slider2', 'carousel', '{"name":"Brand Slider2","banner_id":"10","width":"170","height":"110","status":"1"}'),
(32, 'Layout Homepage 01', 'oc_page_builder', '{"name":"Layout Homepage 01","status":"1","widget":[{"class":"full-width","main_cols":[{"format":"12","sub_rows":[{"sub_cols":[{"info":{"module":[{"code":"ocajaxlogin","name":"OC Ajax Login","url":"http:\\/\\/tt_mimosa.com\\/admin\\/index.php?route=extension\\/module\\/ocajaxlogin&amp;user_token=pV5WsoAx9b4nS2pf5IH5tYgum8ZxSYyM"},{"code":"ocslideshow.41","name":"OC Slide show &gt; Home slideshow 1","url":"http:\\/\\/tt_mimosa.com\\/admin\\/index.php?route=extension\\/module\\/ocslideshow&amp;user_token=3zo8fANjFYiAxVLlJLqU26BvYVk95hvc&amp;module_id=41"}]},"format":"12"}]}]}]},{"class":"","main_cols":[{"format":"12","sub_rows":[{"sub_cols":[{"info":{"module":[{"code":"occmsblock.33","name":"OC CMS Block &gt; Banner 1","url":"http:\\/\\/tt_mimosa.com\\/admin\\/index.php?route=extension\\/module\\/occmsblock&amp;user_token=pV5WsoAx9b4nS2pf5IH5tYgum8ZxSYyM&amp;module_id=33"},{"code":"ocproduct.44","name":"OC Products &gt; Featured Products Home1","url":"http:\\/\\/tt_outline1.com\\/admin\\/index.php?route=extension\\/module\\/ocproduct&amp;user_token=Yv8NHaCBbfnTzYQ4OUIh99fTjKKfDkt4&amp;module_id=44"},{"code":"newslettersubscribe.39","name":"OC Newsletter &gt; Newsletter Popup","url":"http:\\/\\/tt_outline1.com\\/admin\\/index.php?route=extension\\/module\\/newslettersubscribe&amp;user_token=BKwMcyfYtiX1R6lyXCUJO1vARRLqjrtM&amp;module_id=39"}]},"format":"12"}]}]}]},{"class":"full-width","main_cols":[{"format":"12","sub_rows":[{"sub_cols":[{"info":{"module":[{"code":"occmsblock.34","name":"OC CMS Block &gt; Banner Center Home1","url":"http:\\/\\/tt_outline1.com\\/admin\\/index.php?route=extension\\/module\\/occmsblock&amp;user_token=KCpltpQUhBg5QkxC64W1xOyTjl609ajV&amp;module_id=34"}]},"format":"12"}]}]}]},{"class":"full-width","main_cols":[{"format":"12","sub_rows":[{"sub_cols":[{"info":{"module":[{"code":"octabproducts.45","name":"OC Tab Products &gt; Tabs Categories Home1","url":"http:\\/\\/tt_outline1.com\\/admin\\/index.php?route=extension\\/module\\/octabproducts&amp;user_token=KCpltpQUhBg5QkxC64W1xOyTjl609ajV&amp;module_id=45"},{"code":"occmsblock.49","name":"OC CMS Block &gt; Banner Center1 Home1","url":"http:\\/\\/tt_outline1.com\\/admin\\/index.php?route=extension\\/module\\/occmsblock&amp;user_token=KCpltpQUhBg5QkxC64W1xOyTjl609ajV&amp;module_id=49"},{"code":"ocblog.42","name":"OC Blog &gt; From The Blog","url":"http:\\/\\/tt_outline1.com\\/admin\\/index.php?route=extension\\/module\\/ocblog&amp;user_token=KCpltpQUhBg5QkxC64W1xOyTjl609ajV&amp;module_id=42"}]},"format":"12"}]}]}]},{"class":"home-modules","main_cols":[{"format":"6","sub_rows":[{"sub_cols":[{"info":{"module":[{"code":"octestimonial.46","name":"OC Testimonials &gt; Testimonials","url":"http:\\/\\/tt_outline1.com\\/admin\\/index.php?route=extension\\/module\\/octestimonial&amp;user_token=zSmuWTKqfZaaWXXGTL0Xvdfyvdfsexzi&amp;module_id=46"}]},"format":"12"}]}]},{"format":"6","sub_rows":[{"sub_cols":[{"info":{"module":[{"code":"carousel.51","name":"Carousel &gt; Brand Slider","url":"http:\\/\\/tt_outline1.com\\/admin\\/index.php?route=extension\\/module\\/carousel&amp;user_token=do36ZFEfC1W80GS3vlVBe9IiIKvf8z0O&amp;module_id=51"}]},"format":"12"}]}]}]}]}'),
(33, 'Banner Static Home1', 'occmsblock', '{"name":"Banner Static Home1","cmsblock_id":"20","status":"1"}'),
(34, 'Banner Center Home1', 'occmsblock', '{"name":"Banner Center Home1","cmsblock_id":"21","status":"1"}'),
(35, 'Logo Footer', 'occmsblock', '{"name":"Logo Footer","cmsblock_id":"22","status":"1"}'),
(36, 'Social Footer', 'occmsblock', '{"name":"Social Footer","cmsblock_id":"23","status":"1"}'),
(37, 'Static About', 'occmsblock', '{"name":"Static About","cmsblock_id":"24","status":"1"}'),
(38, 'Banner Bottom', 'occmsblock', '{"name":"Banner Bottom","cmsblock_id":"19","status":"1"}'),
(39, 'Newsletter Popup', 'newslettersubscribe', '{"name":"Newsletter Popup","popup":"1","status":"1","newslettersubscribe_unsubscribe":"1","newslettersubscribe_mail_status":"1","newslettersubscribe_thickbox":"1","newslettersubscribe_registered":"1","store_id":"0","to":"sendall","customer_group_id":"1","customers":"","affiliates":"","products":"","subject":"","message":""}'),
(40, 'Newsletter', 'newslettersubscribe', '{"name":"Newsletter","popup":"0","status":"1","newslettersubscribe_unsubscribe":"1","newslettersubscribe_mail_status":"1","newslettersubscribe_thickbox":"1","newslettersubscribe_registered":"1","store_id":"0","to":"sendall","customer_group_id":"1","customers":"","affiliates":"","products":"","subject":"","message":""}'),
(41, 'Home slideshow 1', 'ocslideshow', '{"name":"Home slideshow 1","status":"1","banner":"18","width":"1920","height":"857"}'),
(42, 'From The Blog', 'ocblog', '{"name":"From The Blog","status":"1","list":"1","width":"370","height":"235","auto":"0","items":"2","speed":"1000","rows":"1","navigation":"0","pagination":"1"}'),
(43, 'Horizontal Mega Menu', 'ochozmegamenu', '{"name":"Horizontal Mega Menu","status":"1","hhome":"1","sticky":"1","hdepth":"4    ","hlevel":"4   ","hactive":"CAT24,CAT57,CAT66,CAT70","mobile":"0"}'),
(44, 'Featured Products Home1', 'ocproduct', '{"name":"Featured Products Home1","status":"1","option":"0","product":["28","29","30","31","32","33","34","35","36","40"],"cate_name":"","cate_id":"","productfrom":"2","productcate":"","input_specific_product":"0","autoproduct":"1","title_lang":{"en-gb":{"title":"Featured Products"},"fr-gb":{"title":"Featured Products"}},"module_description":{"1":{"description":"The most prominent product in the store, which was bought with the highest number"},"2":{"description":"The most prominent product in the store, which was bought with the highest number"}},"type":"0","slider":"1","items":"4","auto":"0","time":"3000","speed":"1000","row":"2","loop":"1","margin":"30","navigation":"1","pagination":"0","desktop":"3","tablet":"3","mobile":"2","smobile":"1","nrow":"1","description":"0","countdown":"0","rotator":"1","newlabel":"1","salelabel":"1","limit":"10","width":"800","height":"800"}'),
(45, 'Tabs Categories Home1', 'octabproducts', '{"name":"Tabs Categories Home1","status":"1","title_lang":{"en-gb":{"title":"New Arrivals"},"fr-gb":{"title":"New Arrivals"}},"module_description":{"1":{"description":"Including these items, the latest models, updated daily."},"2":{"description":"Including these items, the latest models, updated daily."}},"type":"0","slider":"1","items":"4","row":"1","loop":"1","margin":"30","auto":"0","time":"3000","speed":"1000","navigation":"1","pagination":"0","desktop":"3","tablet":"3","mobile":"2","smobile":"1","nrow":"1","description":"0","countdown":"0","rotator":"1","newlabel":"1","salelabel":"1","limit":"10","width":"800","height":"800","octab":[{"tab_name":{"en-gb":{"title":"Loveseats"},"fr-gb":{"title":"Loveseats"}},"option":"1","productall":"","cate_name":"Living Room\\u00a0\\u00a0&gt;\\u00a0\\u00a0Loveseats","cate_id":"59","productfrom":"0","productcate":["28","29","30","31","32","33","35","36","41"],"input_specific_product":"0","autoproduct":"0"},{"tab_name":{"en-gb":{"title":"Sectionals"},"fr-gb":{"title":"Sectionals"}},"option":"1","productall":"","cate_name":"Living Room\\u00a0\\u00a0&gt;\\u00a0\\u00a0Sectionals","cate_id":"60","productfrom":"0","productcate":["40","36","35","34","33","32","31","30","29","41"],"input_specific_product":"0","autoproduct":"0"},{"tab_name":{"en-gb":{"title":"Sofas"},"fr-gb":{"title":"Sofas"}},"option":"1","productall":"","cate_name":"Living Room\\u00a0\\u00a0&gt;\\u00a0\\u00a0Sofas","cate_id":"61","productfrom":"0","productcate":["29","30","31","32","33","34","35","36","40","41"],"input_specific_product":"0","autoproduct":"0"},{"tab_name":{"en-gb":{"title":"Chairs &amp; Chaises"},"fr-gb":{"title":"Chairs &amp; Chaises"}},"option":"1","productall":"","cate_name":"Living Room\\u00a0\\u00a0&gt;\\u00a0\\u00a0Chairs &amp; Chaises","cate_id":"17","productfrom":"0","productcate":["36","35","34","33","32","31","30","29","28"],"input_specific_product":"0","autoproduct":"0"}]}'),
(46, 'Testimonials', 'octestimonial', '{"name":"Testimonials","status":"1","width":"66","height":"66","auto":"0","items":"1","limit":"3","speed":"1000","rows":"1","navigation":"0","pagination":"1"}'),
(51, 'Brand Slider', 'carousel', '{"name":"Brand Slider","banner_id":"9","width":"170","height":"110","status":"1"}'),
(49, 'Banner Center1 Home1', 'occmsblock', '{"name":"Banner Center1 Home1","cmsblock_id":"26","status":"1"}'),
(52, 'Featured Products', 'featured', '{"name":"Featured Products","product_name":"","product":["28","29","30","31","32"],"limit":"5","width":"100","height":"100","status":"1"}'),
(53, 'Home slideshow 2', 'ocslideshow', '{"name":"Home slideshow 2","status":"1","banner":"19","width":"1920","height":"847"}'),
(54, 'Layout Homepage 02', 'oc_page_builder', '{"name":"Layout Homepage 02","status":"1","widget":[{"class":"full-width","main_cols":[{"format":"12","sub_rows":[{"sub_cols":[{"info":{"module":[{"code":"newslettersubscribe.39","name":"OC Newsletter &gt; Newsletter Popup","url":"http:\\/\\/tt_outline1.com\\/admin\\/index.php?route=extension\\/module\\/newslettersubscribe&amp;user_token=CcbFsbJJXlTExdFyZinRmOQ5uHWyIEDB&amp;module_id=39"},{"code":"ocslideshow.53","name":"OC Slide show &gt; Home slideshow 2","url":"http:\\/\\/tt_outline1.com\\/admin\\/index.php?route=extension\\/module\\/ocslideshow&amp;user_token=CcbFsbJJXlTExdFyZinRmOQ5uHWyIEDB&amp;module_id=53"},{"code":"occmsblock.55","name":"OC CMS Block &gt; Banner Static Home2","url":"http:\\/\\/tt_outline1.com\\/admin\\/index.php?route=extension\\/module\\/occmsblock&amp;user_token=sEKIWdqS0593YiVWqUHIwn6GVWi3h4Q8&amp;module_id=55"},{"code":"occmsblock.56","name":"OC CMS Block &gt; Banner Static1 Home2","url":"http:\\/\\/tt_outline1.com\\/admin\\/index.php?route=extension\\/module\\/occmsblock&amp;user_token=sEKIWdqS0593YiVWqUHIwn6GVWi3h4Q8&amp;module_id=56"},{"code":"occmsblock.57","name":"OC CMS Block &gt; Banner Static2 Home2","url":"http:\\/\\/tt_outline1.com\\/admin\\/index.php?route=extension\\/module\\/occmsblock&amp;user_token=sEKIWdqS0593YiVWqUHIwn6GVWi3h4Q8&amp;module_id=57"}]},"format":"12"}]}]}]},{"class":"","main_cols":[{"format":"12","sub_rows":[{"sub_cols":[{"info":{"module":[{"code":"ocproduct.58","name":"OC Products &gt; Featured Products Home2","url":"http:\\/\\/tt_outline1.com\\/admin\\/index.php?route=extension\\/module\\/ocproduct&amp;user_token=sEKIWdqS0593YiVWqUHIwn6GVWi3h4Q8&amp;module_id=58"}]},"format":"12"}]}]}]},{"class":"full-width","main_cols":[{"format":"12","sub_rows":[{"sub_cols":[{"info":{"module":[{"code":"ocblog.42","name":"OC Blog &gt; From The Blog","url":"http:\\/\\/tt_outline1.com\\/admin\\/index.php?route=extension\\/module\\/ocblog&amp;user_token=sEKIWdqS0593YiVWqUHIwn6GVWi3h4Q8&amp;module_id=42"}]},"format":"12"}]}]}]}]}'),
(55, 'Banner Static Home2', 'occmsblock', '{"name":"Banner Static Home2","cmsblock_id":"27","status":"1"}'),
(56, 'Banner Static1 Home2', 'occmsblock', '{"name":"Banner Static1 Home2","cmsblock_id":"28","status":"1"}'),
(57, 'Banner Static2 Home2', 'occmsblock', '{"name":"Banner Static2 Home2","cmsblock_id":"29","status":"1"}'),
(58, 'Featured Products Home2', 'ocproduct', '{"name":"Featured Products Home2","status":"1","option":"0","product":["28","29","30","31","32","33","34","35","36","40","41"],"cate_name":"","cate_id":"","productfrom":"0","productcate":"","input_specific_product":"0","autoproduct":"0","title_lang":{"en-gb":{"title":"Featured Products"},"fr-gb":{"title":"Featured Products"}},"module_description":{"1":{"description":"The most prominent product in the store, which was bought with the highest number"},"2":{"description":"The most prominent product in the store, which was bought with the highest number"}},"type":"0","slider":"1","items":"4","auto":"0","time":"3000","speed":"1000","row":"1","loop":"1","margin":"30","navigation":"1","pagination":"0","desktop":"4","tablet":"3","mobile":"2","smobile":"1","nrow":"1","description":"0","countdown":"0","rotator":"1","newlabel":"1","salelabel":"1","limit":"10","width":"800","height":"800"}'),
(59, 'Home slideshow 3', 'ocslideshow', '{"name":"Home slideshow 3","status":"1","banner":"20","width":"1800","height":"773"}'),
(60, 'Layout Homepage 03', 'oc_page_builder', '{"name":"Layout Homepage 03","status":"1","widget":[{"class":"full-width banner-home","main_cols":[{"format":"12","sub_rows":[{"sub_cols":[{"info":{"module":[{"code":"newslettersubscribe.39","name":"OC Newsletter &gt; Newsletter Popup","url":"http:\\/\\/tt_outline1.com\\/admin\\/index.php?route=extension\\/module\\/newslettersubscribe&amp;user_token=FPLM81RFadtmIqOwL1VVSDsmmUtf7CXg&amp;module_id=39"},{"code":"ocslideshow.59","name":"OC Slide show &gt; Home slideshow 3","url":"http:\\/\\/tt_outline1.com\\/admin\\/index.php?route=extension\\/module\\/ocslideshow&amp;user_token=FPLM81RFadtmIqOwL1VVSDsmmUtf7CXg&amp;module_id=59"},{"code":"occmsblock.61","name":"OC CMS Block &gt; Banner Static Home3","url":"http:\\/\\/tt_outline1.com\\/admin\\/index.php?route=extension\\/module\\/occmsblock&amp;user_token=FPLM81RFadtmIqOwL1VVSDsmmUtf7CXg&amp;module_id=61"},{"code":"occmsblock.62","name":"OC CMS Block &gt; Banner Static1 Home3","url":"http:\\/\\/tt_outline1.com\\/admin\\/index.php?route=extension\\/module\\/occmsblock&amp;user_token=FPLM81RFadtmIqOwL1VVSDsmmUtf7CXg&amp;module_id=62"},{"code":"occmsblock.63","name":"OC CMS Block &gt; Banner Static2 Home3","url":"http:\\/\\/tt_outline1.com\\/admin\\/index.php?route=extension\\/module\\/occmsblock&amp;user_token=FPLM81RFadtmIqOwL1VVSDsmmUtf7CXg&amp;module_id=63"},{"code":"occmsblock.64","name":"OC CMS Block &gt; Banner Static3 Home3","url":"http:\\/\\/tt_outline1.com\\/admin\\/index.php?route=extension\\/module\\/occmsblock&amp;user_token=FPLM81RFadtmIqOwL1VVSDsmmUtf7CXg&amp;module_id=64"},{"code":"occmsblock.65","name":"OC CMS Block &gt; Banner Static4 Home3","url":"http:\\/\\/tt_outline1.com\\/admin\\/index.php?route=extension\\/module\\/occmsblock&amp;user_token=FPLM81RFadtmIqOwL1VVSDsmmUtf7CXg&amp;module_id=65"},{"code":"occmsblock.67","name":"OC CMS Block &gt; Banner Static5 Home3","url":"http:\\/\\/tt_outline1.com\\/admin\\/index.php?route=extension\\/module\\/occmsblock&amp;user_token=FPLM81RFadtmIqOwL1VVSDsmmUtf7CXg&amp;module_id=67"}]},"format":"12"}]}]}]}]}'),
(61, 'Banner Static Home3', 'occmsblock', '{"name":"Banner Static Home3","cmsblock_id":"30","status":"1"}'),
(62, 'Banner Static1 Home3', 'occmsblock', '{"name":"Banner Static1 Home3","cmsblock_id":"31","status":"1"}'),
(63, 'Banner Static2 Home3', 'occmsblock', '{"name":"Banner Static2 Home3","cmsblock_id":"32","status":"1"}'),
(64, 'Banner Static3 Home3', 'occmsblock', '{"name":"Banner Static3 Home3","cmsblock_id":"33","status":"1"}'),
(65, 'Banner Static4 Home3', 'occmsblock', '{"name":"Banner Static4 Home3","cmsblock_id":"34","status":"1"}'),
(67, 'Banner Static5 Home3', 'occmsblock', '{"name":"Banner Static5 Home3","cmsblock_id":"35","status":"1"}'),
(68, 'Layout Homepage 04', 'oc_page_builder', '{"name":"Layout Homepage 04","status":"1","widget":[{"class":"full-width","main_cols":[{"format":"12","sub_rows":[{"sub_cols":[{"info":{"module":[{"code":"newslettersubscribe.39","name":"OC Newsletter &gt; Newsletter Popup","url":"http:\\/\\/tt_outline1.com\\/admin\\/index.php?route=extension\\/module\\/newslettersubscribe&amp;user_token=inZLOnySZbqnXyGXEUO2uy1Z0q81DAMq&amp;module_id=39"},{"code":"ocslideshow.69","name":"OC Slide show &gt; Home slideshow 4","url":"http:\\/\\/tt_outline1.com\\/admin\\/index.php?route=extension\\/module\\/ocslideshow&amp;user_token=inZLOnySZbqnXyGXEUO2uy1Z0q81DAMq&amp;module_id=69"}]},"format":"12"}]}]}]},{"class":"full-width home-modul","main_cols":[{"format":"12","sub_rows":[{"sub_cols":[{"info":{"module":[{"code":"octabproducts.47","name":"OC Tab Products &gt; Producstab Home4","url":"http:\\/\\/tt_outline1.com\\/admin\\/index.php?route=extension\\/module\\/octabproducts&amp;user_token=inZLOnySZbqnXyGXEUO2uy1Z0q81DAMq&amp;module_id=47"}]},"format":"12"}]}]}]}]}'),
(69, 'Home slideshow 4', 'ocslideshow', '{"name":"Home slideshow 4","status":"1","banner":"21","width":"1920","height":"953"}'),
(71, 'Home slideshow 5', 'ocslideshow', '{"name":"Home slideshow 5","status":"1","banner":"23","width":"1800","height":"894"}'),
(72, 'Layout Homepage 05', 'oc_page_builder', '{"name":"Layout Homepage 05","status":"1","widget":[{"class":"full-width","main_cols":[{"format":"12","sub_rows":[{"sub_cols":[{"info":{"module":[{"code":"newslettersubscribe.39","name":"OC Newsletter &gt; Newsletter Popup","url":"http:\\/\\/tt_outline1.com\\/admin\\/index.php?route=extension\\/module\\/newslettersubscribe&amp;user_token=zkwWDYFLs3ylViUDiqrx3OIQzAIFfVet&amp;module_id=39"},{"code":"ocslideshow.71","name":"OC Slide show &gt; Home slideshow 5","url":"http:\\/\\/tt_outline1.com\\/admin\\/index.php?route=extension\\/module\\/ocslideshow&amp;user_token=zkwWDYFLs3ylViUDiqrx3OIQzAIFfVet&amp;module_id=71"},{"code":"occmsblock.73","name":"OC CMS Block &gt; Banner Static Home5","url":"http:\\/\\/tt_outline1.com\\/admin\\/index.php?route=extension\\/module\\/occmsblock&amp;user_token=zkwWDYFLs3ylViUDiqrx3OIQzAIFfVet&amp;module_id=73"}]},"format":"12"}]}]}]},{"class":"","main_cols":[{"format":"12","sub_rows":[{"sub_cols":[{"info":{"module":[{"code":"octabproducts.74","name":"OC Tab Products &gt; Tabs Categories Home5","url":"http:\\/\\/tt_outline1.com\\/admin\\/index.php?route=extension\\/module\\/octabproducts&amp;user_token=zkwWDYFLs3ylViUDiqrx3OIQzAIFfVet&amp;module_id=74"}]},"format":"12"}]}]}]},{"class":"full-width home-modul","main_cols":[{"format":"12","sub_rows":[{"sub_cols":[{"info":{"module":[{"code":"octestimonial.46","name":"OC Testimonials &gt; Testimonials","url":"http:\\/\\/tt_outline1.com\\/admin\\/index.php?route=extension\\/module\\/octestimonial&amp;user_token=zkwWDYFLs3ylViUDiqrx3OIQzAIFfVet&amp;module_id=46"}]},"format":"12"}]}]}]},{"class":"","main_cols":[{"format":"12","sub_rows":[{"sub_cols":[{"info":{"module":[{"code":"ocproduct.75","name":"OC Products &gt; Featured Products Home5","url":"http:\\/\\/tt_outline1.com\\/admin\\/index.php?route=extension\\/module\\/ocproduct&amp;user_token=zkwWDYFLs3ylViUDiqrx3OIQzAIFfVet&amp;module_id=75"}]},"format":"12"}]}]}]},{"class":"full-width home-modul2","main_cols":[{"format":"6","sub_rows":[{"sub_cols":[{"info":{"module":[{"code":"ocblog.76","name":"OC Blog &gt; From The Blog2","url":"http:\\/\\/tt_outline1.com\\/admin\\/index.php?route=extension\\/module\\/ocblog&amp;user_token=zkwWDYFLs3ylViUDiqrx3OIQzAIFfVet&amp;module_id=76"}]},"format":"12"}]}]},{"format":"6","sub_rows":[{"sub_cols":[{"info":{"module":[{"code":"occmsblock.77","name":"OC CMS Block &gt; Banner Center Home5","url":"http:\\/\\/tt_outline1.com\\/admin\\/index.php?route=extension\\/module\\/occmsblock&amp;user_token=YU9fTZJuBcJEtk0HmGWgosSMZp5jdysJ&amp;module_id=77"}]},"format":"12"}]}]}]}]}'),
(73, 'Banner Static Home5', 'occmsblock', '{"name":"Banner Static Home5","cmsblock_id":"36","status":"1"}'),
(74, 'Tabs Categories Home5', 'octabproducts', '{"name":"Tabs Categories Home5","status":"1","title_lang":{"en-gb":{"title":"New Arrivals"},"fr-gb":{"title":"New Arrivals"}},"module_description":{"1":{"description":"Including these items, the latest models, updated daily."},"2":{"description":"Including these items, the latest models, updated daily."}},"type":"0","slider":"1","items":"4","row":"2","loop":"0","margin":"30","auto":"1","time":"3000","speed":"1000","navigation":"1","pagination":"0","desktop":"4","tablet":"3","mobile":"2","smobile":"1","nrow":"1","description":"0","countdown":"0","rotator":"1","newlabel":"1","salelabel":"1","limit":"12","width":"800","height":"800","octab":[{"tab_name":{"en-gb":{"title":"Living Room"},"fr-gb":{"title":"Living Room"}},"option":"1","productall":"","cate_name":"Living Room","cate_id":"24","productfrom":"1","productcate":"","input_specific_product":"0","autoproduct":"0"},{"tab_name":{"en-gb":{"title":"Dining Room"},"fr-gb":{"title":"Dining Room"}},"option":"1","productall":"","cate_name":"Dining Room","cate_id":"57","productfrom":"1","productcate":"","input_specific_product":"0","autoproduct":"0"},{"tab_name":{"en-gb":{"title":"Bedroom"},"fr-gb":{"title":"Bedroom"}},"option":"1","productall":"","cate_name":"Bedroom","cate_id":"66","productfrom":"1","productcate":"","input_specific_product":"0","autoproduct":"0"}]}'),
(75, 'Featured Products Home5', 'ocproduct', '{"name":"Featured Products Home5","status":"1","option":"0","product":["28","29","30","31","32","33","34","35","36","40","41"],"cate_name":"","cate_id":"","productfrom":"0","productcate":"","input_specific_product":"0","autoproduct":"0","title_lang":{"en-gb":{"title":"Featured Products"},"fr-gb":{"title":"Featured Products"}},"module_description":{"1":{"description":"The most prominent product in the store, which was bought with the highest number"},"2":{"description":"The most prominent product in the store, which was bought with the highest number"}},"type":"0","slider":"1","items":"4","auto":"0","time":"3000","speed":"1000","row":"2","loop":"0","margin":"30","navigation":"1","pagination":"0","desktop":"4","tablet":"3","mobile":"2","smobile":"1","nrow":"1","description":"0","countdown":"0","rotator":"1","newlabel":"1","salelabel":"1","limit":"12","width":"800","height":"800"}'),
(76, 'From The Blog2', 'ocblog', '{"name":"From The Blog2","status":"1","list":"1","width":"370","height":"235","auto":"0","items":"1","speed":"1000","rows":"2","navigation":"0","pagination":"0"}'),
(77, 'Banner Center Home5', 'occmsblock', '{"name":"Banner Center Home5","cmsblock_id":"37","status":"1"}'),
(78, 'Layout Homepage 06', 'oc_page_builder', '{"name":"Layout Homepage 06","status":"1","widget":[{"class":"","main_cols":[{"format":"12","sub_rows":[{"sub_cols":[{"info":{"module":[{"code":"newslettersubscribe.39","name":"OC Newsletter &gt; Newsletter Popup","url":"http:\\/\\/tt_outline1.com\\/admin\\/index.php?route=extension\\/module\\/newslettersubscribe&amp;user_token=bcH7QKzVxOVVG6aE9Y6FBXiUEOcSDZnp&amp;module_id=39"},{"code":"ocslideshow.79","name":"OC Slide show &gt; Home slideshow 6","url":"http:\\/\\/tt_outline1.com\\/admin\\/index.php?route=extension\\/module\\/ocslideshow&amp;user_token=bcH7QKzVxOVVG6aE9Y6FBXiUEOcSDZnp&amp;module_id=79"},{"code":"occmsblock.80","name":"OC CMS Block &gt; Banner Static Home6","url":"http:\\/\\/tt_outline1.com\\/admin\\/index.php?route=extension\\/module\\/occmsblock&amp;user_token=bcH7QKzVxOVVG6aE9Y6FBXiUEOcSDZnp&amp;module_id=80"},{"code":"octabproducts.81","name":"OC Tab Products &gt; Tabs Categories Home6","url":"http:\\/\\/tt_outline1.com\\/admin\\/index.php?route=extension\\/module\\/octabproducts&amp;user_token=bcH7QKzVxOVVG6aE9Y6FBXiUEOcSDZnp&amp;module_id=81"}]},"format":"12"}]}]}]},{"class":"full-width","main_cols":[{"format":"12","sub_rows":[{"sub_cols":[{"info":{"module":[{"code":"occmsblock.82","name":"OC CMS Block &gt; Banner Center Home6","url":"http:\\/\\/tt_outline1.com\\/admin\\/index.php?route=extension\\/module\\/occmsblock&amp;user_token=bcH7QKzVxOVVG6aE9Y6FBXiUEOcSDZnp&amp;module_id=82"}]},"format":"12"}]}]}]},{"class":"","main_cols":[{"format":"12","sub_rows":[{"sub_cols":[{"info":{"module":[{"code":"ocproduct.83","name":"OC Products &gt; Featured Products Home6","url":"http:\\/\\/tt_outline1.com\\/admin\\/index.php?route=extension\\/module\\/ocproduct&amp;user_token=bcH7QKzVxOVVG6aE9Y6FBXiUEOcSDZnp&amp;module_id=83"}]},"format":"12"}]}]}]},{"class":"full-width","main_cols":[{"format":"12","sub_rows":[{"sub_cols":[{"info":{"module":[{"code":"ocblog.42","name":"OC Blog &gt; From The Blog","url":"http:\\/\\/tt_outline1.com\\/admin\\/index.php?route=extension\\/module\\/ocblog&amp;user_token=bcH7QKzVxOVVG6aE9Y6FBXiUEOcSDZnp&amp;module_id=42"}]},"format":"12"}]}]}]}]}'),
(79, 'Home slideshow 6', 'ocslideshow', '{"name":"Home slideshow 6","status":"1","banner":"24","width":"1171","height":"545"}'),
(80, 'Banner Static Home6', 'occmsblock', '{"name":"Banner Static Home6","cmsblock_id":"38","status":"1"}'),
(81, 'Tabs Categories Home6', 'octabproducts', '{"name":"Tabs Categories Home6","status":"1","title_lang":{"en-gb":{"title":"New Arrivals"},"fr-gb":{"title":"New Arrivals"}},"module_description":{"1":{"description":"Including these items, the latest models, updated daily."},"2":{"description":"Including these items, the latest models, updated daily."}},"type":"0","slider":"1","items":"4","row":"2","loop":"0","margin":"30","auto":"0","time":"3000","speed":"1000","navigation":"1","pagination":"0","desktop":"4","tablet":"3","mobile":"2","smobile":"1","nrow":"1","description":"0","countdown":"0","rotator":"1","newlabel":"1","salelabel":"1","limit":"12","width":"800","height":"800","octab":[{"tab_name":{"en-gb":{"title":"Living Room"},"fr-gb":{"title":"Living Room"}},"option":"1","productall":"","cate_name":"Living Room","cate_id":"24","productfrom":"1","productcate":"","input_specific_product":"0","autoproduct":"0"},{"tab_name":{"en-gb":{"title":"Dining Room"},"fr-gb":{"title":"Dining Room"}},"option":"1","productall":"","cate_name":"Dining Room","cate_id":"57","productfrom":"1","productcate":"","input_specific_product":"0","autoproduct":"0"},{"tab_name":{"en-gb":{"title":"Bedroom"},"fr-gb":{"title":"Bedroom"}},"option":"1","productall":"","cate_name":"Bedroom","cate_id":"66","productfrom":"1","productcate":"","input_specific_product":"0","autoproduct":"0"}]}'),
(82, 'Banner Center Home6', 'occmsblock', '{"name":"Banner Center Home6","cmsblock_id":"39","status":"1"}'),
(83, 'Featured Products Home6', 'ocproduct', '{"name":"Featured Products Home6","status":"1","option":"0","product":["28","29","30","31","32","33","34","35","36","40","41"],"cate_name":"","cate_id":"","productfrom":"0","productcate":"","input_specific_product":"0","autoproduct":"0","title_lang":{"en-gb":{"title":"Featured Products"},"fr-gb":{"title":"Featured Products"}},"module_description":{"1":{"description":"The most prominent product in the store, which was bought with the highest number"},"2":{"description":"The most prominent product in the store, which was bought with the highest number"}},"type":"0","slider":"1","items":"4","auto":"0","time":"3000","speed":"1000","row":"1","loop":"1","margin":"30","navigation":"1","pagination":"0","desktop":"4","tablet":"3","mobile":"2","smobile":"1","nrow":"1","description":"0","countdown":"0","rotator":"0","newlabel":"1","salelabel":"1","limit":"12","width":"800","height":"800"}'),
(84, 'Banner Left', 'occmsblock', '{"name":"Banner Left","cmsblock_id":"40","status":"1"}');

-- --------------------------------------------------------

--
-- Table structure for table `oc_ocslideshow`
--

CREATE TABLE `oc_ocslideshow` (
  `ocslideshow_id` int(11) NOT NULL,
  `name` varchar(64) NOT NULL,
  `status` tinyint(1) NOT NULL,
  `auto` tinyint(1) DEFAULT NULL,
  `delay` int(11) DEFAULT NULL,
  `hover` tinyint(1) DEFAULT NULL,
  `nextback` tinyint(1) DEFAULT NULL,
  `contrl` tinyint(1) DEFAULT NULL,
  `effect` varchar(64) NOT NULL
) ENGINE=MyISAM DEFAULT CHARSET=utf8;

--
-- Dumping data for table `oc_ocslideshow`
--

INSERT INTO `oc_ocslideshow` (`ocslideshow_id`, `name`, `status`, `auto`, `delay`, `hover`, `nextback`, `contrl`, `effect`) VALUES
(18, 'Home slideshow 1', 1, 1, 5000, 0, 0, 1, '  random  '),
(19, 'Home slideshow 2', 1, 1, 5000, 1, 0, 1, '  random  '),
(20, 'Home slideshow 3', 1, 1, 5000, 0, 0, 1, '  random  '),
(21, 'Home slideshow 4', 1, 1, 5000, 0, 0, 1, '  random  '),
(23, 'Home slideshow 5', 1, 1, 5000, 0, 0, 1, '  random  '),
(24, 'Home slideshow 6', 1, 1, 5000, 0, 0, 1, '  random  ');

-- --------------------------------------------------------

--
-- Table structure for table `oc_ocslideshow_image`
--

CREATE TABLE `oc_ocslideshow_image` (
  `ocslideshow_image_id` int(11) NOT NULL,
  `ocslideshow_id` int(11) NOT NULL,
  `link` varchar(255) NOT NULL,
  `type` int(11) NOT NULL,
  `banner_store` varchar(110) DEFAULT '0',
  `image` varchar(255) NOT NULL,
  `small_image` varchar(255) DEFAULT NULL
) ENGINE=MyISAM DEFAULT CHARSET=utf8;

--
-- Dumping data for table `oc_ocslideshow_image`
--

INSERT INTO `oc_ocslideshow_image` (`ocslideshow_image_id`, `ocslideshow_id`, `link`, `type`, `banner_store`, `image`, `small_image`) VALUES
(258, 19, '        #    ', 2, '1,0,1,0,1,0', 'catalog/slideshow/bg3-slidershow.jpg', 'no_image.png'),
(257, 19, '            #      ', 2, '1,0,1,0,1,0', 'catalog/slideshow/bg2-slidershow.jpg', 'no_image.png'),
(259, 18, '', 1, '0,0,0', 'catalog/slideshow/bg1-slidershow.jpg', 'no_image.png'),
(260, 18, '', 1, '0,0,0', 'catalog/slideshow/bg-slidershow.jpg', 'no_image.png'),
(264, 20, '        #    ', 2, '2,0,2,0,2,0', 'catalog/slideshow/bg5-slidershow.jpg', 'no_image.png'),
(262, 20, '        #    ', 1, '2,0,2,0,2,0', 'catalog/slideshow/bg4-slidershow.jpg', 'no_image.png'),
(266, 21, '    #  ', 1, '3,0,3,0', 'catalog/slideshow/bg6-slidershow.jpg', 'no_image.png'),
(265, 21, '    #  ', 2, '3,0,3,0', 'catalog/slideshow/bg7-slidershow.jpg', 'no_image.png'),
(267, 23, '    #  ', 1, '4,0,4,0', 'catalog/slideshow/bg8-slidershow.jpg', 'no_image.png'),
(268, 23, '    #  ', 2, '4,0,4,0', 'catalog/slideshow/bg9-slidershow.jpg', 'no_image.png'),
(270, 24, '      #   ', 1, '5,0,5,0', 'catalog/slideshow/bg10-slidershow.jpg', 'no_image.png'),
(269, 24, '  # ', 2, '5,0,5,0', 'catalog/slideshow/bg11-slidershow.jpg', 'no_image.png'),
(261, 18, '', 1, '0,0,0', 'catalog/slideshow/bg1-slidershow.jpg', 'no_image.png'),
(256, 19, '            #      ', 1, '1,0,1,0,1,0', 'catalog/slideshow/bg3-slidershow.jpg', 'no_image.png'),
(263, 20, '    #  ', 2, '2,0,2,0,2,0', 'catalog/slideshow/bg5-slidershow.jpg', 'no_image.png');

-- --------------------------------------------------------

--
-- Table structure for table `oc_ocslideshow_image_description`
--

CREATE TABLE `oc_ocslideshow_image_description` (
  `ocslideshow_image_id` int(11) NOT NULL,
  `language_id` int(11) NOT NULL,
  `ocslideshow_id` int(11) NOT NULL,
  `title` varchar(64) NOT NULL,
  `sub_title` varchar(64) DEFAULT NULL,
  `description` text
) ENGINE=MyISAM DEFAULT CHARSET=utf8;

--
-- Dumping data for table `oc_ocslideshow_image_description`
--

INSERT INTO `oc_ocslideshow_image_description` (`ocslideshow_image_id`, `language_id`, `ocslideshow_id`, `title`, `sub_title`, `description`) VALUES
(266, 1, 21, '  New style Lamp  ', '  $178.00  ', '  Nam liber tempor cum soluta nobis eleifend option congue nihil imperdiet doming id quod mazim placerat facer possim assum.   '),
(266, 2, 21, '  New style Lamp  ', '  $178.00  ', '  Nam liber tempor cum soluta nobis eleifend option congue nihil imperdiet doming id quod mazim placerat facer possim assum.   '),
(264, 2, 20, '    Synnes dining chair dark.    ', '        ', '    Nam liber tempor cum soluta nobis eleifend option congue nihil imperdiet doming id quod mazim placerat facer possim assum.     '),
(264, 1, 20, '    Synnes dining chair dark.    ', '        ', '    Nam liber tempor cum soluta nobis eleifend option congue nihil imperdiet doming id quod mazim placerat facer possim assum.     '),
(263, 2, 20, '  Synnes dining chair dark.  ', '    ', '  Nam liber tempor cum soluta nobis eleifend option congue nihil imperdiet doming id quod mazim placerat facer possim assum.  '),
(258, 2, 19, '    Roundlab Wooden Chair.    ', '        ', '      Nam liber tempor cum soluta nobis eleifend option congue nihil imperdiet doming id quod mazim placerat facer possim assum.       '),
(260, 1, 18, '        ', '        ', '    &lt;p&gt;&lt;br&gt;&lt;/p&gt;    '),
(260, 2, 18, '        ', '        ', '    &lt;p&gt;&lt;br&gt;&lt;/p&gt;    '),
(261, 1, 18, '    ', '    ', '    '),
(261, 2, 18, '    ', '    ', '    '),
(257, 2, 19, '      Synnes dining chair  dark.      ', '            ', '      Nam liber tempor cum soluta nobis eleifend option congue nihil imperdiet doming id quod mazim placerat facer possim assum.       '),
(258, 1, 19, '    Roundlab Wooden Chair.    ', '        ', '      Nam liber tempor cum soluta nobis eleifend option congue nihil imperdiet doming id quod mazim placerat facer possim assum.       '),
(265, 2, 21, '  Bed Auronde  ', '  $278.00  ', '  Nam liber tempor cum soluta nobis eleifend option congue nihil imperdiet doming id quod mazim placerat facer possim assum.   '),
(265, 1, 21, '  Bed Auronde  ', '  $278.00  ', '  Nam liber tempor cum soluta nobis eleifend option congue nihil imperdiet doming id quod mazim placerat facer possim assum.   '),
(268, 2, 23, '  Wonderful residential interiors  ', '  Chair collection  ', '  Nam liber tempor cum soluta nobis eleifend option congue nihil imperdiet doming id quod mazim placerat facer possim assum.   '),
(267, 1, 23, '  Wonderful residential interiors  ', '  Decor collection  ', '  Nam liber tempor cum soluta nobis eleifend option congue nihil imperdiet doming id quod mazim placerat facer possim assum.   '),
(267, 2, 23, '  Wonderful residential interiors  ', '  Decor collection  ', '  Nam liber tempor cum soluta nobis eleifend option congue nihil imperdiet doming id quod mazim placerat facer possim assum.   '),
(268, 1, 23, '  Wonderful residential interiors  ', '  Chair collection  ', '  Nam liber tempor cum soluta nobis eleifend option congue nihil imperdiet doming id quod mazim placerat facer possim assum.   '),
(270, 2, 24, '   Homewares store   ', '      ', '   Nam liber tempor cum soluta nobis eleifend option congue nihil    '),
(270, 1, 24, '   Homewares store   ', '      ', '   Nam liber tempor cum soluta nobis eleifend option congue nihil    '),
(269, 2, 24, ' Homewares store   ', '  ', ' Nam liber tempor cum soluta nobis eleifend option congue nihil '),
(269, 1, 24, ' Homewares store   ', '  ', ' Nam liber tempor cum soluta nobis eleifend option congue nihil '),
(259, 2, 18, '                            ', '                            ', '    &lt;p&gt;&lt;br&gt;&lt;/p&gt;    '),
(259, 1, 18, '                            ', '                            ', '    &lt;p&gt;&lt;br&gt;&lt;/p&gt;    '),
(257, 1, 19, '      Synnes dining chair  dark.      ', '            ', '      Nam liber tempor cum soluta nobis eleifend option congue nihil imperdiet doming id quod mazim placerat facer possim assum.       '),
(256, 1, 19, '      Roundlab Wooden Chair.      ', '            ', '      Nam liber tempor cum soluta nobis eleifend option congue nihil imperdiet doming id quod mazim placerat facer possim assum.       '),
(256, 2, 19, '      Roundlab Wooden Chair.      ', '            ', '      Nam liber tempor cum soluta nobis eleifend option congue nihil imperdiet doming id quod mazim placerat facer possim assum.       '),
(262, 1, 20, '    Synnes dining chair dark.    ', '        ', '    Nam liber tempor cum soluta nobis eleifend option congue nihil imperdiet doming id quod mazim placerat facer possim assum.     '),
(262, 2, 20, '    Synnes dining chair dark.    ', '        ', '    Nam liber tempor cum soluta nobis eleifend option congue nihil imperdiet doming id quod mazim placerat facer possim assum.     '),
(263, 1, 20, '  Synnes dining chair dark.  ', '    ', '  Nam liber tempor cum soluta nobis eleifend option congue nihil imperdiet doming id quod mazim placerat facer possim assum.  ');

-- --------------------------------------------------------

--
-- Table structure for table `oc_option`
--

CREATE TABLE `oc_option` (
  `option_id` int(11) NOT NULL,
  `type` varchar(32) NOT NULL,
  `sort_order` int(3) NOT NULL
) ENGINE=MyISAM DEFAULT CHARSET=utf8;

--
-- Dumping data for table `oc_option`
--

INSERT INTO `oc_option` (`option_id`, `type`, `sort_order`) VALUES
(1, 'radio', 1),
(2, 'checkbox', 2),
(4, 'text', 3),
(5, 'select', 4),
(6, 'textarea', 5),
(7, 'file', 6),
(8, 'date', 7),
(9, 'time', 8),
(10, 'datetime', 9),
(11, 'select', 10),
(12, 'date', 11);

-- --------------------------------------------------------

--
-- Table structure for table `oc_option_description`
--

CREATE TABLE `oc_option_description` (
  `option_id` int(11) NOT NULL,
  `language_id` int(11) NOT NULL,
  `name` varchar(128) NOT NULL
) ENGINE=MyISAM DEFAULT CHARSET=utf8;

--
-- Dumping data for table `oc_option_description`
--

INSERT INTO `oc_option_description` (`option_id`, `language_id`, `name`) VALUES
(1, 1, 'Radio'),
(2, 1, 'Checkbox'),
(4, 1, 'Text'),
(6, 1, 'Textarea'),
(8, 1, 'Date'),
(7, 1, 'File'),
(5, 1, 'Select'),
(9, 1, 'Time'),
(10, 1, 'Date &amp; Time'),
(12, 1, 'Delivery Date'),
(11, 1, 'Size'),
(1, 2, 'Radio'),
(2, 2, 'Checkbox'),
(4, 2, 'Text'),
(6, 2, 'Textarea'),
(8, 2, 'Date'),
(7, 2, 'File'),
(5, 2, 'Select'),
(9, 2, 'Time'),
(10, 2, 'Date &amp; Time'),
(12, 2, 'Delivery Date'),
(11, 2, 'Size');

-- --------------------------------------------------------

--
-- Table structure for table `oc_option_value`
--

CREATE TABLE `oc_option_value` (
  `option_value_id` int(11) NOT NULL,
  `option_id` int(11) NOT NULL,
  `image` varchar(255) NOT NULL,
  `sort_order` int(3) NOT NULL
) ENGINE=MyISAM DEFAULT CHARSET=utf8;

--
-- Dumping data for table `oc_option_value`
--

INSERT INTO `oc_option_value` (`option_value_id`, `option_id`, `image`, `sort_order`) VALUES
(43, 1, '', 3),
(32, 1, '', 1),
(45, 2, '', 4),
(44, 2, '', 3),
(42, 5, '', 4),
(41, 5, '', 3),
(39, 5, '', 1),
(40, 5, '', 2),
(31, 1, '', 2),
(23, 2, '', 1),
(24, 2, '', 2),
(46, 11, '', 1),
(47, 11, '', 2),
(48, 11, '', 3);

-- --------------------------------------------------------

--
-- Table structure for table `oc_option_value_description`
--

CREATE TABLE `oc_option_value_description` (
  `option_value_id` int(11) NOT NULL,
  `language_id` int(11) NOT NULL,
  `option_id` int(11) NOT NULL,
  `name` varchar(128) NOT NULL
) ENGINE=MyISAM DEFAULT CHARSET=utf8;

--
-- Dumping data for table `oc_option_value_description`
--

INSERT INTO `oc_option_value_description` (`option_value_id`, `language_id`, `option_id`, `name`) VALUES
(43, 1, 1, 'Large'),
(32, 1, 1, 'Small'),
(45, 1, 2, 'Checkbox 4'),
(44, 1, 2, 'Checkbox 3'),
(31, 1, 1, 'Medium'),
(42, 1, 5, 'Yellow'),
(41, 1, 5, 'Green'),
(39, 1, 5, 'Red'),
(40, 1, 5, 'Blue'),
(23, 1, 2, 'Checkbox 1'),
(24, 1, 2, 'Checkbox 2'),
(48, 1, 11, 'Large'),
(47, 1, 11, 'Medium'),
(46, 1, 11, 'Small'),
(43, 2, 1, 'Large'),
(32, 2, 1, 'Small'),
(45, 2, 2, 'Checkbox 4'),
(44, 2, 2, 'Checkbox 3'),
(31, 2, 1, 'Medium'),
(42, 2, 5, 'Yellow'),
(41, 2, 5, 'Green'),
(39, 2, 5, 'Red'),
(40, 2, 5, 'Blue'),
(23, 2, 2, 'Checkbox 1'),
(24, 2, 2, 'Checkbox 2'),
(48, 2, 11, 'Large'),
(47, 2, 11, 'Medium'),
(46, 2, 11, 'Small');

-- --------------------------------------------------------

--
-- Table structure for table `oc_order`
--

CREATE TABLE `oc_order` (
  `order_id` int(11) NOT NULL,
  `invoice_no` int(11) NOT NULL DEFAULT '0',
  `invoice_prefix` varchar(26) NOT NULL,
  `store_id` int(11) NOT NULL DEFAULT '0',
  `store_name` varchar(64) NOT NULL,
  `store_url` varchar(255) NOT NULL,
  `customer_id` int(11) NOT NULL DEFAULT '0',
  `customer_group_id` int(11) NOT NULL DEFAULT '0',
  `firstname` varchar(32) NOT NULL,
  `lastname` varchar(32) NOT NULL,
  `email` varchar(96) NOT NULL,
  `telephone` varchar(32) NOT NULL,
  `fax` varchar(32) NOT NULL,
  `custom_field` text NOT NULL,
  `payment_firstname` varchar(32) NOT NULL,
  `payment_lastname` varchar(32) NOT NULL,
  `payment_company` varchar(60) NOT NULL,
  `payment_address_1` varchar(128) NOT NULL,
  `payment_address_2` varchar(128) NOT NULL,
  `payment_city` varchar(128) NOT NULL,
  `payment_postcode` varchar(10) NOT NULL,
  `payment_country` varchar(128) NOT NULL,
  `payment_country_id` int(11) NOT NULL,
  `payment_zone` varchar(128) NOT NULL,
  `payment_zone_id` int(11) NOT NULL,
  `payment_address_format` text NOT NULL,
  `payment_custom_field` text NOT NULL,
  `payment_method` varchar(128) NOT NULL,
  `payment_code` varchar(128) NOT NULL,
  `shipping_firstname` varchar(32) NOT NULL,
  `shipping_lastname` varchar(32) NOT NULL,
  `shipping_company` varchar(40) NOT NULL,
  `shipping_address_1` varchar(128) NOT NULL,
  `shipping_address_2` varchar(128) NOT NULL,
  `shipping_city` varchar(128) NOT NULL,
  `shipping_postcode` varchar(10) NOT NULL,
  `shipping_country` varchar(128) NOT NULL,
  `shipping_country_id` int(11) NOT NULL,
  `shipping_zone` varchar(128) NOT NULL,
  `shipping_zone_id` int(11) NOT NULL,
  `shipping_address_format` text NOT NULL,
  `shipping_custom_field` text NOT NULL,
  `shipping_method` varchar(128) NOT NULL,
  `shipping_code` varchar(128) NOT NULL,
  `comment` text NOT NULL,
  `total` decimal(15,4) NOT NULL DEFAULT '0.0000',
  `order_status_id` int(11) NOT NULL DEFAULT '0',
  `affiliate_id` int(11) NOT NULL,
  `commission` decimal(15,4) NOT NULL,
  `marketing_id` int(11) NOT NULL,
  `tracking` varchar(64) NOT NULL,
  `language_id` int(11) NOT NULL,
  `currency_id` int(11) NOT NULL,
  `currency_code` varchar(3) NOT NULL,
  `currency_value` decimal(15,8) NOT NULL DEFAULT '1.00000000',
  `ip` varchar(40) NOT NULL,
  `forwarded_ip` varchar(40) NOT NULL,
  `user_agent` varchar(255) NOT NULL,
  `accept_language` varchar(255) NOT NULL,
  `date_added` datetime NOT NULL,
  `date_modified` datetime NOT NULL
) ENGINE=MyISAM DEFAULT CHARSET=utf8;

-- --------------------------------------------------------

--
-- Table structure for table `oc_order_history`
--

CREATE TABLE `oc_order_history` (
  `order_history_id` int(11) NOT NULL,
  `order_id` int(11) NOT NULL,
  `order_status_id` int(11) NOT NULL,
  `notify` tinyint(1) NOT NULL DEFAULT '0',
  `comment` text NOT NULL,
  `date_added` datetime NOT NULL
) ENGINE=MyISAM DEFAULT CHARSET=utf8;

-- --------------------------------------------------------

--
-- Table structure for table `oc_order_option`
--

CREATE TABLE `oc_order_option` (
  `order_option_id` int(11) NOT NULL,
  `order_id` int(11) NOT NULL,
  `order_product_id` int(11) NOT NULL,
  `product_option_id` int(11) NOT NULL,
  `product_option_value_id` int(11) NOT NULL DEFAULT '0',
  `name` varchar(255) NOT NULL,
  `value` text NOT NULL,
  `type` varchar(32) NOT NULL
) ENGINE=MyISAM DEFAULT CHARSET=utf8;

-- --------------------------------------------------------

--
-- Table structure for table `oc_order_product`
--

CREATE TABLE `oc_order_product` (
  `order_product_id` int(11) NOT NULL,
  `order_id` int(11) NOT NULL,
  `product_id` int(11) NOT NULL,
  `name` varchar(255) NOT NULL,
  `model` varchar(64) NOT NULL,
  `quantity` int(4) NOT NULL,
  `price` decimal(15,4) NOT NULL DEFAULT '0.0000',
  `total` decimal(15,4) NOT NULL DEFAULT '0.0000',
  `tax` decimal(15,4) NOT NULL DEFAULT '0.0000',
  `reward` int(8) NOT NULL
) ENGINE=MyISAM DEFAULT CHARSET=utf8;

-- --------------------------------------------------------

--
-- Table structure for table `oc_order_recurring`
--

CREATE TABLE `oc_order_recurring` (
  `order_recurring_id` int(11) NOT NULL,
  `order_id` int(11) NOT NULL,
  `reference` varchar(255) NOT NULL,
  `product_id` int(11) NOT NULL,
  `product_name` varchar(255) NOT NULL,
  `product_quantity` int(11) NOT NULL,
  `recurring_id` int(11) NOT NULL,
  `recurring_name` varchar(255) NOT NULL,
  `recurring_description` varchar(255) NOT NULL,
  `recurring_frequency` varchar(25) NOT NULL,
  `recurring_cycle` smallint(6) NOT NULL,
  `recurring_duration` smallint(6) NOT NULL,
  `recurring_price` decimal(10,4) NOT NULL,
  `trial` tinyint(1) NOT NULL,
  `trial_frequency` varchar(25) NOT NULL,
  `trial_cycle` smallint(6) NOT NULL,
  `trial_duration` smallint(6) NOT NULL,
  `trial_price` decimal(10,4) NOT NULL,
  `status` tinyint(4) NOT NULL,
  `date_added` datetime NOT NULL
) ENGINE=MyISAM DEFAULT CHARSET=utf8;

-- --------------------------------------------------------

--
-- Table structure for table `oc_order_recurring_transaction`
--

CREATE TABLE `oc_order_recurring_transaction` (
  `order_recurring_transaction_id` int(11) NOT NULL,
  `order_recurring_id` int(11) NOT NULL,
  `reference` varchar(255) NOT NULL,
  `type` varchar(255) NOT NULL,
  `amount` decimal(10,4) NOT NULL,
  `date_added` datetime NOT NULL
) ENGINE=MyISAM DEFAULT CHARSET=utf8;

-- --------------------------------------------------------

--
-- Table structure for table `oc_order_shipment`
--

CREATE TABLE `oc_order_shipment` (
  `order_shipment_id` int(11) NOT NULL,
  `order_id` int(11) NOT NULL,
  `date_added` datetime NOT NULL,
  `shipping_courier_id` varchar(255) NOT NULL DEFAULT '',
  `tracking_number` varchar(255) NOT NULL DEFAULT ''
) ENGINE=MyISAM DEFAULT CHARSET=utf8;

-- --------------------------------------------------------

--
-- Table structure for table `oc_order_status`
--

CREATE TABLE `oc_order_status` (
  `order_status_id` int(11) NOT NULL,
  `language_id` int(11) NOT NULL,
  `name` varchar(32) NOT NULL
) ENGINE=MyISAM DEFAULT CHARSET=utf8;

--
-- Dumping data for table `oc_order_status`
--

INSERT INTO `oc_order_status` (`order_status_id`, `language_id`, `name`) VALUES
(2, 1, 'Processing'),
(3, 1, 'Shipped'),
(7, 1, 'Canceled'),
(5, 1, 'Complete'),
(8, 1, 'Denied'),
(9, 1, 'Canceled Reversal'),
(10, 1, 'Failed'),
(11, 1, 'Refunded'),
(12, 1, 'Reversed'),
(13, 1, 'Chargeback'),
(1, 1, 'Pending'),
(16, 1, 'Voided'),
(15, 1, 'Processed'),
(14, 1, 'Expired'),
(2, 2, 'Processing'),
(3, 2, 'Shipped'),
(7, 2, 'Canceled'),
(5, 2, 'Complete'),
(8, 2, 'Denied'),
(9, 2, 'Canceled Reversal'),
(10, 2, 'Failed'),
(11, 2, 'Refunded'),
(12, 2, 'Reversed'),
(13, 2, 'Chargeback'),
(1, 2, 'Pending'),
(16, 2, 'Voided'),
(15, 2, 'Processed'),
(14, 2, 'Expired');

-- --------------------------------------------------------

--
-- Table structure for table `oc_order_total`
--

CREATE TABLE `oc_order_total` (
  `order_total_id` int(10) NOT NULL,
  `order_id` int(11) NOT NULL,
  `code` varchar(32) NOT NULL,
  `title` varchar(255) NOT NULL,
  `value` decimal(15,4) NOT NULL DEFAULT '0.0000',
  `sort_order` int(3) NOT NULL
) ENGINE=MyISAM DEFAULT CHARSET=utf8;

-- --------------------------------------------------------

--
-- Table structure for table `oc_order_voucher`
--

CREATE TABLE `oc_order_voucher` (
  `order_voucher_id` int(11) NOT NULL,
  `order_id` int(11) NOT NULL,
  `voucher_id` int(11) NOT NULL,
  `description` varchar(255) NOT NULL,
  `code` varchar(10) NOT NULL,
  `from_name` varchar(64) NOT NULL,
  `from_email` varchar(96) NOT NULL,
  `to_name` varchar(64) NOT NULL,
  `to_email` varchar(96) NOT NULL,
  `voucher_theme_id` int(11) NOT NULL,
  `message` text NOT NULL,
  `amount` decimal(15,4) NOT NULL
) ENGINE=MyISAM DEFAULT CHARSET=utf8;

-- --------------------------------------------------------

--
-- Table structure for table `oc_product`
--

CREATE TABLE `oc_product` (
  `product_id` int(11) NOT NULL,
  `model` varchar(64) NOT NULL,
  `sku` varchar(64) NOT NULL,
  `upc` varchar(12) NOT NULL,
  `ean` varchar(14) NOT NULL,
  `jan` varchar(13) NOT NULL,
  `isbn` varchar(17) NOT NULL,
  `mpn` varchar(64) NOT NULL,
  `location` varchar(128) NOT NULL,
  `quantity` int(4) NOT NULL DEFAULT '0',
  `stock_status_id` int(11) NOT NULL,
  `image` varchar(255) DEFAULT NULL,
  `manufacturer_id` int(11) NOT NULL,
  `shipping` tinyint(1) NOT NULL DEFAULT '1',
  `price` decimal(15,4) NOT NULL DEFAULT '0.0000',
  `points` int(8) NOT NULL DEFAULT '0',
  `tax_class_id` int(11) NOT NULL,
  `date_available` date NOT NULL DEFAULT '0000-00-00',
  `weight` decimal(15,8) NOT NULL DEFAULT '0.00000000',
  `weight_class_id` int(11) NOT NULL DEFAULT '0',
  `length` decimal(15,8) NOT NULL DEFAULT '0.00000000',
  `width` decimal(15,8) NOT NULL DEFAULT '0.00000000',
  `height` decimal(15,8) NOT NULL DEFAULT '0.00000000',
  `length_class_id` int(11) NOT NULL DEFAULT '0',
  `subtract` tinyint(1) NOT NULL DEFAULT '1',
  `minimum` int(11) NOT NULL DEFAULT '1',
  `sort_order` int(11) NOT NULL DEFAULT '0',
  `status` tinyint(1) NOT NULL DEFAULT '0',
  `viewed` int(5) NOT NULL DEFAULT '0',
  `date_added` datetime NOT NULL,
  `date_modified` datetime NOT NULL
) ENGINE=MyISAM DEFAULT CHARSET=utf8;

--
-- Dumping data for table `oc_product`
--

INSERT INTO `oc_product` (`product_id`, `model`, `sku`, `upc`, `ean`, `jan`, `isbn`, `mpn`, `location`, `quantity`, `stock_status_id`, `image`, `manufacturer_id`, `shipping`, `price`, `points`, `tax_class_id`, `date_available`, `weight`, `weight_class_id`, `length`, `width`, `height`, `length_class_id`, `subtract`, `minimum`, `sort_order`, `status`, `viewed`, `date_added`, `date_modified`) VALUES
(28, '1', '', '', '', '', '', '', '', 999999, 7, 'catalog/products/1.jpg', 5, 1, '320.0000', 200, 0, '2017-08-21', '146.40000000', 2, '0.00000000', '0.00000000', '0.00000000', 1, 1, 1, 0, 1, 56, '2009-02-03 16:06:50', '2017-08-27 00:13:50'),
(29, '2', '', '', '', '', '', '', '', 99999, 7, 'catalog/products/2.jpg', 8, 1, '280.0000', 0, 0, '2017-08-21', '133.00000000', 2, '0.00000000', '0.00000000', '0.00000000', 3, 1, 1, 0, 1, 9, '2009-02-03 16:42:17', '2017-09-14 15:07:15'),
(30, '3', '', '', '', '', '', '', '', 999999, 7, 'catalog/products/3.jpg', 8, 1, '260.0000', 0, 0, '2017-08-21', '0.00000000', 1, '0.00000000', '0.00000000', '0.00000000', 1, 1, 1, 0, 1, 26, '2009-02-03 16:59:00', '2017-09-14 15:09:30'),
(31, '4', '', '', '', '', '', '', '', 999999, 7, 'catalog/products/4.jpg', 0, 1, '320.0000', 0, 0, '2017-08-21', '0.00000000', 1, '0.00000000', '0.00000000', '0.00000000', 3, 1, 1, 0, 1, 12, '2009-02-03 17:00:10', '2017-09-14 15:40:56'),
(32, '5', '', '', '', '', '', '', '', 999999, 7, 'catalog/products/5.jpg', 8, 1, '300.0000', 0, 0, '2017-08-21', '5.00000000', 1, '0.00000000', '0.00000000', '0.00000000', 1, 1, 1, 0, 1, 15, '2009-02-03 17:07:26', '2017-09-14 15:41:47'),
(33, '6', '', '', '', '', '', '', '', 999999, 7, 'catalog/products/6.jpg', 8, 1, '230.0000', 0, 0, '2017-08-21', '5.00000000', 1, '0.00000000', '0.00000000', '0.00000000', 2, 1, 1, 0, 1, 9, '2009-02-03 17:08:31', '2017-09-14 15:42:24'),
(34, '7', '', '', '', '', '', '', '', 999999, 7, 'catalog/products/7.jpg', 8, 1, '320.0000', 0, 0, '2017-08-21', '5.00000000', 1, '0.00000000', '0.00000000', '0.00000000', 2, 1, 1, 0, 1, 3, '2009-02-03 18:07:54', '2017-09-14 15:42:50'),
(35, '8', '', '', '', '', '', '', '', 999999, 7, 'catalog/products/8.jpg', 8, 0, '180.0000', 0, 0, '2017-08-21', '5.00000000', 1, '0.00000000', '0.00000000', '0.00000000', 1, 1, 1, 0, 1, 5, '2009-02-03 18:08:31', '2017-09-14 15:43:26'),
(36, '9', '', '', '', '', '', '', '', 999999, 7, 'catalog/products/9.jpg', 8, 0, '320.0000', 100, 0, '2017-08-21', '5.00000000', 1, '0.00000000', '0.00000000', '0.00000000', 2, 1, 1, 0, 1, 0, '2009-02-03 18:09:19', '2017-09-14 15:45:42'),
(40, '10', '', '', '', '', '', '', '', 999999, 7, 'catalog/products/10.jpg', 8, 1, '210.0000', 0, 0, '2017-08-21', '10.00000000', 1, '0.00000000', '0.00000000', '0.00000000', 1, 1, 1, 0, 1, 2, '2009-02-03 21:07:12', '2017-09-14 15:49:00'),
(41, '11', '', '', '', '', '', '', '', 999999, 7, 'catalog/products/11.jpg', 8, 1, '250.0000', 0, 0, '2017-08-21', '5.00000000', 1, '0.00000000', '0.00000000', '0.00000000', 1, 1, 1, 0, 1, 0, '2009-02-03 21:07:26', '2017-09-14 15:51:11'),
(42, '12', '', '', '', '', '', '', '', 999999, 7, 'catalog/products/12.jpg', 8, 1, '350.0000', 400, 0, '2017-08-21', '12.50000000', 1, '1.00000000', '2.00000000', '3.00000000', 1, 1, 2, 0, 1, 0, '2009-02-03 21:07:37', '2017-09-14 15:53:07');

-- --------------------------------------------------------

--
-- Table structure for table `oc_product_attribute`
--

CREATE TABLE `oc_product_attribute` (
  `product_id` int(11) NOT NULL,
  `attribute_id` int(11) NOT NULL,
  `language_id` int(11) NOT NULL,
  `text` text NOT NULL
) ENGINE=MyISAM DEFAULT CHARSET=utf8;

--
-- Dumping data for table `oc_product_attribute`
--

INSERT INTO `oc_product_attribute` (`product_id`, `attribute_id`, `language_id`, `text`) VALUES
(42, 3, 1, '100mhz'),
(42, 3, 2, '100mhz');

-- --------------------------------------------------------

--
-- Table structure for table `oc_product_description`
--

CREATE TABLE `oc_product_description` (
  `product_id` int(11) NOT NULL,
  `language_id` int(11) NOT NULL,
  `name` varchar(255) NOT NULL,
  `description` text NOT NULL,
  `tag` text NOT NULL,
  `meta_title` varchar(255) NOT NULL,
  `meta_description` varchar(255) NOT NULL,
  `meta_keyword` varchar(255) NOT NULL
) ENGINE=MyISAM DEFAULT CHARSET=utf8;

--
-- Dumping data for table `oc_product_description`
--

INSERT INTO `oc_product_description` (`product_id`, `language_id`, `name`, `description`, `tag`, `meta_title`, `meta_description`, `meta_keyword`) VALUES
(28, 1, 'Accumsan Elit', 'Nunc facilisis sagittis ullamcorper. Proin lectus ipsum, gravida et mattis vulputate, tristique ut lectus. Sed et lorem nunc. Vestibulum ante ipsum primis in faucibus orci luctus et ultrices posuere cubilia Curae; Aenean eleifend laoreet congue. Vivamus adipiscing nisl ut dolor dignissim semper. Nulla luctus malesuada tincidunt. Class aptent taciti sociosqu ad litora torquent per conubia nostra, per inceptos himenaeos. Integer enim purus, posuere at ultricies eu, placerat a felis. Suspendisse aliquet urna pretium eros convallis interdum. Quisque in arcu id dui vulputate mollis eget non arcu. Aenean et nulla purus. Mauris vel tellus non nunc mattis lobortis.Nunc facilisis sagittis ullamcorper. Proin lectus ipsum, gravida et mattis vulputate, tristique ut lectus. Sed et lorem nunc. Vestibulum ante ipsum primis in faucibus orci luctus et ultrices posuere cubilia Curae; Aenean eleifend laoreet congue. Vivamus adipiscing nisl ut dolor dignissim semper. Nulla luctus malesuada tincidunt. Class aptent taciti sociosqu ad litora torquent per conubia nostra, per inceptos himenaeos. Integer enim purus, posuere at ultricies eu, placerat a felis. Suspendisse aliquet urna pretium eros convallis interdum. Quisque in arcu id dui vulputate mollis eget non arcu. Aenean et nulla purus. Mauris vel tellus non nunc mattis lobortis.\r\n', '', 'Accumsan Elit', '', ''),
(34, 1, 'Fusce Aliquam', 'Nunc facilisis sagittis ullamcorper. Proin lectus ipsum, gravida et mattis vulputate, tristique ut lectus. Sed et lorem nunc. Vestibulum ante ipsum primis in faucibus orci luctus et ultrices posuere cubilia Curae; Aenean eleifend laoreet congue. Vivamus adipiscing nisl ut dolor dignissim semper. Nulla luctus malesuada tincidunt. Class aptent taciti sociosqu ad litora torquent per conubia nostra, per inceptos himenaeos. Integer enim purus, posuere at ultricies eu, placerat a felis. Suspendisse aliquet urna pretium eros convallis interdum. Quisque in arcu id dui vulputate mollis eget non arcu. Aenean et nulla purus. Mauris vel tellus non nunc mattis lobortis.Nunc facilisis sagittis ullamcorper. Proin lectus ipsum, gravida et mattis vulputate, tristique ut lectus. Sed et lorem nunc. Vestibulum ante ipsum primis in faucibus orci luctus et ultrices posuere cubilia Curae; Aenean eleifend laoreet congue. Vivamus adipiscing nisl ut dolor dignissim semper. Nulla luctus malesuada tincidunt. Class aptent taciti sociosqu ad litora torquent per conubia nostra, per inceptos himenaeos. Integer enim purus, posuere at ultricies eu, placerat a felis. Suspendisse aliquet urna pretium eros convallis interdum. Quisque in arcu id dui vulputate mollis eget non arcu. Aenean et nulla purus. Mauris vel tellus non nunc mattis lobortis.', '', 'Fusce Aliquam', '', ''),
(35, 2, 'Letraset Sheets', 'Nunc facilisis sagittis ullamcorper. Proin lectus ipsum, gravida et mattis vulputate, tristique ut lectus. Sed et lorem nunc. Vestibulum ante ipsum primis in faucibus orci luctus et ultrices posuere cubilia Curae; Aenean eleifend laoreet congue. Vivamus adipiscing nisl ut dolor dignissim semper. Nulla luctus malesuada tincidunt. Class aptent taciti sociosqu ad litora torquent per conubia nostra, per inceptos himenaeos. Integer enim purus, posuere at ultricies eu, placerat a felis. Suspendisse aliquet urna pretium eros convallis interdum. Quisque in arcu id dui vulputate mollis eget non arcu. Aenean et nulla purus. Mauris vel tellus non nunc mattis lobortis.Nunc facilisis sagittis ullamcorper. Proin lectus ipsum, gravida et mattis vulputate, tristique ut lectus. Sed et lorem nunc. Vestibulum ante ipsum primis in faucibus orci luctus et ultrices posuere cubilia Curae; Aenean eleifend laoreet congue. Vivamus adipiscing nisl ut dolor dignissim semper. Nulla luctus malesuada tincidunt. Class aptent taciti sociosqu ad litora torquent per conubia nostra, per inceptos himenaeos. Integer enim purus, posuere at ultricies eu, placerat a felis. Suspendisse aliquet urna pretium eros convallis interdum. Quisque in arcu id dui vulputate mollis eget non arcu. Aenean et nulla purus. Mauris vel tellus non nunc mattis lobortis.', '', 'Letraset Sheets', '', ''),
(29, 1, 'Aliquam Consequat', 'Nunc facilisis sagittis ullamcorper. Proin lectus ipsum, gravida et mattis vulputate, tristique ut lectus. Sed et lorem nunc. Vestibulum ante ipsum primis in faucibus orci luctus et ultrices posuere cubilia Curae; Aenean eleifend laoreet congue. Vivamus adipiscing nisl ut dolor dignissim semper. Nulla luctus malesuada tincidunt. Class aptent taciti sociosqu ad litora torquent per conubia nostra, per inceptos himenaeos. Integer enim purus, posuere at ultricies eu, placerat a felis. Suspendisse aliquet urna pretium eros convallis interdum. Quisque in arcu id dui vulputate mollis eget non arcu. Aenean et nulla purus. Mauris vel tellus non nunc mattis lobortis.Nunc facilisis sagittis ullamcorper. Proin lectus ipsum, gravida et mattis vulputate, tristique ut lectus. Sed et lorem nunc. Vestibulum ante ipsum primis in faucibus orci luctus et ultrices posuere cubilia Curae; Aenean eleifend laoreet congue. Vivamus adipiscing nisl ut dolor dignissim semper. Nulla luctus malesuada tincidunt. Class aptent taciti sociosqu ad litora torquent per conubia nostra, per inceptos himenaeos. Integer enim purus, posuere at ultricies eu, placerat a felis. Suspendisse aliquet urna pretium eros convallis interdum. Quisque in arcu id dui vulputate mollis eget non arcu. Aenean et nulla purus. Mauris vel tellus non nunc mattis lobortis.\r\n', '', 'Aliquam Consequat', '', ''),
(30, 1, 'Cas Meque Metus', 'Nunc facilisis sagittis ullamcorper. Proin lectus ipsum, gravida et mattis vulputate, tristique ut lectus. Sed et lorem nunc. Vestibulum ante ipsum primis in faucibus orci luctus et ultrices posuere cubilia Curae; Aenean eleifend laoreet congue. Vivamus adipiscing nisl ut dolor dignissim semper. Nulla luctus malesuada tincidunt. Class aptent taciti sociosqu ad litora torquent per conubia nostra, per inceptos himenaeos. Integer enim purus, posuere at ultricies eu, placerat a felis. Suspendisse aliquet urna pretium eros convallis interdum. Quisque in arcu id dui vulputate mollis eget non arcu. Aenean et nulla purus. Mauris vel tellus non nunc mattis lobortis.Nunc facilisis sagittis ullamcorper. Proin lectus ipsum, gravida et mattis vulputate, tristique ut lectus. Sed et lorem nunc. Vestibulum ante ipsum primis in faucibus orci luctus et ultrices posuere cubilia Curae; Aenean eleifend laoreet congue. Vivamus adipiscing nisl ut dolor dignissim semper. Nulla luctus malesuada tincidunt. Class aptent taciti sociosqu ad litora torquent per conubia nostra, per inceptos himenaeos. Integer enim purus, posuere at ultricies eu, placerat a felis. Suspendisse aliquet urna pretium eros convallis interdum. Quisque in arcu id dui vulputate mollis eget non arcu. Aenean et nulla purus. Mauris vel tellus non nunc mattis lobortis.', '', 'Cas Meque Metus', '', ''),
(36, 1, 'Lorem Ipsum', 'Nunc facilisis sagittis ullamcorper. Proin lectus ipsum, gravida et mattis vulputate, tristique ut lectus. Sed et lorem nunc. Vestibulum ante ipsum primis in faucibus orci luctus et ultrices posuere cubilia Curae; Aenean eleifend laoreet congue. Vivamus adipiscing nisl ut dolor dignissim semper. Nulla luctus malesuada tincidunt. Class aptent taciti sociosqu ad litora torquent per conubia nostra, per inceptos himenaeos. Integer enim purus, posuere at ultricies eu, placerat a felis. Suspendisse aliquet urna pretium eros convallis interdum. Quisque in arcu id dui vulputate mollis eget non arcu. Aenean et nulla purus. Mauris vel tellus non nunc mattis lobortis.Nunc facilisis sagittis ullamcorper. Proin lectus ipsum, gravida et mattis vulputate, tristique ut lectus. Sed et lorem nunc. Vestibulum ante ipsum primis in faucibus orci luctus et ultrices posuere cubilia Curae; Aenean eleifend laoreet congue. Vivamus adipiscing nisl ut dolor dignissim semper. Nulla luctus malesuada tincidunt. Class aptent taciti sociosqu ad litora torquent per conubia nostra, per inceptos himenaeos. Integer enim purus, posuere at ultricies eu, placerat a felis. Suspendisse aliquet urna pretium eros convallis interdum. Quisque in arcu id dui vulputate mollis eget non arcu. Aenean et nulla purus. Mauris vel tellus non nunc mattis lobortis.', '', 'Lorem Ipsum', '', ''),
(32, 2, 'Donec Non Est', 'Nunc facilisis sagittis ullamcorper. Proin lectus ipsum, gravida et mattis vulputate, tristique ut lectus. Sed et lorem nunc. Vestibulum ante ipsum primis in faucibus orci luctus et ultrices posuere cubilia Curae; Aenean eleifend laoreet congue. Vivamus adipiscing nisl ut dolor dignissim semper. Nulla luctus malesuada tincidunt. Class aptent taciti sociosqu ad litora torquent per conubia nostra, per inceptos himenaeos. Integer enim purus, posuere at ultricies eu, placerat a felis. Suspendisse aliquet urna pretium eros convallis interdum. Quisque in arcu id dui vulputate mollis eget non arcu. Aenean et nulla purus. Mauris vel tellus non nunc mattis lobortis.Nunc facilisis sagittis ullamcorper. Proin lectus ipsum, gravida et mattis vulputate, tristique ut lectus. Sed et lorem nunc. Vestibulum ante ipsum primis in faucibus orci luctus et ultrices posuere cubilia Curae; Aenean eleifend laoreet congue. Vivamus adipiscing nisl ut dolor dignissim semper. Nulla luctus malesuada tincidunt. Class aptent taciti sociosqu ad litora torquent per conubia nostra, per inceptos himenaeos. Integer enim purus, posuere at ultricies eu, placerat a felis. Suspendisse aliquet urna pretium eros convallis interdum. Quisque in arcu id dui vulputate mollis eget non arcu. Aenean et nulla purus. Mauris vel tellus non nunc mattis lobortis.', '', 'Donec Non Est', '', ''),
(31, 1, 'Donec Ac Tempus', 'Nunc facilisis sagittis ullamcorper. Proin lectus ipsum, gravida et mattis vulputate, tristique ut lectus. Sed et lorem nunc. Vestibulum ante ipsum primis in faucibus orci luctus et ultrices posuere cubilia Curae; Aenean eleifend laoreet congue. Vivamus adipiscing nisl ut dolor dignissim semper. Nulla luctus malesuada tincidunt. Class aptent taciti sociosqu ad litora torquent per conubia nostra, per inceptos himenaeos. Integer enim purus, posuere at ultricies eu, placerat a felis. Suspendisse aliquet urna pretium eros convallis interdum. Quisque in arcu id dui vulputate mollis eget non arcu. Aenean et nulla purus. Mauris vel tellus non nunc mattis lobortis.Nunc facilisis sagittis ullamcorper. Proin lectus ipsum, gravida et mattis vulputate, tristique ut lectus. Sed et lorem nunc. Vestibulum ante ipsum primis in faucibus orci luctus et ultrices posuere cubilia Curae; Aenean eleifend laoreet congue. Vivamus adipiscing nisl ut dolor dignissim semper. Nulla luctus malesuada tincidunt. Class aptent taciti sociosqu ad litora torquent per conubia nostra, per inceptos himenaeos. Integer enim purus, posuere at ultricies eu, placerat a felis. Suspendisse aliquet urna pretium eros convallis interdum. Quisque in arcu id dui vulputate mollis eget non arcu. Aenean et nulla purus. Mauris vel tellus non nunc mattis lobortis.', '', 'Donec Ac Tempus', '', ''),
(32, 1, 'Donec Non Est', 'Nunc facilisis sagittis ullamcorper. Proin lectus ipsum, gravida et mattis vulputate, tristique ut lectus. Sed et lorem nunc. Vestibulum ante ipsum primis in faucibus orci luctus et ultrices posuere cubilia Curae; Aenean eleifend laoreet congue. Vivamus adipiscing nisl ut dolor dignissim semper. Nulla luctus malesuada tincidunt. Class aptent taciti sociosqu ad litora torquent per conubia nostra, per inceptos himenaeos. Integer enim purus, posuere at ultricies eu, placerat a felis. Suspendisse aliquet urna pretium eros convallis interdum. Quisque in arcu id dui vulputate mollis eget non arcu. Aenean et nulla purus. Mauris vel tellus non nunc mattis lobortis.Nunc facilisis sagittis ullamcorper. Proin lectus ipsum, gravida et mattis vulputate, tristique ut lectus. Sed et lorem nunc. Vestibulum ante ipsum primis in faucibus orci luctus et ultrices posuere cubilia Curae; Aenean eleifend laoreet congue. Vivamus adipiscing nisl ut dolor dignissim semper. Nulla luctus malesuada tincidunt. Class aptent taciti sociosqu ad litora torquent per conubia nostra, per inceptos himenaeos. Integer enim purus, posuere at ultricies eu, placerat a felis. Suspendisse aliquet urna pretium eros convallis interdum. Quisque in arcu id dui vulputate mollis eget non arcu. Aenean et nulla purus. Mauris vel tellus non nunc mattis lobortis.', '', 'Donec Non Est', '', ''),
(33, 2, 'Etiam Gravida', 'Nunc facilisis sagittis ullamcorper. Proin lectus ipsum, gravida et mattis vulputate, tristique ut lectus. Sed et lorem nunc. Vestibulum ante ipsum primis in faucibus orci luctus et ultrices posuere cubilia Curae; Aenean eleifend laoreet congue. Vivamus adipiscing nisl ut dolor dignissim semper. Nulla luctus malesuada tincidunt. Class aptent taciti sociosqu ad litora torquent per conubia nostra, per inceptos himenaeos. Integer enim purus, posuere at ultricies eu, placerat a felis. Suspendisse aliquet urna pretium eros convallis interdum. Quisque in arcu id dui vulputate mollis eget non arcu. Aenean et nulla purus. Mauris vel tellus non nunc mattis lobortis.Nunc facilisis sagittis ullamcorper. Proin lectus ipsum, gravida et mattis vulputate, tristique ut lectus. Sed et lorem nunc. Vestibulum ante ipsum primis in faucibus orci luctus et ultrices posuere cubilia Curae; Aenean eleifend laoreet congue. Vivamus adipiscing nisl ut dolor dignissim semper. Nulla luctus malesuada tincidunt. Class aptent taciti sociosqu ad litora torquent per conubia nostra, per inceptos himenaeos. Integer enim purus, posuere at ultricies eu, placerat a felis. Suspendisse aliquet urna pretium eros convallis interdum. Quisque in arcu id dui vulputate mollis eget non arcu. Aenean et nulla purus. Mauris vel tellus non nunc mattis lobortis.', '', 'Etiam Gravida', '', ''),
(33, 1, 'Etiam Gravida', 'Nunc facilisis sagittis ullamcorper. Proin lectus ipsum, gravida et mattis vulputate, tristique ut lectus. Sed et lorem nunc. Vestibulum ante ipsum primis in faucibus orci luctus et ultrices posuere cubilia Curae; Aenean eleifend laoreet congue. Vivamus adipiscing nisl ut dolor dignissim semper. Nulla luctus malesuada tincidunt. Class aptent taciti sociosqu ad litora torquent per conubia nostra, per inceptos himenaeos. Integer enim purus, posuere at ultricies eu, placerat a felis. Suspendisse aliquet urna pretium eros convallis interdum. Quisque in arcu id dui vulputate mollis eget non arcu. Aenean et nulla purus. Mauris vel tellus non nunc mattis lobortis.Nunc facilisis sagittis ullamcorper. Proin lectus ipsum, gravida et mattis vulputate, tristique ut lectus. Sed et lorem nunc. Vestibulum ante ipsum primis in faucibus orci luctus et ultrices posuere cubilia Curae; Aenean eleifend laoreet congue. Vivamus adipiscing nisl ut dolor dignissim semper. Nulla luctus malesuada tincidunt. Class aptent taciti sociosqu ad litora torquent per conubia nostra, per inceptos himenaeos. Integer enim purus, posuere at ultricies eu, placerat a felis. Suspendisse aliquet urna pretium eros convallis interdum. Quisque in arcu id dui vulputate mollis eget non arcu. Aenean et nulla purus. Mauris vel tellus non nunc mattis lobortis.', '', 'Etiam Gravida', '', ''),
(34, 2, 'Fusce Aliquam', 'Nunc facilisis sagittis ullamcorper. Proin lectus ipsum, gravida et mattis vulputate, tristique ut lectus. Sed et lorem nunc. Vestibulum ante ipsum primis in faucibus orci luctus et ultrices posuere cubilia Curae; Aenean eleifend laoreet congue. Vivamus adipiscing nisl ut dolor dignissim semper. Nulla luctus malesuada tincidunt. Class aptent taciti sociosqu ad litora torquent per conubia nostra, per inceptos himenaeos. Integer enim purus, posuere at ultricies eu, placerat a felis. Suspendisse aliquet urna pretium eros convallis interdum. Quisque in arcu id dui vulputate mollis eget non arcu. Aenean et nulla purus. Mauris vel tellus non nunc mattis lobortis.Nunc facilisis sagittis ullamcorper. Proin lectus ipsum, gravida et mattis vulputate, tristique ut lectus. Sed et lorem nunc. Vestibulum ante ipsum primis in faucibus orci luctus et ultrices posuere cubilia Curae; Aenean eleifend laoreet congue. Vivamus adipiscing nisl ut dolor dignissim semper. Nulla luctus malesuada tincidunt. Class aptent taciti sociosqu ad litora torquent per conubia nostra, per inceptos himenaeos. Integer enim purus, posuere at ultricies eu, placerat a felis. Suspendisse aliquet urna pretium eros convallis interdum. Quisque in arcu id dui vulputate mollis eget non arcu. Aenean et nulla purus. Mauris vel tellus non nunc mattis lobortis.', '', 'Fusce Aliquam', '', ''),
(30, 2, 'Cas Meque Metus', 'Nunc facilisis sagittis ullamcorper. Proin lectus ipsum, gravida et mattis vulputate, tristique ut lectus. Sed et lorem nunc. Vestibulum ante ipsum primis in faucibus orci luctus et ultrices posuere cubilia Curae; Aenean eleifend laoreet congue. Vivamus adipiscing nisl ut dolor dignissim semper. Nulla luctus malesuada tincidunt. Class aptent taciti sociosqu ad litora torquent per conubia nostra, per inceptos himenaeos. Integer enim purus, posuere at ultricies eu, placerat a felis. Suspendisse aliquet urna pretium eros convallis interdum. Quisque in arcu id dui vulputate mollis eget non arcu. Aenean et nulla purus. Mauris vel tellus non nunc mattis lobortis.Nunc facilisis sagittis ullamcorper. Proin lectus ipsum, gravida et mattis vulputate, tristique ut lectus. Sed et lorem nunc. Vestibulum ante ipsum primis in faucibus orci luctus et ultrices posuere cubilia Curae; Aenean eleifend laoreet congue. Vivamus adipiscing nisl ut dolor dignissim semper. Nulla luctus malesuada tincidunt. Class aptent taciti sociosqu ad litora torquent per conubia nostra, per inceptos himenaeos. Integer enim purus, posuere at ultricies eu, placerat a felis. Suspendisse aliquet urna pretium eros convallis interdum. Quisque in arcu id dui vulputate mollis eget non arcu. Aenean et nulla purus. Mauris vel tellus non nunc mattis lobortis.', '', 'Cas Meque Metus', '', ''),
(28, 2, 'Accumsan Elit', 'Nunc facilisis sagittis ullamcorper. Proin lectus ipsum, gravida et mattis vulputate, tristique ut lectus. Sed et lorem nunc. Vestibulum ante ipsum primis in faucibus orci luctus et ultrices posuere cubilia Curae; Aenean eleifend laoreet congue. Vivamus adipiscing nisl ut dolor dignissim semper. Nulla luctus malesuada tincidunt. Class aptent taciti sociosqu ad litora torquent per conubia nostra, per inceptos himenaeos. Integer enim purus, posuere at ultricies eu, placerat a felis. Suspendisse aliquet urna pretium eros convallis interdum. Quisque in arcu id dui vulputate mollis eget non arcu. Aenean et nulla purus. Mauris vel tellus non nunc mattis lobortis.Nunc facilisis sagittis ullamcorper. Proin lectus ipsum, gravida et mattis vulputate, tristique ut lectus. Sed et lorem nunc. Vestibulum ante ipsum primis in faucibus orci luctus et ultrices posuere cubilia Curae; Aenean eleifend laoreet congue. Vivamus adipiscing nisl ut dolor dignissim semper. Nulla luctus malesuada tincidunt. Class aptent taciti sociosqu ad litora torquent per conubia nostra, per inceptos himenaeos. Integer enim purus, posuere at ultricies eu, placerat a felis. Suspendisse aliquet urna pretium eros convallis interdum. Quisque in arcu id dui vulputate mollis eget non arcu. Aenean et nulla purus. Mauris vel tellus non nunc mattis lobortis.\r\n', '', 'Accumsan Elit', '', ''),
(29, 2, 'Aliquam Consequat', 'Nunc facilisis sagittis ullamcorper. Proin lectus ipsum, gravida et mattis vulputate, tristique ut lectus. Sed et lorem nunc. Vestibulum ante ipsum primis in faucibus orci luctus et ultrices posuere cubilia Curae; Aenean eleifend laoreet congue. Vivamus adipiscing nisl ut dolor dignissim semper. Nulla luctus malesuada tincidunt. Class aptent taciti sociosqu ad litora torquent per conubia nostra, per inceptos himenaeos. Integer enim purus, posuere at ultricies eu, placerat a felis. Suspendisse aliquet urna pretium eros convallis interdum. Quisque in arcu id dui vulputate mollis eget non arcu. Aenean et nulla purus. Mauris vel tellus non nunc mattis lobortis.Nunc facilisis sagittis ullamcorper. Proin lectus ipsum, gravida et mattis vulputate, tristique ut lectus. Sed et lorem nunc. Vestibulum ante ipsum primis in faucibus orci luctus et ultrices posuere cubilia Curae; Aenean eleifend laoreet congue. Vivamus adipiscing nisl ut dolor dignissim semper. Nulla luctus malesuada tincidunt. Class aptent taciti sociosqu ad litora torquent per conubia nostra, per inceptos himenaeos. Integer enim purus, posuere at ultricies eu, placerat a felis. Suspendisse aliquet urna pretium eros convallis interdum. Quisque in arcu id dui vulputate mollis eget non arcu. Aenean et nulla purus. Mauris vel tellus non nunc mattis lobortis.\r\n', '', 'Aliquam Consequat', '', ''),
(36, 2, 'Lorem Ipsum', 'Nunc facilisis sagittis ullamcorper. Proin lectus ipsum, gravida et mattis vulputate, tristique ut lectus. Sed et lorem nunc. Vestibulum ante ipsum primis in faucibus orci luctus et ultrices posuere cubilia Curae; Aenean eleifend laoreet congue. Vivamus adipiscing nisl ut dolor dignissim semper. Nulla luctus malesuada tincidunt. Class aptent taciti sociosqu ad litora torquent per conubia nostra, per inceptos himenaeos. Integer enim purus, posuere at ultricies eu, placerat a felis. Suspendisse aliquet urna pretium eros convallis interdum. Quisque in arcu id dui vulputate mollis eget non arcu. Aenean et nulla purus. Mauris vel tellus non nunc mattis lobortis.Nunc facilisis sagittis ullamcorper. Proin lectus ipsum, gravida et mattis vulputate, tristique ut lectus. Sed et lorem nunc. Vestibulum ante ipsum primis in faucibus orci luctus et ultrices posuere cubilia Curae; Aenean eleifend laoreet congue. Vivamus adipiscing nisl ut dolor dignissim semper. Nulla luctus malesuada tincidunt. Class aptent taciti sociosqu ad litora torquent per conubia nostra, per inceptos himenaeos. Integer enim purus, posuere at ultricies eu, placerat a felis. Suspendisse aliquet urna pretium eros convallis interdum. Quisque in arcu id dui vulputate mollis eget non arcu. Aenean et nulla purus. Mauris vel tellus non nunc mattis lobortis.', '', 'Lorem Ipsum', '', ''),
(31, 2, 'Donec Ac Tempus', 'Nunc facilisis sagittis ullamcorper. Proin lectus ipsum, gravida et mattis vulputate, tristique ut lectus. Sed et lorem nunc. Vestibulum ante ipsum primis in faucibus orci luctus et ultrices posuere cubilia Curae; Aenean eleifend laoreet congue. Vivamus adipiscing nisl ut dolor dignissim semper. Nulla luctus malesuada tincidunt. Class aptent taciti sociosqu ad litora torquent per conubia nostra, per inceptos himenaeos. Integer enim purus, posuere at ultricies eu, placerat a felis. Suspendisse aliquet urna pretium eros convallis interdum. Quisque in arcu id dui vulputate mollis eget non arcu. Aenean et nulla purus. Mauris vel tellus non nunc mattis lobortis.Nunc facilisis sagittis ullamcorper. Proin lectus ipsum, gravida et mattis vulputate, tristique ut lectus. Sed et lorem nunc. Vestibulum ante ipsum primis in faucibus orci luctus et ultrices posuere cubilia Curae; Aenean eleifend laoreet congue. Vivamus adipiscing nisl ut dolor dignissim semper. Nulla luctus malesuada tincidunt. Class aptent taciti sociosqu ad litora torquent per conubia nostra, per inceptos himenaeos. Integer enim purus, posuere at ultricies eu, placerat a felis. Suspendisse aliquet urna pretium eros convallis interdum. Quisque in arcu id dui vulputate mollis eget non arcu. Aenean et nulla purus. Mauris vel tellus non nunc mattis lobortis.', '', 'Donec Ac Tempus', '', ''),
(42, 1, 'Ras Neque Metus', 'Nunc facilisis sagittis ullamcorper. Proin lectus ipsum, gravida et mattis vulputate, tristique ut lectus. Sed et lorem nunc. Vestibulum ante ipsum primis in faucibus orci luctus et ultrices posuere cubilia Curae; Aenean eleifend laoreet congue. Vivamus adipiscing nisl ut dolor dignissim semper. Nulla luctus malesuada tincidunt. Class aptent taciti sociosqu ad litora torquent per conubia nostra, per inceptos himenaeos. Integer enim purus, posuere at ultricies eu, placerat a felis. Suspendisse aliquet urna pretium eros convallis interdum. Quisque in arcu id dui vulputate mollis eget non arcu. Aenean et nulla purus. Mauris vel tellus non nunc mattis lobortis.Nunc facilisis sagittis ullamcorper. Proin lectus ipsum, gravida et mattis vulputate, tristique ut lectus. Sed et lorem nunc. Vestibulum ante ipsum primis in faucibus orci luctus et ultrices posuere cubilia Curae; Aenean eleifend laoreet congue. Vivamus adipiscing nisl ut dolor dignissim semper. Nulla luctus malesuada tincidunt. Class aptent taciti sociosqu ad litora torquent per conubia nostra, per inceptos himenaeos. Integer enim purus, posuere at ultricies eu, placerat a felis. Suspendisse aliquet urna pretium eros convallis interdum. Quisque in arcu id dui vulputate mollis eget non arcu. Aenean et nulla purus. Mauris vel tellus non nunc mattis lobortis.', '', 'Ras Neque Metus', '', ''),
(42, 2, 'Ras Neque Metus', 'Nunc facilisis sagittis ullamcorper. Proin lectus ipsum, gravida et mattis vulputate, tristique ut lectus. Sed et lorem nunc. Vestibulum ante ipsum primis in faucibus orci luctus et ultrices posuere cubilia Curae; Aenean eleifend laoreet congue. Vivamus adipiscing nisl ut dolor dignissim semper. Nulla luctus malesuada tincidunt. Class aptent taciti sociosqu ad litora torquent per conubia nostra, per inceptos himenaeos. Integer enim purus, posuere at ultricies eu, placerat a felis. Suspendisse aliquet urna pretium eros convallis interdum. Quisque in arcu id dui vulputate mollis eget non arcu. Aenean et nulla purus. Mauris vel tellus non nunc mattis lobortis.Nunc facilisis sagittis ullamcorper. Proin lectus ipsum, gravida et mattis vulputate, tristique ut lectus. Sed et lorem nunc. Vestibulum ante ipsum primis in faucibus orci luctus et ultrices posuere cubilia Curae; Aenean eleifend laoreet congue. Vivamus adipiscing nisl ut dolor dignissim semper. Nulla luctus malesuada tincidunt. Class aptent taciti sociosqu ad litora torquent per conubia nostra, per inceptos himenaeos. Integer enim purus, posuere at ultricies eu, placerat a felis. Suspendisse aliquet urna pretium eros convallis interdum. Quisque in arcu id dui vulputate mollis eget non arcu. Aenean et nulla purus. Mauris vel tellus non nunc mattis lobortis.', '', 'Ras Neque Metus', '', ''),
(35, 1, 'Letraset Sheets', 'Nunc facilisis sagittis ullamcorper. Proin lectus ipsum, gravida et mattis vulputate, tristique ut lectus. Sed et lorem nunc. Vestibulum ante ipsum primis in faucibus orci luctus et ultrices posuere cubilia Curae; Aenean eleifend laoreet congue. Vivamus adipiscing nisl ut dolor dignissim semper. Nulla luctus malesuada tincidunt. Class aptent taciti sociosqu ad litora torquent per conubia nostra, per inceptos himenaeos. Integer enim purus, posuere at ultricies eu, placerat a felis. Suspendisse aliquet urna pretium eros convallis interdum. Quisque in arcu id dui vulputate mollis eget non arcu. Aenean et nulla purus. Mauris vel tellus non nunc mattis lobortis.Nunc facilisis sagittis ullamcorper. Proin lectus ipsum, gravida et mattis vulputate, tristique ut lectus. Sed et lorem nunc. Vestibulum ante ipsum primis in faucibus orci luctus et ultrices posuere cubilia Curae; Aenean eleifend laoreet congue. Vivamus adipiscing nisl ut dolor dignissim semper. Nulla luctus malesuada tincidunt. Class aptent taciti sociosqu ad litora torquent per conubia nostra, per inceptos himenaeos. Integer enim purus, posuere at ultricies eu, placerat a felis. Suspendisse aliquet urna pretium eros convallis interdum. Quisque in arcu id dui vulputate mollis eget non arcu. Aenean et nulla purus. Mauris vel tellus non nunc mattis lobortis.', '', 'Letraset Sheets', '', ''),
(40, 2, 'Proin Lectus Ipsum', 'Nunc facilisis sagittis ullamcorper. Proin lectus ipsum, gravida et mattis vulputate, tristique ut lectus. Sed et lorem nunc. Vestibulum ante ipsum primis in faucibus orci luctus et ultrices posuere cubilia Curae; Aenean eleifend laoreet congue. Vivamus adipiscing nisl ut dolor dignissim semper. Nulla luctus malesuada tincidunt. Class aptent taciti sociosqu ad litora torquent per conubia nostra, per inceptos himenaeos. Integer enim purus, posuere at ultricies eu, placerat a felis. Suspendisse aliquet urna pretium eros convallis interdum. Quisque in arcu id dui vulputate mollis eget non arcu. Aenean et nulla purus. Mauris vel tellus non nunc mattis lobortis.Nunc facilisis sagittis ullamcorper. Proin lectus ipsum, gravida et mattis vulputate, tristique ut lectus. Sed et lorem nunc. Vestibulum ante ipsum primis in faucibus orci luctus et ultrices posuere cubilia Curae; Aenean eleifend laoreet congue. Vivamus adipiscing nisl ut dolor dignissim semper. Nulla luctus malesuada tincidunt. Class aptent taciti sociosqu ad litora torquent per conubia nostra, per inceptos himenaeos. Integer enim purus, posuere at ultricies eu, placerat a felis. Suspendisse aliquet urna pretium eros convallis interdum. Quisque in arcu id dui vulputate mollis eget non arcu. Aenean et nulla purus. Mauris vel tellus non nunc mattis lobortis.', '', 'Proin Lectus Ipsum', '', ''),
(40, 1, 'Proin Lectus Ipsum', 'Nunc facilisis sagittis ullamcorper. Proin lectus ipsum, gravida et mattis vulputate, tristique ut lectus. Sed et lorem nunc. Vestibulum ante ipsum primis in faucibus orci luctus et ultrices posuere cubilia Curae; Aenean eleifend laoreet congue. Vivamus adipiscing nisl ut dolor dignissim semper. Nulla luctus malesuada tincidunt. Class aptent taciti sociosqu ad litora torquent per conubia nostra, per inceptos himenaeos. Integer enim purus, posuere at ultricies eu, placerat a felis. Suspendisse aliquet urna pretium eros convallis interdum. Quisque in arcu id dui vulputate mollis eget non arcu. Aenean et nulla purus. Mauris vel tellus non nunc mattis lobortis.Nunc facilisis sagittis ullamcorper. Proin lectus ipsum, gravida et mattis vulputate, tristique ut lectus. Sed et lorem nunc. Vestibulum ante ipsum primis in faucibus orci luctus et ultrices posuere cubilia Curae; Aenean eleifend laoreet congue. Vivamus adipiscing nisl ut dolor dignissim semper. Nulla luctus malesuada tincidunt. Class aptent taciti sociosqu ad litora torquent per conubia nostra, per inceptos himenaeos. Integer enim purus, posuere at ultricies eu, placerat a felis. Suspendisse aliquet urna pretium eros convallis interdum. Quisque in arcu id dui vulputate mollis eget non arcu. Aenean et nulla purus. Mauris vel tellus non nunc mattis lobortis.', '', 'Proin Lectus Ipsum', '', ''),
(41, 2, 'Quisque In Arcu', 'Nunc facilisis sagittis ullamcorper. Proin lectus ipsum, gravida et mattis vulputate, tristique ut lectus. Sed et lorem nunc. Vestibulum ante ipsum primis in faucibus orci luctus et ultrices posuere cubilia Curae; Aenean eleifend laoreet congue. Vivamus adipiscing nisl ut dolor dignissim semper. Nulla luctus malesuada tincidunt. Class aptent taciti sociosqu ad litora torquent per conubia nostra, per inceptos himenaeos. Integer enim purus, posuere at ultricies eu, placerat a felis. Suspendisse aliquet urna pretium eros convallis interdum. Quisque in arcu id dui vulputate mollis eget non arcu. Aenean et nulla purus. Mauris vel tellus non nunc mattis lobortis.Nunc facilisis sagittis ullamcorper. Proin lectus ipsum, gravida et mattis vulputate, tristique ut lectus. Sed et lorem nunc. Vestibulum ante ipsum primis in faucibus orci luctus et ultrices posuere cubilia Curae; Aenean eleifend laoreet congue. Vivamus adipiscing nisl ut dolor dignissim semper. Nulla luctus malesuada tincidunt. Class aptent taciti sociosqu ad litora torquent per conubia nostra, per inceptos himenaeos. Integer enim purus, posuere at ultricies eu, placerat a felis. Suspendisse aliquet urna pretium eros convallis interdum. Quisque in arcu id dui vulputate mollis eget non arcu. Aenean et nulla purus. Mauris vel tellus non nunc mattis lobortis.', '', 'Quisque In Arcu', '', ''),
(41, 1, 'Quisque In Arcu', 'Nunc facilisis sagittis ullamcorper. Proin lectus ipsum, gravida et mattis vulputate, tristique ut lectus. Sed et lorem nunc. Vestibulum ante ipsum primis in faucibus orci luctus et ultrices posuere cubilia Curae; Aenean eleifend laoreet congue. Vivamus adipiscing nisl ut dolor dignissim semper. Nulla luctus malesuada tincidunt. Class aptent taciti sociosqu ad litora torquent per conubia nostra, per inceptos himenaeos. Integer enim purus, posuere at ultricies eu, placerat a felis. Suspendisse aliquet urna pretium eros convallis interdum. Quisque in arcu id dui vulputate mollis eget non arcu. Aenean et nulla purus. Mauris vel tellus non nunc mattis lobortis.Nunc facilisis sagittis ullamcorper. Proin lectus ipsum, gravida et mattis vulputate, tristique ut lectus. Sed et lorem nunc. Vestibulum ante ipsum primis in faucibus orci luctus et ultrices posuere cubilia Curae; Aenean eleifend laoreet congue. Vivamus adipiscing nisl ut dolor dignissim semper. Nulla luctus malesuada tincidunt. Class aptent taciti sociosqu ad litora torquent per conubia nostra, per inceptos himenaeos. Integer enim purus, posuere at ultricies eu, placerat a felis. Suspendisse aliquet urna pretium eros convallis interdum. Quisque in arcu id dui vulputate mollis eget non arcu. Aenean et nulla purus. Mauris vel tellus non nunc mattis lobortis.', '', 'Quisque In Arcu', '', '');

-- --------------------------------------------------------

--
